000
CDUS44 KLCH 310833
CLIBPT


CLIMATE REPORT
NATIONAL WEATHER SERVICE LAKE CHARLES, LA
332 AM CDT TUE MAY 31 2016


...................................

...THE BEAUMONT PORT ARTHUR CLIMATE SUMMARY FOR MAY 30 2016...

CLIMATE NORMAL PERIOD 1981 TO 2010
CLIMATE RECORD PERIOD 1901 TO 2016


WEATHER ITEM   OBSERVED TIME   RECORD YEAR NORMAL DEPARTURE LAST
                VALUE   (LST)  VALUE       VALUE  FROM      YEAR
                                                  NORMAL
..................................................................
TEMPERATURE (F)
 YESTERDAY
  MAXIMUM         88    118 PM  99    1911  88      0       88
  MINIMUM         69    533 AM  55    1984  70     -1       71
  AVERAGE         79                        79      0       80

PRECIPITATION (IN)
  YESTERDAY        0.00          8.29 1914   0.17  -0.17     0.32
  MONTH TO DATE   10.29                      5.05   5.24     7.77
  SINCE MAR 1     23.53                     11.79  11.74    27.00
  SINCE JAN 1     29.49                     20.63   8.86    33.98

SNOWFALL (IN)
  YESTERDAY        0.0           0.0    MM   0.0    0.0      0.0
  MONTH TO DATE    0.0                       0.0    0.0      0.0
  SINCE MAR 1      0.0                       0.0    0.0       T
  SINCE JUL 1      0.0                       T      0.0       T
  SNOW DEPTH       0

DEGREE DAYS
 HEATING
  YESTERDAY        0                         0      0        0
  MONTH TO DATE    0                         0      0        0
  SINCE MAR 1     65                       187   -122      105
  SINCE JUL 1    889                      1400   -511     1362

 COOLING
  YESTERDAY       14                        14      0       15
  MONTH TO DATE  337                       326     11      393
  SINCE MAR 1    662                       527    135      704
  SINCE JAN 1    693                       553    140      712
..................................................................


WIND (MPH)
  HIGHEST WIND SPEED    18   HIGHEST WIND DIRECTION    SE (130)
  HIGHEST GUST SPEED    22   HIGHEST GUST DIRECTION    SE (140)
  AVERAGE WIND SPEED     4.0


SKY COVER
  POSSIBLE SUNSHINE  MM
  AVERAGE SKY COVER 0.1


WEATHER CONDITIONS
 THE FOLLOWING WEATHER WAS RECORDED YESTERDAY.
  FOG


RELATIVE HUMIDITY (PERCENT)
 HIGHEST    97           500 AM
 LOWEST     55          1200 PM
 AVERAGE    76

..........................................................


THE BEAUMONT PORT ARTHUR CLIMATE NORMALS FOR TODAY
                         NORMAL    RECORD    YEAR
 MAXIMUM TEMPERATURE (F)   88       100      1911
 MINIMUM TEMPERATURE (F)   70        53      1984


SUNRISE AND SUNSET
MAY 31 2016...........SUNRISE   616 AM CDT   SUNSET   812 PM CDT
JUNE  1 2016..........SUNRISE   615 AM CDT   SUNSET   813 PM CDT


-  INDICATES NEGATIVE NUMBERS.
R  INDICATES RECORD WAS SET OR TIED.
MM INDICATES DATA IS MISSING.
T  INDICATES TRACE AMOUNT.




$$
