000
CDUS44 KLCH 222215
CLIBPT


CLIMATE REPORT
NATIONAL WEATHER SERVICE LAKE CHARLES, LA
514 PM CDT WED MAR 22 2017


...................................

...THE BEAUMONT PORT ARTHUR CLIMATE SUMMARY FOR MARCH 22 2017...
VALID TODAY AS OF 0500 PM LOCAL TIME.

CLIMATE NORMAL PERIOD 1981 TO 2010
CLIMATE RECORD PERIOD 1901 TO 2017


WEATHER ITEM   OBSERVED TIME   RECORD YEAR NORMAL DEPARTURE LAST
                VALUE   (LST)  VALUE       VALUE  FROM      YEAR
                                                  NORMAL
..................................................................
TEMPERATURE (F)
 TODAY
  MAXIMUM         85    154 PM  90    1910  73     12       74
  MINIMUM         59    622 AM  32    1968  53      6       45
                                      1915
  AVERAGE         72                        63      9       60

PRECIPITATION (IN)
  TODAY            0.00          3.93 1929   0.12  -0.12     0.00
  MONTH TO DATE    1.35                      2.50  -1.15     4.12
  SINCE MAR 1      1.35                      2.50  -1.15     4.12
  SINCE JAN 1      3.40                     11.34  -7.94    10.08

SNOWFALL (IN)
  TODAY            0.0           1.4  1968   0.0    0.0      0.0
  MONTH TO DATE    0.0                       0.0    0.0      0.0
  SINCE MAR 1      0.0                       0.0    0.0      0.0
  SINCE JUL 1      0.0                       T      0.0      0.0
  SNOW DEPTH       0

DEGREE DAYS
 HEATING
  TODAY            0                         4     -4        5
  MONTH TO DATE   54                       119    -65       43
  SINCE MAR 1     54                       119    -65       43
  SINCE JUL 1    609                      1332   -723      867

 COOLING
  TODAY            7                         2      5        0
  MONTH TO DATE   85                        33     52       94
  SINCE MAR 1     85                        33     52       94
  SINCE JAN 1    279                        59    220      125
..................................................................


WIND (MPH)
  HIGHEST WIND SPEED    15   HIGHEST WIND DIRECTION     S (190)
  HIGHEST GUST SPEED    20   HIGHEST GUST DIRECTION     S (180)
  AVERAGE WIND SPEED     4.6


SKY COVER
  POSSIBLE SUNSHINE  MM
  AVERAGE SKY COVER 0.5


WEATHER CONDITIONS
 THE FOLLOWING WEATHER WAS RECORDED TODAY.
  FOG
  FOG W/VISIBILITY <= 1/4 MILE


RELATIVE HUMIDITY (PERCENT)
 HIGHEST   100           400 AM
 LOWEST     40           100 PM
 AVERAGE    70

..........................................................


THE BEAUMONT PORT ARTHUR CLIMATE NORMALS FOR TOMORROW
                         NORMAL    RECORD    YEAR
 MAXIMUM TEMPERATURE (F)   73        87      1910
                                             1906
 MINIMUM TEMPERATURE (F)   54        32      1968


SUNRISE AND SUNSET
MARCH 22 2017.........SUNRISE   717 AM CDT   SUNSET   729 PM CDT
MARCH 23 2017.........SUNRISE   716 AM CDT   SUNSET   730 PM CDT


-  INDICATES NEGATIVE NUMBERS.
R  INDICATES RECORD WAS SET OR TIED.
MM INDICATES DATA IS MISSING.
T  INDICATES TRACE AMOUNT.




$$
