000
CDUS44 KLCH 310911
CLIBPT


CLIMATE REPORT
NATIONAL WEATHER SERVICE LAKE CHARLES, LA
411 AM CDT FRI OCT 31 2014


...................................

...THE BEAUMONT PORT ARTHUR CLIMATE SUMMARY FOR OCTOBER 30 2014...

CLIMATE NORMAL PERIOD 1981 TO 2010
CLIMATE RECORD PERIOD 1901 TO 2014


WEATHER ITEM   OBSERVED TIME   RECORD YEAR NORMAL DEPARTURE LAST
                VALUE   (LST)  VALUE       VALUE  FROM      YEAR
                                                  NORMAL
..................................................................
TEMPERATURE (F)
 YESTERDAY
  MAXIMUM         79    324 PM  91    1915  77      2       81
  MINIMUM         55   1145 PM  34    1917  57     -2       72
  AVERAGE         67                        67      0       77

PRECIPITATION (IN)
  YESTERDAY        0.00          4.56 1979   0.16  -0.16     0.13
  MONTH TO DATE    2.19                      5.42  -3.23     4.52
  SINCE SEP 1      8.94                     11.39  -2.45    12.66
  SINCE JAN 1     44.34                     50.62  -6.28    47.87

SNOWFALL (IN)
  YESTERDAY        0.0           0.0    MM   0.0    0.0      0.0
  MONTH TO DATE    0.0                       0.0    0.0      0.0
  SINCE SEP 1      0.0                       0.0    0.0      0.0
  SINCE JUL 1      0.0                       0.0    0.0      0.0
  SNOW DEPTH       0

DEGREE DAYS
 HEATING
  YESTERDAY        0                         2     -2        0
  MONTH TO DATE    0                        28    -28        9
  SINCE SEP 1      0                        29    -29        9
  SINCE JUL 1      0                        29    -29        9

 COOLING
  YESTERDAY        2                         4     -2       12
  MONTH TO DATE  254                       201     53      216
  SINCE SEP 1    734                       620    114      750
  SINCE JAN 1   2877                      2787     90     2940
..................................................................


WIND (MPH)
  HIGHEST WIND SPEED    15   HIGHEST WIND DIRECTION    NE (60)
  HIGHEST GUST SPEED    17   HIGHEST GUST DIRECTION    NE (60)
  AVERAGE WIND SPEED     5.5


SKY COVER
  POSSIBLE SUNSHINE  MM
  AVERAGE SKY COVER 0.0


WEATHER CONDITIONS
 THE FOLLOWING WEATHER WAS RECORDED YESTERDAY.
  NO SIGNIFICANT WEATHER WAS OBSERVED.


RELATIVE HUMIDITY (PERCENT)
 HIGHEST    93          1100 PM
 LOWEST     35           300 PM
 AVERAGE    64

..........................................................


THE BEAUMONT PORT ARTHUR CLIMATE NORMALS FOR TODAY
                         NORMAL    RECORD    YEAR
 MAXIMUM TEMPERATURE (F)   77        88      1937
                                             1924
                                             1919
 MINIMUM TEMPERATURE (F)   56        30      1993


SUNRISE AND SUNSET
OCTOBER 31 2014.......SUNRISE   729 AM CDT   SUNSET   630 PM CDT
NOVEMBER  1 2014......SUNRISE   730 AM CDT   SUNSET   629 PM CDT


-  INDICATES NEGATIVE NUMBERS.
R  INDICATES RECORD WAS SET OR TIED.
MM INDICATES DATA IS MISSING.
T  INDICATES TRACE AMOUNT.




$$
