000
CDUS44 KLCH 192207
CLIBPT


CLIMATE REPORT
NATIONAL WEATHER SERVICE LAKE CHARLES, LA
507 PM CDT THU OCT 19 2017


...................................

...THE BEAUMONT PORT ARTHUR CLIMATE SUMMARY FOR OCTOBER 19 2017...
VALID TODAY AS OF 0500 PM LOCAL TIME.

CLIMATE NORMAL PERIOD 1981 TO 2010
CLIMATE RECORD PERIOD 1901 TO 2017


WEATHER ITEM   OBSERVED TIME   RECORD YEAR NORMAL DEPARTURE LAST
                VALUE   (LST)  VALUE       VALUE  FROM      YEAR
                                                  NORMAL
..................................................................
TEMPERATURE (F)
 TODAY
  MAXIMUM         83    114 PM  95    1905  80      3       90
  MINIMUM         60    207 AM  35    1989  60      0       70
                                      1948
  AVERAGE         72                        70      2       80

PRECIPITATION (IN)
  TODAY            0.00          1.25 1984   0.21  -0.21     0.00
  MONTH TO DATE    2.50                      3.44  -0.94     0.31
  SINCE SEP 1      5.07                      9.41  -4.34     4.31
  SINCE JAN 1     94.67                     48.64  46.03    61.83

SNOWFALL (IN)
  TODAY            0.0           0.0    MM   0.0    0.0      0.0
  MONTH TO DATE    0.0                       0.0    0.0      0.0
  SINCE SEP 1      0.0                       0.0    0.0      0.0
  SINCE JUL 1      0.0                       0.0    0.0      0.0
  SNOW DEPTH       0

DEGREE DAYS
 HEATING
  TODAY            0                         1     -1        0
  MONTH TO DATE    1                         9     -8        0
  SINCE SEP 1      1                        10     -9        0
  SINCE JUL 1      1                        10     -9        0

 COOLING
  TODAY            7                         6      1       15
  MONTH TO DATE  234                       147     87      233
  SINCE SEP 1    670                       566    104      768
  SINCE JAN 1   2963                      2733    230     3221
..................................................................


WIND (MPH)
  HIGHEST WIND SPEED    16   HIGHEST WIND DIRECTION     E (110)
  HIGHEST GUST SPEED    22   HIGHEST GUST DIRECTION     E (70)
  AVERAGE WIND SPEED     6.8


SKY COVER
  POSSIBLE SUNSHINE  MM
  AVERAGE SKY COVER 0.1


WEATHER CONDITIONS
 THE FOLLOWING WEATHER WAS RECORDED TODAY.
  FOG


RELATIVE HUMIDITY (PERCENT)
 HIGHEST   100           100 AM
 LOWEST     40           200 PM
 AVERAGE    70

..........................................................


THE BEAUMONT PORT ARTHUR CLIMATE NORMALS FOR TOMORROW
                         NORMAL    RECORD    YEAR
 MAXIMUM TEMPERATURE (F)   80        92      1927
 MINIMUM TEMPERATURE (F)   59        32      1989


SUNRISE AND SUNSET
OCTOBER 19 2017.......SUNRISE   721 AM CDT   SUNSET   641 PM CDT
OCTOBER 20 2017.......SUNRISE   721 AM CDT   SUNSET   640 PM CDT


-  INDICATES NEGATIVE NUMBERS.
R  INDICATES RECORD WAS SET OR TIED.
MM INDICATES DATA IS MISSING.
T  INDICATES TRACE AMOUNT.




$$
