000
CDUS43 KDVN 302122
CLIBRL


CLIMATE REPORT
NATIONAL WEATHER SERVICE QUAD CITIES IA IL
421 PM CDT SUN APR 30 2017


...................................

...THE BURLINGTON IA CLIMATE SUMMARY FOR APRIL 30 2017...
VALID TODAY AS OF 0400 PM LOCAL TIME.

CLIMATE NORMAL PERIOD 1981 TO 2010
CLIMATE RECORD PERIOD 1897 TO 2017


WEATHER ITEM   OBSERVED TIME   RECORD YEAR NORMAL DEPARTURE LAST
                VALUE   (LST)  VALUE       VALUE  FROM      YEAR
                                                  NORMAL
..................................................................
TEMPERATURE (F)
 TODAY
  MAXIMUM         49    259 PM  89    2007  70    -21       57
  MINIMUM         42   1217 AM  30    1908  48     -6       46
  AVERAGE         46                        59    -13       52

PRECIPITATION (IN)
  TODAY            0.07         MM      MM   0.15  -0.08     0.75
  MONTH TO DATE    5.71                      3.76   1.95     3.26
  SINCE MAR 1      8.69                      6.55   2.14     6.47
  SINCE JAN 1     10.55                      9.41   1.14     7.85

DEGREE DAYS
 HEATING
  TODAY           19                         7     12       13
  MONTH TO DATE  290                       357    -67      374
  SINCE MAR 1    981                      1084   -103      956
  SINCE JUL 1   4675                      5462   -787     4838

 COOLING
  TODAY            0                         1     -1        0
  MONTH TO DATE   20                        18      2       17
  SINCE MAR 1     20                        20      0       18
  SINCE JAN 1     20                        20      0       18
..................................................................


WIND (MPH)
  HIGHEST WIND SPEED    29   HIGHEST WIND DIRECTION     E (70)
  HIGHEST GUST SPEED    37   HIGHEST GUST DIRECTION    NE (60)
  AVERAGE WIND SPEED    14.5


SKY COVER
  POSSIBLE SUNSHINE  MM
  AVERAGE SKY COVER 1.0


WEATHER CONDITIONS
 THE FOLLOWING WEATHER WAS RECORDED TODAY.
  LIGHT RAIN
  FOG


RELATIVE HUMIDITY (PERCENT)
 HIGHEST   100          1200 AM
 LOWEST    100          1200 AM
 AVERAGE   100

..........................................................


THE BURLINGTON IA CLIMATE NORMALS FOR TOMORROW
                         NORMAL    RECORD    YEAR
 MAXIMUM TEMPERATURE (F)   70        88      1952
                                             1901
 MINIMUM TEMPERATURE (F)   48        31      1909
                                             1903


SUNRISE AND SUNSET
APRIL 30 2017.........SUNRISE   604 AM CDT   SUNSET   800 PM CDT
MAY  1 2017...........SUNRISE   603 AM CDT   SUNSET   801 PM CDT


-  INDICATES NEGATIVE NUMBERS.
R  INDICATES RECORD WAS SET OR TIED.
MM INDICATES DATA IS MISSING.
T  INDICATES TRACE AMOUNT.




$$
