000
CDUS43 KDVN 270917
CLIBRL


CLIMATE REPORT
NATIONAL WEATHER SERVICE QUAD CITIES IA IL
417 AM CDT TUE JUN 27 2017


...................................

...THE BURLINGTON IA CLIMATE SUMMARY FOR JUNE 26 2017...

CLIMATE NORMAL PERIOD 1981 TO 2010
CLIMATE RECORD PERIOD 1897 TO 2017


WEATHER ITEM   OBSERVED TIME   RECORD YEAR NORMAL DEPARTURE LAST
                VALUE   (LST)  VALUE       VALUE  FROM      YEAR
                                                  NORMAL
..................................................................
TEMPERATURE (F)
 YESTERDAY
  MAXIMUM         74    420 PM 103    1934  86    -12       91
  MINIMUM         48R   420 AM  50    1926  66    -18       64
  AVERAGE         61                        76    -15       78

PRECIPITATION (IN)
  YESTERDAY        0.06         MM      MM   0.15  -0.09     0.00
  MONTH TO DATE    0.93                      3.92  -2.99     0.53
  SINCE JUN 1      0.93                      3.92  -2.99     0.53
  SINCE JAN 1     15.08                     18.18  -3.10    11.38

DEGREE DAYS
 HEATING
  YESTERDAY        4                         0      4        0
  MONTH TO DATE    5                         9     -4        0
  SINCE JUN 1      5                         9     -4        0
  SINCE JUL 1   4812                      5596   -784     4996

 COOLING
  YESTERDAY        0                        11    -11       13
  MONTH TO DATE  242                       214     28      286
  SINCE JUN 1    242                       214     28      286
  SINCE JAN 1    318                       317      1      385
..................................................................


WIND (MPH)
  HIGHEST WIND SPEED    18   HIGHEST WIND DIRECTION     N (340)
  HIGHEST GUST SPEED    24   HIGHEST GUST DIRECTION     W (260)
  AVERAGE WIND SPEED     6.8


SKY COVER
  POSSIBLE SUNSHINE  MM
  AVERAGE SKY COVER 0.1


WEATHER CONDITIONS
 THE FOLLOWING WEATHER WAS RECORDED YESTERDAY.
  THUNDERSTORM
  RAIN
  LIGHT RAIN
  FOG


RELATIVE HUMIDITY (PERCENT)
 HIGHEST    93           800 PM
 LOWEST     46           400 PM
 AVERAGE    70

..........................................................


THE BURLINGTON IA CLIMATE NORMALS FOR TODAY
                         NORMAL    RECORD    YEAR
 MAXIMUM TEMPERATURE (F)   86       105      1934
 MINIMUM TEMPERATURE (F)   66        48      1968


SUNRISE AND SUNSET
JUNE 27 2017..........SUNRISE   535 AM CDT   SUNSET   840 PM CDT
JUNE 28 2017..........SUNRISE   536 AM CDT   SUNSET   840 PM CDT


-  INDICATES NEGATIVE NUMBERS.
R  INDICATES RECORD WAS SET OR TIED.
MM INDICATES DATA IS MISSING.
T  INDICATES TRACE AMOUNT.




$$
