000
CDUS43 KDVN 162121
CLIBRL


CLIMATE REPORT
NATIONAL WEATHER SERVICE QUAD CITIES IA IL
421 PM CDT MON OCT 16 2017


...................................

...THE BURLINGTON IA CLIMATE SUMMARY FOR OCTOBER 16 2017...
VALID TODAY AS OF 0400 PM LOCAL TIME.

CLIMATE NORMAL PERIOD 1981 TO 2010
CLIMATE RECORD PERIOD 1897 TO 2017


WEATHER ITEM   OBSERVED TIME   RECORD YEAR NORMAL DEPARTURE LAST
                VALUE   (LST)  VALUE       VALUE  FROM      YEAR
                                                  NORMAL
..................................................................
TEMPERATURE (F)
 TODAY
  MAXIMUM         67    259 PM  91    1910  66      1       81
  MINIMUM         39    614 AM  28    1943  45     -6       66
  AVERAGE         53                        55     -2       74

PRECIPITATION (IN)
  TODAY            0.00         MM      MM   0.10  -0.10     0.00
  MONTH TO DATE    4.50                      1.68   2.82     2.11
  SINCE SEP 1      4.63                      5.20  -0.57     5.34
  SINCE JAN 1     29.96                     32.45  -2.49    29.59

DEGREE DAYS
 HEATING
  TODAY           12                        10      2        0
  MONTH TO DATE   53                       129    -76       78
  SINCE SEP 1     93                       196   -103      102
  SINCE JUL 1     93                       200   -107      108

 COOLING
  TODAY            0                         1     -1        9
  MONTH TO DATE   35                        19     16       25
  SINCE SEP 1    188                       158     30      221
  SINCE JAN 1   1062                      1201   -139     1254
..................................................................


WIND (MPH)
  HIGHEST WIND SPEED    14   HIGHEST WIND DIRECTION     W (250)
  HIGHEST GUST SPEED    21   HIGHEST GUST DIRECTION    SW (240)
  AVERAGE WIND SPEED     5.2


SKY COVER
  POSSIBLE SUNSHINE  MM
  AVERAGE SKY COVER 0.0


WEATHER CONDITIONS
 THE FOLLOWING WEATHER WAS RECORDED TODAY.
  FOG


RELATIVE HUMIDITY (PERCENT)
 HIGHEST   100          1200 AM
 LOWEST     32           200 PM
 AVERAGE    66

..........................................................


THE BURLINGTON IA CLIMATE NORMALS FOR TOMORROW
                         NORMAL    RECORD    YEAR
 MAXIMUM TEMPERATURE (F)   66        89      2016
 MINIMUM TEMPERATURE (F)   44        25      1943


SUNRISE AND SUNSET
OCTOBER 16 2017.......SUNRISE   717 AM CDT   SUNSET   622 PM CDT
OCTOBER 17 2017.......SUNRISE   718 AM CDT   SUNSET   621 PM CDT


-  INDICATES NEGATIVE NUMBERS.
R  INDICATES RECORD WAS SET OR TIED.
MM INDICATES DATA IS MISSING.
T  INDICATES TRACE AMOUNT.




$$
