000
CDUS43 KDVN 021005
CLIBRL


CLIMATE REPORT
NATIONAL WEATHER SERVICE QUAD CITIES IA IL
403 AM CST MON MAR 2 2015


...................................

...THE BURLINGTON IA CLIMATE SUMMARY FOR MARCH 1 2015...

CLIMATE NORMAL PERIOD 1981 TO 2010
CLIMATE RECORD PERIOD 1897 TO 2015


WEATHER ITEM   OBSERVED TIME   RECORD YEAR NORMAL DEPARTURE LAST
                VALUE   (LST)  VALUE       VALUE  FROM      YEAR
                                                  NORMAL
..................................................................
TEMPERATURE (F)
 YESTERDAY
  MAXIMUM         28    427 PM  75    1992  44    -16       35
  MINIMUM         13   1157 PM -11    1962  26    -13        6
  AVERAGE         21                        35    -14       21

PRECIPITATION (IN)
  YESTERDAY        0.08         MM      MM   0.09  -0.01     0.05
  MONTH TO DATE    0.08                      0.09  -0.01     0.05
  SINCE MAR 1      0.08                      0.09  -0.01     0.05
  SINCE JAN 1      2.50                      2.95  -0.45     4.42

DEGREE DAYS
 HEATING
  YESTERDAY       44                        30     14       44
  MONTH TO DATE   44                        30     14       44
  SINCE MAR 1     44                        30     14       44
  SINCE JUL 1   4975                      4408    567     5367

 COOLING
  YESTERDAY        0                         0      0        0
  MONTH TO DATE    0                         0      0        0
  SINCE MAR 1      0                         0      0        0
  SINCE JAN 1      0                         0      0        0
..................................................................


WIND (MPH)
  HIGHEST WIND SPEED     9   HIGHEST WIND DIRECTION    NW (310)
  HIGHEST GUST SPEED    13   HIGHEST GUST DIRECTION    NW (320)
  AVERAGE WIND SPEED     3.3


SKY COVER
  POSSIBLE SUNSHINE  MM
  AVERAGE SKY COVER 0.7


WEATHER CONDITIONS
 THE FOLLOWING WEATHER WAS RECORDED YESTERDAY.
  HEAVY SNOW
  SNOW
  LIGHT SNOW
  FOG
  FOG W/VISIBILITY <= 1/4 MILE
  HAZE


RELATIVE HUMIDITY (PERCENT)
 HIGHEST    92           800 AM
 LOWEST     68           100 PM
 AVERAGE    80

..........................................................


THE BURLINGTON IA CLIMATE NORMALS FOR TODAY
                         NORMAL    RECORD    YEAR
 MAXIMUM TEMPERATURE (F)   44        73      1992
 MINIMUM TEMPERATURE (F)   27        -4      2014
                                             1913


SUNRISE AND SUNSET
MARCH  2 2015.........SUNRISE   637 AM CST   SUNSET   557 PM CST
MARCH  3 2015.........SUNRISE   636 AM CST   SUNSET   558 PM CST


-  INDICATES NEGATIVE NUMBERS.
R  INDICATES RECORD WAS SET OR TIED.
MM INDICATES DATA IS MISSING.
T  INDICATES TRACE AMOUNT.




$$
