000
CDUS43 KDVN 270916
CLIBRL


CLIMATE REPORT
NATIONAL WEATHER SERVICE QUAD CITIES IA IL
415 AM CDT MON MAR 27 2017


...................................

...THE BURLINGTON IA CLIMATE SUMMARY FOR MARCH 26 2017...

CLIMATE NORMAL PERIOD 1981 TO 2010
CLIMATE RECORD PERIOD 1897 TO 2017


WEATHER ITEM   OBSERVED TIME   RECORD YEAR NORMAL DEPARTURE LAST
                VALUE   (LST)  VALUE       VALUE  FROM      YEAR
                                                  NORMAL
..................................................................
TEMPERATURE (F)
 YESTERDAY
  MAXIMUM         57   1240 AM  84    1991  57      0       55
  MINIMUM         47   1159 PM   3    1955  35     12       37
  AVERAGE         52                        46      6       46

PRECIPITATION (IN)
  YESTERDAY        0.03         MM      MM   0.09  -0.06     0.00
  MONTH TO DATE    1.46                      2.29  -0.83     2.37
  SINCE MAR 1      1.46                      2.29  -0.83     2.37
  SINCE JAN 1      3.32                      5.15  -1.83     3.75

DEGREE DAYS
 HEATING
  YESTERDAY       13                        19     -6       19
  MONTH TO DATE  597                       639    -42      503
  SINCE MAR 1    597                       639    -42      503
  SINCE JUL 1   4291                      5017   -726     4385

 COOLING
  YESTERDAY        0                         0      0        0
  MONTH TO DATE    0                         0      0        1
  SINCE MAR 1      0                         0      0        1
  SINCE JAN 1      0                         0      0        1
..................................................................


WIND (MPH)
  HIGHEST WIND SPEED    16   HIGHEST WIND DIRECTION     W (250)
  HIGHEST GUST SPEED    20   HIGHEST GUST DIRECTION    SW (220)
  AVERAGE WIND SPEED     7.7


SKY COVER
  POSSIBLE SUNSHINE  MM
  AVERAGE SKY COVER 1.0


WEATHER CONDITIONS
 THE FOLLOWING WEATHER WAS RECORDED YESTERDAY.
  LIGHT RAIN
  FOG


RELATIVE HUMIDITY (PERCENT)
 HIGHEST   100           300 AM
 LOWEST     86           300 PM
 AVERAGE    93

..........................................................


THE BURLINGTON IA CLIMATE NORMALS FOR TODAY
                         NORMAL    RECORD    YEAR
 MAXIMUM TEMPERATURE (F)   57        84      1910
 MINIMUM TEMPERATURE (F)   36        15      1964


SUNRISE AND SUNSET
MARCH 27 2017.........SUNRISE   656 AM CDT   SUNSET   724 PM CDT
MARCH 28 2017.........SUNRISE   654 AM CDT   SUNSET   725 PM CDT


-  INDICATES NEGATIVE NUMBERS.
R  INDICATES RECORD WAS SET OR TIED.
MM INDICATES DATA IS MISSING.
T  INDICATES TRACE AMOUNT.




$$
