000
CDUS44 KBRO 040627
CLIBRO


CLIMATE REPORT
NATIONAL WEATHER SERVICE BROWNSVILLE TX
126 AM CDT FRI SEP 4 2015


...................................

...THE BROWNSVILLE CLIMATE SUMMARY FOR SEPTEMBER 3 2015...

CLIMATE NORMAL PERIOD 1981 TO 2010
CLIMATE RECORD PERIOD 1878 TO 2015


WEATHER ITEM   OBSERVED TIME   RECORD YEAR NORMAL DEPARTURE LAST
                VALUE   (LST)  VALUE       VALUE  FROM      YEAR
                                                  NORMAL
..................................................................
TEMPERATURE (F)
 YESTERDAY
  MAXIMUM         92    259 PM 102    2011  93     -1       85
  MINIMUM         75    640 AM  63    1915  75      0       75
  AVERAGE         84                        84      0       80

PRECIPITATION (IN)
  YESTERDAY        0.26          3.91 1932   0.16   0.10     2.17
  MONTH TO DATE    0.44                      0.47  -0.03     2.32
  SINCE SEP 1      0.44                      0.47  -0.03     2.32
  SINCE JAN 1     27.08                     15.28  11.80    11.84

DEGREE DAYS
 HEATING
  YESTERDAY        0                         0      0        0
  MONTH TO DATE    0                         0      0        0
  SINCE SEP 1      0                         0      0        0
  SINCE JUL 1      0                         0      0        0

 COOLING
  YESTERDAY       19                        19      0       15
  MONTH TO DATE   54                        57     -3       58
  SINCE SEP 1     54                        57     -3       58
  SINCE JAN 1   2518                      2964   -446     2878
..................................................................


WIND (MPH)
  HIGHEST WIND SPEED    18   HIGHEST WIND DIRECTION    SE (130)
  HIGHEST GUST SPEED    24   HIGHEST GUST DIRECTION    SE (140)
  AVERAGE WIND SPEED     6.7


SKY COVER
  POSSIBLE SUNSHINE  MM
  AVERAGE SKY COVER 0.2


WEATHER CONDITIONS
 THE FOLLOWING WEATHER WAS RECORDED YESTERDAY.
  HEAVY RAIN
  LIGHT RAIN
  FOG


RELATIVE HUMIDITY (PERCENT)
 HIGHEST    94           200 AM
 LOWEST     56           300 PM
 AVERAGE    75

..........................................................


THE BROWNSVILLE CLIMATE NORMALS FOR TODAY
                         NORMAL    RECORD    YEAR
 MAXIMUM TEMPERATURE (F)   93       103      2011
                                             2000
 MINIMUM TEMPERATURE (F)   75        66      1987
                                             1915


SUNRISE AND SUNSET
SEPTEMBER  4 2015.....SUNRISE   711 AM CDT   SUNSET   746 PM CDT
SEPTEMBER  5 2015.....SUNRISE   711 AM CDT   SUNSET   745 PM CDT


-  INDICATES NEGATIVE NUMBERS.
R  INDICATES RECORD WAS SET OR TIED.
MM INDICATES DATA IS MISSING.
T  INDICATES TRACE AMOUNT.

$$
