000
CDUS44 KBRO 230732
CLIBRO


CLIMATE REPORT
NATIONAL WEATHER SERVICE BROWNSVILLE TX
132 AM CST THU FEB 23 2017


...................................

...THE BROWNSVILLE CLIMATE SUMMARY FOR FEBRUARY 22 2017...

CLIMATE NORMAL PERIOD 1981 TO 2010
CLIMATE RECORD PERIOD 1878 TO 2017


WEATHER ITEM   OBSERVED TIME   RECORD YEAR NORMAL DEPARTURE LAST
                VALUE   (LST)  VALUE       VALUE  FROM      YEAR
                                                  NORMAL
..................................................................
TEMPERATURE (F)
 YESTERDAY
  MAXIMUM         92R   356 PM  87    1909  75     17       81
  MINIMUM         49    533 AM  27    1894  56     -7       64
  AVERAGE         71                        65      6       73

PRECIPITATION (IN)
  YESTERDAY        0.00          2.68 1958   0.02  -0.02      T
  MONTH TO DATE    1.35                      0.88   0.47      T
  SINCE DEC 1      3.20                      3.30  -0.10     2.04
  SINCE JAN 1      1.53                      2.15  -0.62     1.88

SNOWFALL (IN)
  YESTERDAY        0.0           0.0  2002   0.0
                                      2000
  MONTH TO DATE    0.0                       0.0
  SINCE DEC 1      0.0                       0.0
  SINCE JUL 1      0.0                       0.0

DEGREE DAYS
 HEATING
  YESTERDAY        0                         3     -3        0
  MONTH TO DATE    9                        89    -80       55
  SINCE DEC 1    191                       434   -243      320
  SINCE JUL 1    199                       488   -289      342

 COOLING
  YESTERDAY        6                         3      3        8
  MONTH TO DATE  178                        61    117       64
  SINCE DEC 1    495                       200    295      219
  SINCE JAN 1    319                       120    199       85
..................................................................


WIND (MPH)
  HIGHEST WIND SPEED    16   HIGHEST WIND DIRECTION    SE (120)
  HIGHEST GUST SPEED    20   HIGHEST GUST DIRECTION     W (280)
  AVERAGE WIND SPEED     4.1


SKY COVER
  POSSIBLE SUNSHINE  MM
  AVERAGE SKY COVER 0.0


WEATHER CONDITIONS
 THE FOLLOWING WEATHER WAS RECORDED YESTERDAY.
  FOG


RELATIVE HUMIDITY (PERCENT)
 HIGHEST   100           400 AM
 LOWEST     17           200 PM
 AVERAGE    59

..........................................................


THE BROWNSVILLE CLIMATE NORMALS FOR TODAY
                         NORMAL    RECORD    YEAR
 MAXIMUM TEMPERATURE (F)   75        92      2016
                                             1917
 MINIMUM TEMPERATURE (F)   56        25      1901


SUNRISE AND SUNSET
FEBRUARY 23 2017......SUNRISE   658 AM CST   SUNSET   628 PM CST
FEBRUARY 24 2017......SUNRISE   657 AM CST   SUNSET   629 PM CST


-  INDICATES NEGATIVE NUMBERS.
R  INDICATES RECORD WAS SET OR TIED.
MM INDICATES DATA IS MISSING.
T  INDICATES TRACE AMOUNT.




$$
