000
CDUS44 KBRO 290646
CLIBRO


CLIMATE REPORT
NATIONAL WEATHER SERVICE BROWNSVILLE TX
146 AM CDT WED JUL 29 2015


...................................

...THE BROWNSVILLE CLIMATE SUMMARY FOR JULY 28 2015...

CLIMATE NORMAL PERIOD 1981 TO 2010
CLIMATE RECORD PERIOD 1878 TO 2015


WEATHER ITEM   OBSERVED TIME   RECORD YEAR NORMAL DEPARTURE LAST
                VALUE   (LST)  VALUE       VALUE  FROM      YEAR
                                                  NORMAL
..................................................................
TEMPERATURE (F)
 YESTERDAY
  MAXIMUM         95    130 PM  99    1960  94      1       96
                                      1954
  MINIMUM         78    554 AM  70    1904  76      2       78
  AVERAGE         87                        85      2       87

PRECIPITATION (IN)
  YESTERDAY        0.00          0.70 1901   0.06  -0.06     0.00
  MONTH TO DATE    2.36                      1.87   0.49     1.64
  SINCE JUN 1      3.12                      4.44  -1.32     2.28
  SINCE JAN 1     23.61                     12.20  11.41     7.61

SNOWFALL (IN)
  YESTERDAY        0.0           0.0  2002   0.0
                                      2001
  MONTH TO DATE    0.0                       0.0
  SINCE JUN 1      0.0                       0.0
  SINCE JUL 1      0.0                       0.0

DEGREE DAYS
 HEATING
  YESTERDAY        0                         0      0        0
  MONTH TO DATE    0                         0      0        0
  SINCE JUN 1      0                         0      0        0
  SINCE JUL 1      0                         0      0        0

 COOLING
  YESTERDAY       22                        20      2       22
  MONTH TO DATE  209                       560   -351      559
  SINCE JUN 1    782                      1127   -345     1156
  SINCE JAN 1   1844                      2220   -376     2078
..................................................................


WIND (MPH)
  HIGHEST WIND SPEED    26   HIGHEST WIND DIRECTION     S (160)
  HIGHEST GUST SPEED    32   HIGHEST GUST DIRECTION    SE (150)
  AVERAGE WIND SPEED    14.3


SKY COVER
  POSSIBLE SUNSHINE  MM
  AVERAGE SKY COVER 0.1


WEATHER CONDITIONS
 THE FOLLOWING WEATHER WAS RECORDED YESTERDAY.
  FOG


RELATIVE HUMIDITY (PERCENT)
 HIGHEST    97           400 AM
 LOWEST     52          1200 PM
 AVERAGE    75

..........................................................


THE BROWNSVILLE CLIMATE NORMALS FOR TODAY
                         NORMAL    RECORD    YEAR
 MAXIMUM TEMPERATURE (F)   95       104      2003
 MINIMUM TEMPERATURE (F)   76        70      1965
                                             1913


SUNRISE AND SUNSET
JULY 29 2015..........SUNRISE   654 AM CDT   SUNSET   818 PM CDT
JULY 30 2015..........SUNRISE   655 AM CDT   SUNSET   817 PM CDT


-  INDICATES NEGATIVE NUMBERS.
R  INDICATES RECORD WAS SET OR TIED.
MM INDICATES DATA IS MISSING.
T  INDICATES TRACE AMOUNT.




$$
