000
CDUS44 KBRO 252133
CLIBRO


CLIMATE REPORT
NATIONAL WEATHER SERVICE BROWNSVILLE TX
432 PM CDT TUE APR 25 2017


...................................

...THE BROWNSVILLE CLIMATE SUMMARY FOR APRIL 25 2017...
VALID TODAY AS OF 0400 PM LOCAL TIME.

CLIMATE NORMAL PERIOD 1981 TO 2010
CLIMATE RECORD PERIOD 1878 TO 2017


WEATHER ITEM   OBSERVED TIME   RECORD YEAR NORMAL DEPARTURE LAST
                VALUE   (LST)  VALUE       VALUE  FROM      YEAR
                                                  NORMAL
..................................................................
TEMPERATURE (F)
 TODAY
  MAXIMUM         91    213 PM  98    2003  85      6       86
                                      1945
  MINIMUM         74   1200 AM  53    1983  68      6       74
                                      1913
  AVERAGE         83                        76      7       80

PRECIPITATION (IN)
  TODAY            0.00          1.57 1879   0.05  -0.05     0.00
  MONTH TO DATE    0.63                      1.29  -0.66     3.23
  SINCE MAR 1      2.47                      2.52  -0.05     5.90
  SINCE JAN 1      4.01                      4.87  -0.86     7.78

SNOWFALL (IN)
  TODAY            0.0           0.0  2002   0.0
                                      2001
  MONTH TO DATE    0.0                       0.0
  SINCE MAR 1      0.0                       0.0
  SINCE JUL 1      0.0                       0.0

DEGREE DAYS
 HEATING
  TODAY            0                         0      0        0
  MONTH TO DATE    0                         6     -6        1
  SINCE MAR 1      2                        49    -47       14
  SINCE JUL 1    201                       552   -351      374

 COOLING
  TODAY           18                        12      6       15
  MONTH TO DATE  322                       241     81      239
  SINCE MAR 1    616                       415    201      482
  SINCE JAN 1   1003                       556    447      590
..................................................................


WIND (MPH)
  HIGHEST WIND SPEED    31   HIGHEST WIND DIRECTION     S (170)
  HIGHEST GUST SPEED    38   HIGHEST GUST DIRECTION     S (160)
  AVERAGE WIND SPEED    18.4


SKY COVER
  POSSIBLE SUNSHINE  MM
  AVERAGE SKY COVER 0.8


WEATHER CONDITIONS
 THE FOLLOWING WEATHER WAS RECORDED TODAY.
  NO SIGNIFICANT WEATHER WAS OBSERVED.


RELATIVE HUMIDITY (PERCENT)
 HIGHEST    82           600 AM
 LOWEST     56          1200 PM
 AVERAGE    69

..........................................................


THE BROWNSVILLE CLIMATE NORMALS FOR TOMORROW
                         NORMAL    RECORD    YEAR
 MAXIMUM TEMPERATURE (F)   85        98      1964
 MINIMUM TEMPERATURE (F)   68        43      1881


SUNRISE AND SUNSET
APRIL 25 2017.........SUNRISE   657 AM CDT   SUNSET   758 PM CDT
APRIL 26 2017.........SUNRISE   657 AM CDT   SUNSET   759 PM CDT


-  INDICATES NEGATIVE NUMBERS.
R  INDICATES RECORD WAS SET OR TIED.
MM INDICATES DATA IS MISSING.
T  INDICATES TRACE AMOUNT.




$$
