000
CDUS44 KBRO 192236
CLIBRO


CLIMATE REPORT
NATIONAL WEATHER SERVICE BROWNSVILLE TX
435 PM CST THU JAN 19 2017


...................................

...THE BROWNSVILLE CLIMATE SUMMARY FOR JANUARY 19 2017...
VALID TODAY AS OF 0400 PM LOCAL TIME.

CLIMATE NORMAL PERIOD 1981 TO 2010
CLIMATE RECORD PERIOD 1878 TO 2017


WEATHER ITEM   OBSERVED TIME   RECORD YEAR NORMAL DEPARTURE LAST
                VALUE   (LST)  VALUE       VALUE  FROM      YEAR
                                                  NORMAL
..................................................................
TEMPERATURE (F)
 TODAY
  MAXIMUM         69    424 PM  84    2009  71     -2       73
                                      1990
                                      1922
  MINIMUM         61    903 AM  26    1940  52      9       50
  AVERAGE         65                        61      4       62

PRECIPITATION (IN)
  TODAY            0.02          1.00 1968   0.04  -0.02     0.00
  MONTH TO DATE    0.04                      0.71  -0.67     1.81
  SINCE DEC 1      1.71                      1.86  -0.15     1.97
  SINCE JAN 1      0.04                      0.71  -0.67     1.81

SNOWFALL (IN)
  TODAY            0.0           0.0  2002   0.0
                                      1998
                                      2000
  MONTH TO DATE    0.0                       0.0
  SINCE DEC 1      0.0                       0.0
  SINCE JUL 1      0.0                       0.0

DEGREE DAYS
 HEATING
  TODAY            0                         6     -6        3
  MONTH TO DATE   57                       114    -57      144
  SINCE DEC 1    147                       279   -132      204
  SINCE JUL 1    155                       333   -178      226

 COOLING
  TODAY            0                         2     -2        0
  MONTH TO DATE  102                        38     64        7
  SINCE DEC 1    278                       118    160      141
  SINCE JAN 1    102                        38     64        7
..................................................................


WIND (MPH)
  HIGHEST WIND SPEED    22   HIGHEST WIND DIRECTION     E (100)
  HIGHEST GUST SPEED    26   HIGHEST GUST DIRECTION     E (100)
  AVERAGE WIND SPEED     5.7


SKY COVER
  POSSIBLE SUNSHINE  MM
  AVERAGE SKY COVER 0.8


WEATHER CONDITIONS
 THE FOLLOWING WEATHER WAS RECORDED TODAY.
  THUNDERSTORM
  LIGHT RAIN
  FOG


RELATIVE HUMIDITY (PERCENT)
 HIGHEST   100           900 AM
 LOWEST     81           400 PM
 AVERAGE    91

..........................................................


THE BROWNSVILLE CLIMATE NORMALS FOR TOMORROW
                         NORMAL    RECORD    YEAR
 MAXIMUM TEMPERATURE (F)   71        87      1953
 MINIMUM TEMPERATURE (F)   52        27      1883


SUNRISE AND SUNSET
JANUARY 19 2017.......SUNRISE   718 AM CST   SUNSET   604 PM CST
JANUARY 20 2017.......SUNRISE   718 AM CST   SUNSET   604 PM CST


-  INDICATES NEGATIVE NUMBERS.
R  INDICATES RECORD WAS SET OR TIED.
MM INDICATES DATA IS MISSING.
T  INDICATES TRACE AMOUNT.




$$
