000
CDUS44 KBRO 232129
CLIBRO


CLIMATE REPORT
NATIONAL WEATHER SERVICE BROWNSVILLE TX
428 PM CDT FRI JUN 23 2017


...................................

...THE BROWNSVILLE CLIMATE SUMMARY FOR JUNE 23 2017...
VALID TODAY AS OF 0400 PM LOCAL TIME.

CLIMATE NORMAL PERIOD 1981 TO 2010
CLIMATE RECORD PERIOD 1878 TO 2017


WEATHER ITEM   OBSERVED TIME   RECORD YEAR NORMAL DEPARTURE LAST
                VALUE   (LST)  VALUE       VALUE  FROM      YEAR
                                                  NORMAL
..................................................................
TEMPERATURE (F)
 TODAY
  MAXIMUM         96    222 PM  99    1900  93      3       94
  MINIMUM         81    618 AM  62    1893  76      5       74
  AVERAGE         89                        84      5       84

PRECIPITATION (IN)
  TODAY            0.00          4.42 2007   0.10  -0.10      T
  MONTH TO DATE    T                         1.91  -1.91     2.77
  SINCE JUN 1      T                         1.91  -1.91     2.77
  SINCE JAN 1      5.86                      9.67  -3.81    12.76

SNOWFALL (IN)
  TODAY            0.0          MM    2001   0.0
  MONTH TO DATE    0.0                       0.0
  SINCE JUN 1      0.0                       0.0
  SINCE JUL 1      0.0                       0.0

DEGREE DAYS
 HEATING
  TODAY            0                         0      0        0
  MONTH TO DATE    0                         0      0        0
  SINCE JUN 1      0                         0      0        0
  SINCE JUL 1    201                       554   -353      374

 COOLING
  TODAY           24                        19      5       19
  MONTH TO DATE  481                       430     51      422
  SINCE JUN 1    481                       430     51      422
  SINCE JAN 1   2118                      1523    595     1582
..................................................................


WIND (MPH)
  HIGHEST WIND SPEED    25   HIGHEST WIND DIRECTION    SE (150)
  HIGHEST GUST SPEED    32   HIGHEST GUST DIRECTION     S (160)
  AVERAGE WIND SPEED    17.8


SKY COVER
  POSSIBLE SUNSHINE  MM
  AVERAGE SKY COVER 0.2


WEATHER CONDITIONS
 THE FOLLOWING WEATHER WAS RECORDED TODAY.
  NO SIGNIFICANT WEATHER WAS OBSERVED.


RELATIVE HUMIDITY (PERCENT)
 HIGHEST    91           400 AM
 LOWEST     53          1200 PM
 AVERAGE    72

..........................................................


THE BROWNSVILLE CLIMATE NORMALS FOR TOMORROW
                         NORMAL    RECORD    YEAR
 MAXIMUM TEMPERATURE (F)   93       102      1900
 MINIMUM TEMPERATURE (F)   76        68      1956
                                             1887


SUNRISE AND SUNSET
JUNE 23 2017..........SUNRISE   639 AM CDT   SUNSET   825 PM CDT
JUNE 24 2017..........SUNRISE   640 AM CDT   SUNSET   825 PM CDT


-  INDICATES NEGATIVE NUMBERS.
R  INDICATES RECORD WAS SET OR TIED.
MM INDICATES DATA IS MISSING.
T  INDICATES TRACE AMOUNT.




$$
