000
CDUS44 KBRO 060725
CLIBRO


CLIMATE REPORT
NATIONAL WEATHER SERVICE BROWNSVILLE TX
125 AM CST FRI MAR 6 2015


...................................

...THE BROWNSVILLE CLIMATE SUMMARY FOR MARCH 5 2015...

CLIMATE NORMAL PERIOD 1981 TO 2010
CLIMATE RECORD PERIOD 1878 TO 2015


WEATHER ITEM   OBSERVED TIME   RECORD YEAR NORMAL DEPARTURE LAST
                VALUE   (LST)  VALUE       VALUE  FROM      YEAR
                                                  NORMAL
..................................................................
TEMPERATURE (F)
 YESTERDAY
  MAXIMUM         72    142 AM  88    1943  77     -5       67
  MINIMUM         42   1030 AM  28    1901  58    -16       46
  AVERAGE         57                        67    -10       57

PRECIPITATION (IN)
  YESTERDAY        T             1.64 1932   0.03  -0.03     0.01
  MONTH TO DATE    0.04                      0.18  -0.14     0.28
  SINCE MAR 1      0.04                      0.18  -0.14     0.28
  SINCE JAN 1      4.36                      2.53   1.83     1.04

SNOWFALL (IN)
  YESTERDAY       MM             0.0  2001   0.0
  MONTH TO DATE    0.0                       0.0
  SINCE MAR 1      0.0                       0.0
  SINCE JUL 1      0.0                       0.0

DEGREE DAYS
 HEATING
  YESTERDAY        8                         2      6        8
  MONTH TO DATE   27                        10     17       42
  SINCE MAR 1     27                        10     17       42
  SINCE JUL 1    650                       513    137      766

 COOLING
  YESTERDAY        0                         4     -4        0
  MONTH TO DATE   15                        20     -5       19
  SINCE MAR 1     15                        20     -5       19
  SINCE JAN 1     72                       161    -89      139
..................................................................


WIND (MPH)
  HIGHEST WIND SPEED    29   HIGHEST WIND DIRECTION     N (360)
  HIGHEST GUST SPEED    40   HIGHEST GUST DIRECTION     N (10)
  AVERAGE WIND SPEED    16.3


SKY COVER
  POSSIBLE SUNSHINE  MM
  AVERAGE SKY COVER 1.0


WEATHER CONDITIONS
 THE FOLLOWING WEATHER WAS RECORDED YESTERDAY.
  LIGHT RAIN
  FOG


RELATIVE HUMIDITY (PERCENT)
 HIGHEST    96           700 AM
 LOWEST     56           700 PM
 AVERAGE    76

..........................................................


THE BROWNSVILLE CLIMATE NORMALS FOR TODAY
                         NORMAL    RECORD    YEAR
 MAXIMUM TEMPERATURE (F)   77        92      1922
 MINIMUM TEMPERATURE (F)   58        33      1989


SUNRISE AND SUNSET
MARCH  6 2015.........SUNRISE   648 AM CST   SUNSET   634 PM CST
MARCH  7 2015.........SUNRISE   647 AM CST   SUNSET   634 PM CST


-  INDICATES NEGATIVE NUMBERS.
R  INDICATES RECORD WAS SET OR TIED.
MM INDICATES DATA IS MISSING.
T  INDICATES TRACE AMOUNT.




$$
