000
CDUS44 KBRO 240626
CLIBRO


CLIMATE REPORT
NATIONAL WEATHER SERVICE BROWNSVILLE TX
125 AM CDT WED MAY 24 2017


...................................

...THE BROWNSVILLE CLIMATE SUMMARY FOR MAY 23 2017...

CLIMATE NORMAL PERIOD 1981 TO 2010
CLIMATE RECORD PERIOD 1878 TO 2017


WEATHER ITEM   OBSERVED TIME   RECORD YEAR NORMAL DEPARTURE LAST
                VALUE   (LST)  VALUE       VALUE  FROM      YEAR
                                                  NORMAL
..................................................................
TEMPERATURE (F)
 YESTERDAY
  MAXIMUM         90   1026 AM  95    2011  90      0       88
                                      1988
                                      1916
  MINIMUM         74   1159 PM  58    1883  74      0       77
  AVERAGE         82                        82      0       83

PRECIPITATION (IN)
  YESTERDAY        0.42          1.19 1990   0.09   0.33     0.00
  MONTH TO DATE    0.45                      1.91  -1.46     1.58
  SINCE MAR 1      2.92                      4.68  -1.76     7.51
  SINCE JAN 1      4.46                      7.03  -2.57     9.39

SNOWFALL (IN)
  YESTERDAY        0.0           0.0  2002   0.0
                                      2001
                                      2000
  MONTH TO DATE    0.0                       0.0
  SINCE MAR 1      0.0                       0.0
  SINCE JUL 1      0.0                       0.0

DEGREE DAYS
 HEATING
  YESTERDAY        0                         0      0        0
  MONTH TO DATE    0                         0      0        0
  SINCE MAR 1      2                        51    -49       14
  SINCE JUL 1    201                       554   -353      374

 COOLING
  YESTERDAY       17                        17      0       18
  MONTH TO DATE  391                       338     53      331
  SINCE MAR 1   1101                       814    287      899
  SINCE JAN 1   1488                       955    533     1007
..................................................................


WIND (MPH)
  HIGHEST WIND SPEED    17   HIGHEST WIND DIRECTION    SE (130)
  HIGHEST GUST SPEED    28   HIGHEST GUST DIRECTION     N (350)
  AVERAGE WIND SPEED     4.9


SKY COVER
  POSSIBLE SUNSHINE  MM
  AVERAGE SKY COVER 0.7


WEATHER CONDITIONS
 THE FOLLOWING WEATHER WAS RECORDED YESTERDAY.
  THUNDERSTORM
  HEAVY RAIN
  RAIN
  LIGHT RAIN
  FOG


RELATIVE HUMIDITY (PERCENT)
 HIGHEST    94           700 AM
 LOWEST     63          1100 AM
 AVERAGE    79

..........................................................


THE BROWNSVILLE CLIMATE NORMALS FOR TODAY
                         NORMAL    RECORD    YEAR
 MAXIMUM TEMPERATURE (F)   90        96      2011
                                             1919
 MINIMUM TEMPERATURE (F)   74        57      1913


SUNRISE AND SUNSET
MAY 24 2017...........SUNRISE   640 AM CDT   SUNSET   814 PM CDT
MAY 25 2017...........SUNRISE   640 AM CDT   SUNSET   814 PM CDT


-  INDICATES NEGATIVE NUMBERS.
R  INDICATES RECORD WAS SET OR TIED.
MM INDICATES DATA IS MISSING.
T  INDICATES TRACE AMOUNT.




$$
