000
CDUS44 KBRO 042231
CLIBRO


CLIMATE REPORT
NATIONAL WEATHER SERVICE BROWNSVILLE TX
431 PM CST SUN DEC 4 2016


...................................

...THE BROWNSVILLE CLIMATE SUMMARY FOR DECEMBER 4 2016...
VALID TODAY AS OF 0400 PM LOCAL TIME.

CLIMATE NORMAL PERIOD 1981 TO 2010
CLIMATE RECORD PERIOD 1878 TO 2016


WEATHER ITEM   OBSERVED TIME   RECORD YEAR NORMAL DEPARTURE LAST
                VALUE   (LST)  VALUE       VALUE  FROM      YEAR
                                                  NORMAL
..................................................................
TEMPERATURE (F)
 TODAY
  MAXIMUM         72    359 AM  87    2012  74     -2       77
                                      1983
  MINIMUM         59    406 PM  31    1897  55      4       52
  AVERAGE         66                        64      2       65

PRECIPITATION (IN)
  TODAY            0.03          1.47 1965   0.04  -0.01     0.00
  MONTH TO DATE    0.20                      0.17   0.03     0.06
  SINCE DEC 1      0.20                      0.17   0.03     0.06
  SINCE JAN 1     21.34                     26.46  -5.12    46.76

SNOWFALL (IN)
  TODAY            0.0           0.0  2001   0.0
  MONTH TO DATE    0.0                       0.0
  SINCE DEC 1      0.0                       0.0
  SINCE JUL 1      0.0                       0.0

DEGREE DAYS
 HEATING
  TODAY            0                         4     -4        0
  MONTH TO DATE    0                        16    -16        6
  SINCE DEC 1      0                        16    -16        6
  SINCE JUL 1      8                        70    -62       28

 COOLING
  TODAY            1                         3     -2        0
  MONTH TO DATE   25                        14     11        0
  SINCE DEC 1     25                        14     11        0
  SINCE JAN 1   4492                      3959    533     3675
..................................................................


WIND (MPH)
  HIGHEST WIND SPEED    17   HIGHEST WIND DIRECTION    NW (320)
  HIGHEST GUST SPEED    24   HIGHEST GUST DIRECTION    NW (330)
  AVERAGE WIND SPEED     9.6


SKY COVER
  POSSIBLE SUNSHINE  MM
  AVERAGE SKY COVER 0.9


WEATHER CONDITIONS
 THE FOLLOWING WEATHER WAS RECORDED TODAY.
  LIGHT RAIN
  FOG


RELATIVE HUMIDITY (PERCENT)
 HIGHEST   100           400 AM
 LOWEST     93           200 AM
 AVERAGE    97

..........................................................


THE BROWNSVILLE CLIMATE NORMALS FOR TOMORROW
                         NORMAL    RECORD    YEAR
 MAXIMUM TEMPERATURE (F)   74        94      1977
 MINIMUM TEMPERATURE (F)   55        26      1886


SUNRISE AND SUNSET
DECEMBER  4 2016......SUNRISE   702 AM CST   SUNSET   538 PM CST
DECEMBER  5 2016......SUNRISE   703 AM CST   SUNSET   538 PM CST


-  INDICATES NEGATIVE NUMBERS.
R  INDICATES RECORD WAS SET OR TIED.
MM INDICATES DATA IS MISSING.
T  INDICATES TRACE AMOUNT.




$$
