000
CDAK49 PABR 280913
CLIBRW

CLIMATE REPORT
NATIONAL WEATHER SERVICE BARROW, AK
113 AM AKDT SAT MAR 28 2015

...................................
...THE BARROW WSO AP CLIMATE SUMMARY FOR MARCH 27 2015...

CLIMATE NORMAL PERIOD  1981 TO  2010
CLIMATE RECORD PERIOD  1915 TO  2015

WEATHER ITEM   OBSERVED TIME    RECORD YEAR NORMAL DEPARTURE LAST
               VALUE    (LST)   VALUE       VALUE  FROM      YEAR
                                                   NORMAL
...................................................................
TEMPERATURE
YESTERDAY
 MAXIMUM            -1  0335 PM    20  1954     -3       2     15
 MINIMUM            -9  1159 PM   -44  1925    -17       8    -11
 AVERAGE            -5                         -10       5      2

PRECIPITATION
(INCHES)
 YESTERDAY        0.01           0.16  1932   0.01    0.00   0.00
 MONTH TO DATE    0.26                        0.08    0.18   0.05
 SINCE MAR 1      0.26                        0.08    0.18   0.05
 SINCE JAN 1      0.83                        0.35    0.48   0.42

SNOWFALL
(INCHES)
 YESTERDAY         0.1            3.2  1932    0.1     0.0    0.0
 MONTH TO DATE     3.0                         1.8     1.2    1.7
 SINCE MAR 1       3.0                         1.8     1.2    1.7
 SINCE JUL 1      46.1                        30.8    15.3   44.3
 SNOW DEPTH (IN)     6                                          8

DEGREE DAYS
 HEATING
  YESTERDAY         70                          75      -5     63
  MONTH TO DATE   2089                        2108     -19   1893
  SINCE MAR 1     2074                        2108     -34   1884
  SINCE JUL 1    14217                       14956    -739  13603

 COOLING
  YESTERDAY          0                           0       0      0
  MONTH TO DATE      0                           0       0      0
  SINCE MAR 1        0                           0       0      0
  SINCE JAN 1        0                           0       0      0
...................................................................

WIND (MPH)
 HIGHEST WIND SPEED    13     HIGHEST WIND DIRECTION     70
 HIGHEST GUST SPEED    14     HIGHEST GUST DIRECTION     50
 AVERAGE WIND SPEED   8.8

SKY COVER
  POSSIBLE SUNSHINE    MM          AVERAGE SKY COVER     MM

WEATHER CONDITIONS
 THE FOLLOWING WEATHER WAS RECORDED YESTERDAY.
  FOG WITH VISIBILITY AS LOW AS 2 MILES.
  SNOW

RELATIVE HUMIDITY
 HIGHEST RH     86 PERCENT  AT 953 PM AST
 LOWEST  RH     68 PERCENT  AT 253 PM AST
 AVERAGE RH     75 PERCENT
...................................................................

THE BARROW CLIMATE NORMALS FOR TODAY
                           NORMAL    RECORD   YEAR
 MAXIMUM TEMPERATURE (F)     -3        29     1954
 MINIMUM TEMPERATURE (F)    -16       -38     1938

SUNRISE AND SUNSET
 MAR 28 2015..........SUNRISE  7:46 AM      SUNSET  9:22 PM
 MAR 29 2015..........SUNRISE  7:41 AM      SUNSET  9:26 PM

-  INDICATES NEGATIVE NUMBERS.
R  INDICATES RECORD HAS BEEN SET OR TIED.
MM INDICATES DATA IS MISSING.
T  INDICATES TRACE OF PRECIPITATION.

&&
-------------------------------------------------------------------

AMOUNT OF DAYLIGHT TODAY  (HOUR:MIN)........13 HOURS 36 MINUTES
GAIN/LOSS SINCE YESTERDAY (HOUR:MIN:SEC)....+0:09:26

$$
RFL MAR 15
