000
CDAK49 PABR 270902
CLIBRW

CLIMATE REPORT
NATIONAL WEATHER SERVICE BARROW, AK
102 AM AKDT FRI MAY 27 2016

...................................
...THE BARROW WSO AP CLIMATE SUMMARY FOR MAY 26 2016...

CLIMATE NORMAL PERIOD  1981 TO  2010
CLIMATE RECORD PERIOD  1915 TO  2016

WEATHER ITEM   OBSERVED TIME    RECORD YEAR NORMAL DEPARTURE LAST
               VALUE    (LST)   VALUE       VALUE  FROM      YEAR
                                                   NORMAL
...................................................................
TEMPERATURE
YESTERDAY
 MAXIMUM            36   235 PM    41  1990     31       5     32
 MINIMUM            31   525 AM     5  2001     23       8     29
 AVERAGE            34                          27       7     31

PRECIPITATION
(INCHES)
 YESTERDAY           T           0.13  1945   0.01   -0.01      T
 MONTH TO DATE    0.06                        0.14   -0.08   0.49
 SINCE MAR 1      0.17                        0.39   -0.22   1.23
 SINCE JAN 1      1.32                        0.66    0.66   1.80

SNOWFALL
(INCHES)
 YESTERDAY         0.0            1.6  1945    0.0     0.0    0.0
 MONTH TO DATE     0.9                         2.3    -1.4    1.0
 SINCE MAR 1       3.1                         7.6    -4.5   11.6
 SINCE JUL 1      33.0                        36.6    -3.6   54.7
 SNOW DEPTH (IN)     0                                          0

DEGREE DAYS
 HEATING
  YESTERDAY         31                          38      -7     34
  MONTH TO DATE    958                        1176    -218    979
  SINCE MAR 1     4826                        5475    -649   5068
  SINCE JUL 1    16987                       18323   -1336  17279

 COOLING
  YESTERDAY          0                           0       0      0
  MONTH TO DATE      0                           0       0      0
  SINCE MAR 1        0                           0       0      0
  SINCE JAN 1        0                           0       0      0
...................................................................

WIND (MPH)
 HIGHEST WIND SPEED    20     HIGHEST WIND DIRECTION    110
 HIGHEST GUST SPEED    25     HIGHEST GUST DIRECTION    110
 AVERAGE WIND SPEED  13.5

SKY COVER
  POSSIBLE SUNSHINE    MM          AVERAGE SKY COVER     MM

WEATHER CONDITIONS
 THE FOLLOWING WEATHER WAS RECORDED YESTERDAY.
  FOG
  RAIN

...................................................................

THE BARROW CLIMATE NORMALS FOR TODAY
                           NORMAL    RECORD   YEAR
 MAXIMUM TEMPERATURE (F)     31        43     1989
 MINIMUM TEMPERATURE (F)     23         2     1926

SUNRISE AND SUNSET
 SUN ABOVE VISIBLE HORIZON

-  INDICATES NEGATIVE NUMBERS.
R  INDICATES RECORD HAS BEEN SET OR TIED.
MM INDICATES DATA IS MISSING.
T  INDICATES TRACE OF PRECIPITATION.

&&
-------------------------------------------------------------------

AMOUNT OF DAYLIGHT TODAY  (HOUR:MIN)........24 HOURS 00 MINUTES
GAIN/LOSS SINCE YESTERDAY (HOUR:MIN:SEC)....+0:00:00

$$
*** MAY 16
