000
CDAK49 PABR 290912
CLIBRW

CLIMATE REPORT
NATIONAL WEATHER SERVICE BARROW, AK
112 AM AKDT MON AUG 29 2016

...................................
...THE BARROW WSO AP CLIMATE SUMMARY FOR AUGUST 28 2016...

CLIMATE NORMAL PERIOD  1981 TO  2010
CLIMATE RECORD PERIOD  1915 TO  2016

WEATHER ITEM   OBSERVED TIME    RECORD YEAR NORMAL DEPARTURE LAST
               VALUE    (LST)   VALUE       VALUE  FROM      YEAR
                                                   NORMAL
...................................................................
TEMPERATURE
YESTERDAY
 MAXIMUM            47  1212 AM    58  1985     42       5     39
 MINIMUM            36  1159 PM    21  1922     33       3     33
 AVERAGE            42                          37       5     36

PRECIPITATION
(INCHES)
 YESTERDAY           T           0.18  2011   0.04   -0.04   0.14
 MONTH TO DATE    0.84                        0.96   -0.12   1.60
 SINCE JUN 1      2.33                        2.26    0.07   2.66
 SINCE JAN 1      3.66                        2.96    0.70   4.62

SNOWFALL
(INCHES)
 YESTERDAY         0.0            0.4  1967    0.0     0.0    0.2
 MONTH TO DATE     2.1                         0.7     1.4    0.4
 SINCE JUN 1       4.8                         1.6     3.2    1.4
 SINCE JUL 1       2.1                         0.9     1.2    0.4
 SNOW DEPTH (IN)     0                                          0

DEGREE DAYS
 HEATING
  YESTERDAY         23                          28      -5     29
  MONTH TO DATE    697                         723     -26    737
  SINCE JUN 1     2160                        2350    -190   2230
  SINCE JUL 1     1350                        1470    -120   1488

 COOLING
  YESTERDAY          0                           0       0      0
  MONTH TO DATE      0                           0       0      0
  SINCE JUN 1        0                           0       0      0
  SINCE JAN 1        0                           0       0      0
...................................................................

WIND (MPH)
 HIGHEST WIND SPEED    20     HIGHEST WIND DIRECTION    320
 HIGHEST GUST SPEED    24     HIGHEST GUST DIRECTION    320
 AVERAGE WIND SPEED  13.4

WEATHER CONDITIONS
 THE FOLLOWING WEATHER WAS RECORDED YESTERDAY.
  FOG WITH VISIBILITY AS LOW AS ONE HALF MILE.
  DRIZZLE
  RAIN

RELATIVE HUMIDITY
 HIGHEST RH     93 PERCENT  AT 340 AM AKST
 LOWEST  RH     75 PERCENT  AT 940 PM AKST
 AVERAGE RH     81 PERCENT
...................................................................

THE BARROW CLIMATE NORMALS FOR TODAY
                           NORMAL    RECORD   YEAR
 MAXIMUM TEMPERATURE (F)     41        62     1992
 MINIMUM TEMPERATURE (F)     33        21     1956

SUNRISE AND SUNSET
 AUG 29 2016..........SUNRISE  6:24 AM      SUNSET 10:29 PM
 AUG 30 2016..........SUNRISE  6:29 AM      SUNSET 10:24 PM

-  INDICATES NEGATIVE NUMBERS.
R  INDICATES RECORD HAS BEEN SET OR TIED.
MM INDICATES DATA IS MISSING.
T  INDICATES TRACE OF PRECIPITATION.

&&
-------------------------------------------------------------------

AMOUNT OF DAYLIGHT TODAY  (HOUR:MIN)........16 HOURS 5 MINUTES
GAIN/LOSS SINCE YESTERDAY (HOUR:MIN:SEC)....-0:10:09

$$
RFL AUG 16
