000
CDAK49 PAFG 230039
CLIBRW

CLIMATE REPORT
NATIONAL WEATHER SERVICE FAIRBANKS AK
439 PM AKDT FRI SEP 22 2017


...................................

...THE BARROW AK CLIMATE SUMMARY FOR SEPTEMBER 22 2017...
VALID TODAY AS OF 0400 PM LOCAL TIME.

CLIMATE NORMAL PERIOD 1981 TO 2010
CLIMATE RECORD PERIOD 1920 TO 2017


WEATHER ITEM   OBSERVED TIME   RECORD YEAR NORMAL DEPARTURE LAST
                VALUE   (LST)  VALUE       VALUE  FROM      YEAR
                                                  NORMAL
..................................................................
TEMPERATURE (F)
 TODAY
  MAXIMUM         35   1246 PM  62    1995  34      1       36
  MINIMUM         31    801 AM   8    1983  27      4       31
  AVERAGE         33                        30      3       34

PRECIPITATION (IN)
  TODAY            T             0.15 2012   0.02  -0.02     0.03
                                      1973
  MONTH TO DATE    0.50                      0.57  -0.07     0.41
  SINCE SEP 1      0.50                      0.57  -0.07     0.41
  SINCE JAN 1      6.17                      3.62   2.55     6.06

SNOWFALL (IN)
  TODAY           MM             2.5  2000   0.1   MM         T
  MONTH TO DATE    T                         2.7   -2.7      1.3
  SINCE SEP 1      T                         2.7   -2.7      1.3
  SINCE JUL 1      0.8                       3.8   -3.0      3.1
  SNOW DEPTH       0

DEGREE DAYS
 HEATING
  TODAY           32                        35     -3       31
  MONTH TO DATE  637                       690    -53      663
  SINCE SEP 1    637                       690    -53      663
  SINCE JUL 1   1980                      2245   -265     2092

 COOLING
  TODAY            0                         0      0        0
  MONTH TO DATE    0                         0      0        0
  SINCE SEP 1      0                         0      0        0
  SINCE JAN 1      0                         0      0        0
..................................................................


WIND (MPH)
  HIGHEST GUST SPEED    24   HIGHEST GUST DIRECTION     E (70)


SKY COVER
  AVERAGE SKY COVER 0.9


WEATHER CONDITIONS
 THE FOLLOWING WEATHER WAS RECORDED TODAY.
  LIGHT SNOW
  FOG


RELATIVE HUMIDITY (PERCENT)
 HIGHEST    89
 LOWEST     82
 AVERAGE    86

..........................................................


THE BARROW AK CLIMATE NORMALS FOR TOMORROW
                         NORMAL    RECORD    YEAR
 MAXIMUM TEMPERATURE (F)   33        51      1953
 MINIMUM TEMPERATURE (F)   26         7      1983


SUNRISE AND SUNSET
SEPTEMBER 22 2017.....SUNRISE   809 AM AKDT  SUNSET   829 PM AKDT
SEPTEMBER 23 2017.....SUNRISE   813 AM AKDT  SUNSET   824 PM AKDT

-  INDICATES NEGATIVE NUMBERS.
R  INDICATES RECORD WAS SET OR TIED.
MM INDICATES DATA IS MISSING.
T  INDICATES TRACE AMOUNT.

&&

SNOW DEPTH IS MEASURED AT 3AM AKST/4AM AKDT.

----------------------------
AVAILABLE DAYLIGHT

AMOUNT OF DAYLIGHT TODAY  (HOUR:MIN)........12:20
GAIN/LOSS SINCE YESTERDAY (HOUR:MIN:SEC)....-0:09:11

$$
SEP 17
