277
CDAK49 PAFG 270954
CLIBRW

CLIMATE REPORT
NATIONAL WEATHER SERVICE FAIRBANKS AK
154 AM AKDT SAT MAY 27 2017


...................................

...THE BARROW AK CLIMATE SUMMARY FOR MAY 26 2017...

CLIMATE NORMAL PERIOD 1981 TO 2010
CLIMATE RECORD PERIOD 1920 TO 2017


WEATHER ITEM   OBSERVED TIME   RECORD YEAR NORMAL DEPARTURE LAST
                VALUE   (LST)  VALUE       VALUE  FROM      YEAR
                                                  NORMAL
..................................................................
TEMPERATURE (F)
 YESTERDAY
  MAXIMUM         35    826 PM  41    1990  31      4       36
  MINIMUM         23    810 AM   5    2001  23      0       31
  AVERAGE         29                        27      2       34

PRECIPITATION (IN)
  YESTERDAY        0.14R         0.13 1945   0.01   0.13      T
  MONTH TO DATE    0.78                      0.14   0.64     0.06
  SINCE MAR 1      1.08                      0.39   0.69     0.29
  SINCE JAN 1      1.95                      0.66   1.29     3.35

SNOWFALL (IN)
  YESTERDAY        1.4           1.6  1945   0.0    1.4      0.0
  MONTH TO DATE    8.8                       2.3    6.5      0.7
  SINCE MAR 1     11.8                       7.6    4.2      1.5
  SINCE JUL 1     38.7                      36.6    2.1     10.3
  SNOW DEPTH       8

DEGREE DAYS
 HEATING
  YESTERDAY       36                        38     -2       31
  MONTH TO DATE 1078                      1176    -98      958
  SINCE MAR 1   5057                      5479   -422     4549
  SINCE JUL 1  16019                     18336  -2317    15945

 COOLING
  YESTERDAY        0                         0      0        0
  MONTH TO DATE    0                         0      0        0
  SINCE MAR 1      0                         0      0        0
  SINCE JAN 1      0                         0      0        0
..................................................................


WIND (MPH)
  HIGHEST GUST SPEED    36   HIGHEST GUST DIRECTION    SW (220)


SKY COVER
  AVERAGE SKY COVER 1.0


WEATHER CONDITIONS
 THE FOLLOWING WEATHER WAS RECORDED YESTERDAY.
  HEAVY SNOW
  SNOW
  LIGHT SNOW
  FOG
  FOG W/VISIBILITY <= 1/4 MILE


RELATIVE HUMIDITY (PERCENT)
 HIGHEST   100
 LOWEST     82
 AVERAGE    91

..........................................................


THE BARROW AK CLIMATE NORMALS FOR TODAY
                         NORMAL    RECORD    YEAR
 MAXIMUM TEMPERATURE (F)   31        43      1989
 MINIMUM TEMPERATURE (F)   23         2      1926


SUNRISE AND SUNSET
MAY 27 2017...........SUN ABOVE VISIBLE HORIZON.
MAY 28 2017...........SUN ABOVE VISIBLE HORIZON.

-  INDICATES NEGATIVE NUMBERS.
R  INDICATES RECORD WAS SET OR TIED.
MM INDICATES DATA IS MISSING.
T  INDICATES TRACE AMOUNT.

&&

SNOW DEPTH IS MEASURED AT 3AM AKST/4AM AKDT.

----------------------------
AVAILABLE DAYLIGHT

AMOUNT OF DAYLIGHT TODAY  (HOUR:MIN)........24:00
GAIN/LOSS SINCE YESTERDAY (HOUR:MIN:SEC)....+0:00:00

$$
CCC MAY 17
