000
CDAK49 PABR 220902
CLIBRW

CLIMATE REPORT
NATIONAL WEATHER SERVICE BARROW, AK
102 AM AKDT WED OCT 22 2014

...................................
...THE BARROW WSO AP CLIMATE SUMMARY FOR OCTOBER 21 2014...

CLIMATE NORMAL PERIOD  1981 TO  2010
CLIMATE RECORD PERIOD  1915 TO  2014

WEATHER ITEM   OBSERVED TIME    RECORD YEAR NORMAL DEPARTURE LAST
               VALUE    (LST)   VALUE       VALUE  FROM      YEAR
                                                   NORMAL
...................................................................
TEMPERATURE
YESTERDAY
 MAXIMUM            17  1159 PM    34  2005     19      -2     31
 MINIMUM            13  0215 PM   -21  1983      9       4     26
 AVERAGE            15                          14       1     29

PRECIPITATION
(INCHES)
 YESTERDAY           T           0.26  1991   0.01   -0.01   0.02
 MONTH TO DATE    0.69                        0.30    0.39   0.43
 SINCE SEP 1      1.75                        1.02    0.73   1.72
 SINCE JAN 1      6.30                        4.07    2.23   6.74

SNOWFALL
(INCHES)
 YESTERDAY           T            2.7  1991    0.4    -0.4    0.1
 MONTH TO DATE     9.7                         6.2     3.5    4.6
 SINCE SEP 1      19.2                        10.6     8.6   12.7
 SINCE JUL 1      20.6                        11.7     8.9   13.8
 SNOW DEPTH (IN)     2                                          2

DEGREE DAYS
 HEATING
  YESTERDAY         50                          51      -1     36
  MONTH TO DATE    862                         940     -78    805
  SINCE SEP 1     1802                        1926    -124   1809
  SINCE JUL 1     3468                        3480     -12   3218

 COOLING
  YESTERDAY          0                           0       0      0
  MONTH TO DATE      0                           0       0      0
  SINCE SEP 1        0                           0       0      0
  SINCE JAN 1        0                           0       0      0
...................................................................

WIND (MPH)
 HIGHEST WIND SPEED    37     HIGHEST WIND DIRECTION     60
 HIGHEST GUST SPEED    44     HIGHEST GUST DIRECTION     60
 AVERAGE WIND SPEED  26.9

WEATHER CONDITIONS
 THE FOLLOWING WEATHER WAS RECORDED YESTERDAY.
  BLOWING SNOW
SNOW


RELATIVE HUMIDITY
 HIGHEST RH     100 PERCENT       05:53 PM
 LOWEST  RH     84 PERCENT       11:37 PM
 AVERAGE RH     88 PERCENT       MM
...................................................................

THE BARROW CLIMATE NORMALS FOR TODAY
                           NORMAL    RECORD   YEAR
 MAXIMUM TEMPERATURE (F)     19        42     1957
 MINIMUM TEMPERATURE (F)      9       -22     1983

SUNRISE AND SUNSET
 OCT 22 2014..........SUNRISE 10:23 AM      SUNSET  6:00 PM
 OCT 23 2014..........SUNRISE 10:28 AM      SUNSET  5:55 PM

-  INDICATES NEGATIVE NUMBERS.
R  INDICATES RECORD HAS BEEN SET OR TIED.
MM INDICATES DATA IS MISSING.
T  INDICATES TRACE OF PRECIPITATION.

&&
-------------------------------------------------------------------

AMOUNT OF DAYLIGHT TODAY  (HOUR:MIN)........7 HOURS 37 MINUTES
GAIN/LOSS SINCE YESTERDAY (HOUR:MIN:SEC)....-0:10:11

$$
DZB OCT 14
