179
CDAK49 PAFG 220959
CLIBRW

CLIMATE REPORT
NATIONAL WEATHER SERVICE FAIRBANKS AK
1259 AM AKST WED NOV 22 2017


...................................

...THE BARROW AK CLIMATE SUMMARY FOR NOVEMBER 21 2017...

CLIMATE NORMAL PERIOD 1981 TO 2010
CLIMATE RECORD PERIOD 1920 TO 2017


WEATHER ITEM   OBSERVED TIME   RECORD YEAR NORMAL DEPARTURE LAST
                VALUE   (LST)  VALUE       VALUE  FROM      YEAR
                                                  NORMAL
..................................................................
TEMPERATURE (F)
 YESTERDAY
  MAXIMUM         10   1159 PM  32    2010   4      6       22
  MINIMUM          0   1250 AM -37    1935  -7      7       11
  AVERAGE          5                        -2      7       17

PRECIPITATION (IN)
  YESTERDAY        0.20          0.23 1938   0.01   0.19     0.02
  MONTH TO DATE    0.89                      0.16   0.73     0.35
  SINCE SEP 1      2.26                      1.29   0.97     1.40
  SINCE JAN 1      7.93                      4.34   3.59     7.05

SNOWFALL (IN)
  YESTERDAY        2.0           2.6  1938   0.2    1.8      0.2
  MONTH TO DATE    6.9                       4.3    2.6      4.7
  SINCE SEP 1     14.0                      17.8   -3.8      9.7
  SINCE JUL 1     14.8                      18.9   -4.1     11.5
  SNOW DEPTH      13

DEGREE DAYS
 HEATING
  YESTERDAY       60                        67     -7       48
  MONTH TO DATE  831                      1314   -483      985
  SINCE SEP 1   2988                      3782   -794     2968
  SINCE JUL 1   4331                      5337  -1006     4397

 COOLING
  YESTERDAY        0                         0      0        0
  MONTH TO DATE    0                         0      0        0
  SINCE SEP 1      0                         0      0        0
  SINCE JAN 1      0                         0      0        0
..................................................................


WIND (MPH)
  HIGHEST GUST SPEED    49   HIGHEST GUST DIRECTION     E (100)


SKY COVER
  AVERAGE SKY COVER 1.0


WEATHER CONDITIONS
 THE FOLLOWING WEATHER WAS RECORDED YESTERDAY.
  HEAVY SNOW
  SNOW
  LIGHT SNOW
  FOG
  FOG W/VISIBILITY <= 1/4 MILE
  BLOWING SNOW


RELATIVE HUMIDITY (PERCENT)
 HIGHEST    95
 LOWEST     83
 AVERAGE    89

..........................................................


THE BARROW AK CLIMATE NORMALS FOR TODAY
                         NORMAL    RECORD    YEAR
 MAXIMUM TEMPERATURE (F)    3        33      2010
 MINIMUM TEMPERATURE (F)   -8       -38      1992


SUNRISE AND SUNSET
NOVEMBER 22 2017......SUN BELOW VISIBLE HORIZON.
NOVEMBER 23 2017......SUN BELOW VISIBLE HORIZON.

-  INDICATES NEGATIVE NUMBERS.
R  INDICATES RECORD WAS SET OR TIED.
MM INDICATES DATA IS MISSING.
T  INDICATES TRACE AMOUNT.

&&

SNOW DEPTH IS MEASURED AT 3AM AKST/4AM AKDT.

----------------------------
AVAILABLE DAYLIGHT

AMOUNT OF DAYLIGHT TODAY  (HOUR:MIN)........0:00
GAIN/LOSS SINCE YESTERDAY (HOUR:MIN:SEC)....+0:00:00

$$
SDB NOV 17
