335
CDAK49 PAFG 220949
CLIBRW

CLIMATE REPORT
NATIONAL WEATHER SERVICE FAIRBANKS AK
1249 AM AKST WED FEB 22 2017


...................................

...THE BARROW AK CLIMATE SUMMARY FOR FEBRUARY 21 2017...

CLIMATE NORMAL PERIOD 1981 TO 2010
CLIMATE RECORD PERIOD 1920 TO 2017


WEATHER ITEM   OBSERVED TIME   RECORD YEAR NORMAL DEPARTURE LAST
                VALUE   (LST)  VALUE       VALUE  FROM      YEAR
                                                  NORMAL
..................................................................
TEMPERATURE (F)
 YESTERDAY
  MAXIMUM         -5    521 AM  21    2008  -8      3       16
                                      1972
  MINIMUM        -26   1025 PM -48    1964 -20     -6      -11
  AVERAGE        -15                       -14     -1        3

PRECIPITATION (IN)
  YESTERDAY        0.05          0.13 1972   0.01   0.04      T
  MONTH TO DATE    0.14                      0.11   0.03     2.00
  SINCE DEC 1      0.91                      0.38   0.53     2.98
  SINCE JAN 1      0.61                      0.24   0.37     2.97

SNOWFALL (IN)
  YESTERDAY        0.6           1.6  1972   0.1    0.5     MM
  MONTH TO DATE    2.2                       2.0    0.2      2.1
  SINCE DEC 1     11.1                       8.1    3.0      4.4
  SINCE JUL 1     24.2                      28.4   -4.2      7.9
  SNOW DEPTH       8

DEGREE DAYS
 HEATING
  YESTERDAY       80                        79      1       62
  MONTH TO DATE 1451                      1659   -208     1492
  SINCE DEC 1   5471                      6346   -875     5841
  SINCE JUL 1  10426                     12298  -1872    10902

 COOLING
  YESTERDAY        0                         0      0        0
  MONTH TO DATE    0                         0      0        0
  SINCE DEC 1      0                         0      0        0
  SINCE JAN 1      0                         0      0        0
..................................................................


WIND (MPH)
  HIGHEST GUST SPEED    12   HIGHEST GUST DIRECTION     S (200)


SKY COVER
  AVERAGE SKY COVER 0.9


WEATHER CONDITIONS
 THE FOLLOWING WEATHER WAS RECORDED YESTERDAY.
  LIGHT SNOW
  FOG
  HAZE


RELATIVE HUMIDITY (PERCENT)
 HIGHEST    83
 LOWEST     69
 AVERAGE    76

..........................................................


THE BARROW AK CLIMATE NORMALS FOR TODAY
                         NORMAL    RECORD    YEAR
 MAXIMUM TEMPERATURE (F)   -8        23      1972
                                             1928
 MINIMUM TEMPERATURE (F)  -20       -47      1964


SUNRISE AND SUNSET
FEBRUARY 22 2017......SUNRISE   933 AM AKST  SUNSET   551 PM AKST
FEBRUARY 23 2017......SUNRISE   928 AM AKST  SUNSET   555 PM AKST

-  INDICATES NEGATIVE NUMBERS.
R  INDICATES RECORD WAS SET OR TIED.
MM INDICATES DATA IS MISSING.
T  INDICATES TRACE AMOUNT.

&&

SNOW DEPTH IS MEASURED AT 3AM AKST/4AM AKDT.

----------------------------
AVAILABLE DAYLIGHT

AMOUNT OF DAYLIGHT TODAY  (HOUR:MIN)........8:17
GAIN/LOSS SINCE YESTERDAY (HOUR:MIN:SEC)....+0:10:05

$$
CCC FEB 17
