000
CDAK49 PAFG 201003
CLIBRW

CLIMATE REPORT
NATIONAL WEATHER SERVICE FAIRBANKS AK
203 AM AKDT THU JUL 20 2017


...................................

...THE BARROW AK CLIMATE SUMMARY FOR JULY 19 2017...

CLIMATE NORMAL PERIOD 1981 TO 2010
CLIMATE RECORD PERIOD 1920 TO 2017


WEATHER ITEM   OBSERVED TIME   RECORD YEAR NORMAL DEPARTURE LAST
                VALUE   (LST)  VALUE       VALUE  FROM      YEAR
                                                  NORMAL
..................................................................
TEMPERATURE (F)
 YESTERDAY
  MAXIMUM         50   1257 AM  67    1953  47      3       36
  MINIMUM         39   1159 PM  26    1956  35      4       31
  AVERAGE         45                        41      4       34

PRECIPITATION (IN)
  YESTERDAY        0.13          0.76 2010   0.04   0.09      T
  MONTH TO DATE    0.71                      0.57   0.14     0.14
  SINCE JUN 1      0.97                      0.89   0.08     0.83
  SINCE JAN 1      3.08                      1.59   1.49     4.18

SNOWFALL (IN)
  YESTERDAY        0.0           0.3  1955   0.0    0.0     MM
  MONTH TO DATE    0.0                       0.1   -0.1       T
  SINCE JUN 1      0.5                       0.8   -0.3      1.9
  SINCE JUL 1      0.0                       0.1   -0.1       T
  SNOW DEPTH       0

DEGREE DAYS
 HEATING
  YESTERDAY       20                        24     -4       31
  MONTH TO DATE  349                       459   -110      368
  SINCE JUN 1   1250                      1340    -90     1177
  SINCE JUL 1    349                       459   -110      368

 COOLING
  YESTERDAY        0                         0      0        0
  MONTH TO DATE    0                         0      0        0
  SINCE JUN 1      0                         0      0        0
  SINCE JAN 1      0                         0      0        0
..................................................................


WIND (MPH)
  HIGHEST GUST SPEED    20   HIGHEST GUST DIRECTION    NW (310)


SKY COVER
  AVERAGE SKY COVER 1.0


WEATHER CONDITIONS
 THE FOLLOWING WEATHER WAS RECORDED YESTERDAY.
  RAIN
  LIGHT RAIN
  FOG
  FOG W/VISIBILITY <= 1/4 MILE


RELATIVE HUMIDITY (PERCENT)
 HIGHEST   100
 LOWEST     92
 AVERAGE    96

..........................................................


THE BARROW AK CLIMATE NORMALS FOR TODAY
                         NORMAL    RECORD    YEAR
 MAXIMUM TEMPERATURE (F)   47        68      1993
 MINIMUM TEMPERATURE (F)   35        26      1956
                                             1931
                                             1922


SUNRISE AND SUNSET
JULY 20 2017..........SUN ABOVE VISIBLE HORIZON.
JULY 21 2017..........SUN ABOVE VISIBLE HORIZON.

-  INDICATES NEGATIVE NUMBERS.
R  INDICATES RECORD WAS SET OR TIED.
MM INDICATES DATA IS MISSING.
T  INDICATES TRACE AMOUNT.

&&

SNOW DEPTH IS MEASURED AT 3AM AKST/4AM AKDT.

----------------------------
AVAILABLE DAYLIGHT

AMOUNT OF DAYLIGHT TODAY  (HOUR:MIN)........24:00
GAIN/LOSS SINCE YESTERDAY (HOUR:MIN:SEC)....+0:00:00

$$
DJH JUL 17
