000
CDAK49 PAFG 211001
CLIBRW

CLIMATE REPORT
NATIONAL WEATHER SERVICE FAIRBANKS AK
101 AM AKST WED FEB 21 2018


...................................

...THE BARROW AK CLIMATE SUMMARY FOR FEBRUARY 20 2018...

CLIMATE NORMAL PERIOD 1981 TO 2010
CLIMATE RECORD PERIOD 1920 TO 2018


WEATHER ITEM   OBSERVED TIME   RECORD YEAR NORMAL DEPARTURE LAST
                VALUE   (LST)  VALUE       VALUE  FROM      YEAR
                                                  NORMAL
..................................................................
TEMPERATURE (F)
 YESTERDAY
  MAXIMUM         31R   615 AM  24    1944  -8     39       -5
  MINIMUM         19   1019 AM -53    1951 -20     39      -17
  AVERAGE         25                       -14     39      -11

PRECIPITATION (IN)
  YESTERDAY        0.02          0.27 1944   0.00   0.02     0.01
  MONTH TO DATE    0.32                      0.10   0.22     0.09
  SINCE DEC 1      0.77                      0.37   0.40     0.86
  SINCE JAN 1      0.39                      0.23   0.16     0.56

SNOWFALL (IN)
  YESTERDAY        0.2           2.6  1944   0.1    0.1      0.2
  MONTH TO DATE    2.9                       1.9    1.0      1.6
  SINCE DEC 1     10.3                       8.0    2.3     10.5
  SINCE JUL 1     27.0                      28.3   -1.3     23.6
  SNOW DEPTH       9

DEGREE DAYS
 HEATING
  YESTERDAY       40                        79    -39       76
  MONTH TO DATE 1161                      1580   -419     1371
  SINCE DEC 1   5136                      6267  -1131     5391
  SINCE JUL 1  10064                     12219  -2155    10346

 COOLING
  YESTERDAY        0                         0      0        0
  MONTH TO DATE    0                         0      0        0
  SINCE DEC 1      0                         0      0        0
  SINCE JAN 1      0                         0      0        0
..................................................................


WIND (MPH)
  HIGHEST GUST SPEED    42   HIGHEST GUST DIRECTION    SW (220)


SKY COVER
  AVERAGE SKY COVER 0.8


WEATHER CONDITIONS
 THE FOLLOWING WEATHER WAS RECORDED YESTERDAY.
  SNOW
  LIGHT SNOW
  FOG
  BLOWING SNOW


RELATIVE HUMIDITY (PERCENT)
 HIGHEST   100
 LOWEST     84
 AVERAGE    92

..........................................................


THE BARROW AK CLIMATE NORMALS FOR TODAY
                         NORMAL    RECORD    YEAR
 MAXIMUM TEMPERATURE (F)   -8        21      2008
                                             1972
 MINIMUM TEMPERATURE (F)  -20       -48      1964


SUNRISE AND SUNSET
FEBRUARY 21 2018......SUNRISE   940 AM AKST  SUNSET   544 PM AKST
FEBRUARY 22 2018......SUNRISE   934 AM AKST  SUNSET   549 PM AKST

-  INDICATES NEGATIVE NUMBERS.
R  INDICATES RECORD WAS SET OR TIED.
MM INDICATES DATA IS MISSING.
T  INDICATES TRACE AMOUNT.

&&

SNOW DEPTH IS MEASURED AT 3AM AKST/4AM AKDT.

----------------------------
AVAILABLE DAYLIGHT

AMOUNT OF DAYLIGHT TODAY  (HOUR:MIN)........8:05
GAIN/LOSS SINCE YESTERDAY (HOUR:MIN:SEC)....+0:10:11

$$
FEB 18
