000
CDUS43 KGRR 181334
CLIBTL


CLIMATE REPORT
NATIONAL WEATHER SERVICE GRAND RAPIDS, MI
934 AM EDT THU SEP 18 2014


...................................

...THE BATTLE CREEK MI CLIMATE SUMMARY FOR SEPTEMBER 18 2014...
VALID AS OF 0900 AM LOCAL TIME.

CLIMATE NORMAL PERIOD 1981 TO 2010
CLIMATE RECORD PERIOD 1998 TO 2014


WEATHER ITEM   OBSERVED TIME   RECORD YEAR NORMAL DEPARTURE LAST
                VALUE   (LST)  VALUE       VALUE  FROM      YEAR
                                                  NORMAL
..................................................................
TEMPERATURE (F)
 TODAY
  MAXIMUM         52    759 AM  MM      MM  73    -21       78
  MINIMUM         43    529 AM  MM      MM  49     -6       52
  AVERAGE         48                        61    -13       65

PRECIPITATION (IN)
  TODAY            0.00         MM      MM   0.13  -0.13     0.00
  MONTH TO DATE    2.07                      2.16  -0.09     1.32
  SINCE SEP 1      2.07                      2.16  -0.09     1.32
  SINCE JAN 1     22.01                     23.70  -1.69    27.49

DEGREE DAYS
 HEATING
  TODAY           17                         6     11        0
  MONTH TO DATE   96                        61     35       61
  SINCE SEP 1     96                        61     35       61

 COOLING
  TODAY            0                         1     -1        0
  MONTH TO DATE   54                        44     10       64
  SINCE SEP 1     54                        44     10       64
..................................................................


WIND (MPH)
  HIGHEST WIND SPEED     7   HIGHEST WIND DIRECTION     N (10)
  HIGHEST GUST SPEED     7   HIGHEST GUST DIRECTION     N (360)



WEATHER CONDITIONS
 THE FOLLOWING WEATHER WAS RECORDED TODAY.
  FOG


..........................................................




SUNRISE AND SUNSET
SEPTEMBER 18 2014.....SUNRISE   724 AM EDT   SUNSET   745 PM EDT
SEPTEMBER 19 2014.....SUNRISE   725 AM EDT   SUNSET   744 PM EDT


-  INDICATES NEGATIVE NUMBERS.
R  INDICATES RECORD WAS SET OR TIED.
MM INDICATES DATA IS MISSING.
T  INDICATES TRACE AMOUNT.




$$
