000
CDUS43 KGRR 182128
CLIBTL


CLIMATE REPORT
NATIONAL WEATHER SERVICE GRAND RAPIDS, MI
526 PM EDT WED OCT 18 2017


...................................

...THE BATTLE CREEK MI CLIMATE SUMMARY FOR OCTOBER 18 2017...
VALID TODAY AS OF 0500 PM LOCAL TIME.

CLIMATE NORMAL PERIOD 1981 TO 2010
CLIMATE RECORD PERIOD 1998 TO 2017


WEATHER ITEM   OBSERVED TIME   NORMAL DEPARTURE LAST
                VALUE   (LST)  VALUE  FROM      YEAR
                                      NORMAL
......................................................
TEMPERATURE (F)
 TODAY
  MAXIMUM         68    333 PM  60      8       79
  MINIMUM         46    657 AM  39      7       52
  AVERAGE         57            49      8       66

PRECIPITATION (IN)
  TODAY            0.00          0.10  -0.10     0.00
  MONTH TO DATE    8.24          1.86   6.38     1.62
  SINCE SEP 1      8.65          5.51   3.14     3.67
  SINCE JAN 1     30.25         27.05   3.20    27.13

DEGREE DAYS
 HEATING
  TODAY            8            16     -8        0
  MONTH TO DATE   89           235   -146       93
  SINCE SEP 1    176           391   -215      136
  SINCE JUL 1    196           432   -236      144

 COOLING
  TODAY            0             0      0        1
  MONTH TO DATE   13             2     11       19
  SINCE SEP 1    146            57     89      111
  SINCE JAN 1    733           575    158      727
......................................................


WIND (MPH)
  RESULTANT WIND SPEED  11   RESULTANT WIND DIRECTION  SW (210)
  HIGHEST WIND SPEED    22   HIGHEST WIND DIRECTION    SW (220)
  HIGHEST GUST SPEED    29   HIGHEST GUST DIRECTION     S (200)
  AVERAGE WIND SPEED    10.9


SKY COVER
  AVERAGE SKY COVER 0.0


WEATHER CONDITIONS
 THE FOLLOWING WEATHER WAS RECORDED TODAY.
  NO SIGNIFICANT WEATHER WAS OBSERVED.


RELATIVE HUMIDITY (PERCENT)
 HIGHEST    82           500 AM
 LOWEST     34           400 PM
 AVERAGE    58

..........................................................


THE BATTLE CREEK MI CLIMATE NORMALS FOR TOMORROW
                         NORMAL
 MAXIMUM TEMPERATURE (F)   60
 MINIMUM TEMPERATURE (F)   38


SUNRISE AND SUNSET
OCTOBER 18 2017.......SUNRISE   757 AM EDT   SUNSET   654 PM EDT
OCTOBER 19 2017.......SUNRISE   759 AM EDT   SUNSET   652 PM EDT


-  INDICATES NEGATIVE NUMBERS.
R  INDICATES RECORD WAS SET OR TIED.
MM INDICATES DATA IS MISSING.
T  INDICATES TRACE AMOUNT.




$$

63
