000
CDUS43 KGRR 050518
CLIBTL


CLIMATE REPORT
NATIONAL WEATHER SERVICE GRAND RAPIDS, MI
118 AM EDT THU MAY 5 2016


...................................

...THE BATTLE CREEK MI CLIMATE SUMMARY FOR MAY 4 2016...

CLIMATE NORMAL PERIOD 1981 TO 2010
CLIMATE RECORD PERIOD 1998 TO 2016


WEATHER ITEM   OBSERVED TIME   NORMAL DEPARTURE LAST
                VALUE   (LST)  VALUE  FROM      YEAR
                                      NORMAL
......................................................
TEMPERATURE (F)
 YESTERDAY
  MAXIMUM         55   1248 AM  67    -12       75
  MINIMUM         42    728 PM  42      0       57
  AVERAGE         49            55     -6       66

PRECIPITATION (IN)
  YESTERDAY        0.39          0.12   0.27     0.18
  MONTH TO DATE    0.67          0.45   0.22     0.18
  SINCE MAR 1      6.11          5.16   0.95     2.25
  SINCE JAN 1      7.71          8.16  -0.45     3.26

DEGREE DAYS
 HEATING
  YESTERDAY       16            11      5        0
  MONTH TO DATE   62            45     17       15
  SINCE MAR 1   1321          1469   -148     1451
  SINCE JUL 1   5236          6434  -1198     6656

 COOLING
  YESTERDAY        0             0      0        1
  MONTH TO DATE    0             0      0        1
  SINCE MAR 1      2             7     -5        1
  SINCE JAN 1      2             7     -5        1
......................................................


WIND (MPH)
  RESULTANT WIND SPEED   9   RESULTANT WIND DIRECTION  NW (300)
  HIGHEST WIND SPEED    25   HIGHEST WIND DIRECTION    NW (300)
  HIGHEST GUST SPEED    30   HIGHEST GUST DIRECTION    NW (310)
  AVERAGE WIND SPEED    12.1


SKY COVER
  AVERAGE SKY COVER 0.9


WEATHER CONDITIONS
 THE FOLLOWING WEATHER WAS RECORDED YESTERDAY.
  HEAVY RAIN
  RAIN
  LIGHT RAIN
  FOG


RELATIVE HUMIDITY (PERCENT)
 HIGHEST   100          1000 PM
 LOWEST     51          1200 AM
 AVERAGE    76

..........................................................


THE BATTLE CREEK MI CLIMATE NORMALS FOR TODAY
                         NORMAL
 MAXIMUM TEMPERATURE (F)   67
 MINIMUM TEMPERATURE (F)   42


SUNRISE AND SUNSET
MAY  5 2016...........SUNRISE   630 AM EDT   SUNSET   845 PM EDT
MAY  6 2016...........SUNRISE   629 AM EDT   SUNSET   846 PM EDT


-  INDICATES NEGATIVE NUMBERS.
R  INDICATES RECORD WAS SET OR TIED.
MM INDICATES DATA IS MISSING.
T  INDICATES TRACE AMOUNT.




$$
