000
CDUS43 KGRR 192226
CLIBTL


CLIMATE REPORT
NATIONAL WEATHER SERVICE GRAND RAPIDS, MI
525 PM EST FRI DEC 19 2014


...................................

...THE BATTLE CREEK MI CLIMATE SUMMARY FOR DECEMBER 19 2014...
VALID TODAY AS OF 0500 PM LOCAL TIME.

CLIMATE NORMAL PERIOD 1981 TO 2010
CLIMATE RECORD PERIOD 1998 TO 2014


WEATHER ITEM   OBSERVED TIME   RECORD YEAR NORMAL DEPARTURE LAST
                VALUE   (LST)  VALUE       VALUE  FROM      YEAR
                                                  NORMAL
..................................................................
TEMPERATURE (F)
 TODAY
  MAXIMUM         31    428 PM  MM      MM  34     -3       40
  MINIMUM         29   1234 PM  MM      MM  19     10       29
  AVERAGE         30                        26      4       35

PRECIPITATION (IN)
  TODAY            0.00         MM      MM   0.06  -0.06      T
  MONTH TO DATE    0.15                      1.24  -1.09     0.17
  SINCE DEC 1      0.15                      1.24  -1.09     0.17
  SINCE JAN 1     28.47                     32.40  -3.93    33.97

DEGREE DAYS
 HEATING
  TODAY           35                        39     -4       30
  MONTH TO DATE  588                       682    -94      749
  SINCE DEC 1    588                       682    -94      749
  SINCE JUL 1   2091                      2120    -29     2150

 COOLING
  TODAY            0                         0      0        0
  MONTH TO DATE    0                         0      0        0
  SINCE DEC 1      0                         0      0        0
  SINCE JAN 1    593                       578     15      689
..................................................................


WIND (MPH)
  RESULTANT WIND SPEED   2   RESULTANT WIND DIRECTION  NW (300)
  HIGHEST WIND SPEED     9   HIGHEST WIND DIRECTION    NW (310)
  HIGHEST GUST SPEED    11   HIGHEST GUST DIRECTION    NW (310)
  AVERAGE WIND SPEED     2.9



WEATHER CONDITIONS
 THE FOLLOWING WEATHER WAS RECORDED TODAY.
  FOG


RELATIVE HUMIDITY (PERCENT)
 HIGHEST    92           200 AM
 LOWEST     63           500 PM
 AVERAGE    78

..........................................................




SUNRISE AND SUNSET
DECEMBER 19 2014......SUNRISE   805 AM EST   SUNSET   511 PM EST
DECEMBER 20 2014......SUNRISE   806 AM EST   SUNSET   511 PM EST


-  INDICATES NEGATIVE NUMBERS.
R  INDICATES RECORD WAS SET OR TIED.
MM INDICATES DATA IS MISSING.
T  INDICATES TRACE AMOUNT.




$$

JAM
