000
CDUS43 KGRR 142232
CLIBTL


CLIMATE REPORT
NATIONAL WEATHER SERVICE GRAND RAPIDS, MI
531 PM EST THU DEC 14 2017


...................................

...THE BATTLE CREEK MI CLIMATE SUMMARY FOR DECEMBER 14 2017...
VALID TODAY AS OF 0500 PM LOCAL TIME.

CLIMATE NORMAL PERIOD 1981 TO 2010
CLIMATE RECORD PERIOD 1998 TO 2017


WEATHER ITEM   OBSERVED TIME   NORMAL DEPARTURE LAST
                VALUE   (LST)  VALUE  FROM      YEAR
                                      NORMAL
......................................................
TEMPERATURE (F)
 TODAY
  MAXIMUM         21    240 PM  35    -14       20
  MINIMUM          0    742 AM  20    -20        9
  AVERAGE         11            28    -17       15

PRECIPITATION (IN)
  TODAY            T             0.06  -0.06      T
  MONTH TO DATE    0.35          0.93  -0.58     0.63
  SINCE DEC 1      0.35          0.93  -0.58     0.63
  SINCE JAN 1     37.06         32.09   4.97    31.01

DEGREE DAYS
 HEATING
  TODAY           54            37     17       50
  MONTH TO DATE  476           491    -15      506
  SINCE DEC 1    476           491    -15      506
  SINCE JUL 1   1671          1929   -258     1349

 COOLING
  TODAY            0             0      0        0
  MONTH TO DATE    0             0      0        0
  SINCE DEC 1      0             0      0        0
  SINCE JAN 1    735           578    157      727
......................................................


WIND (MPH)
  RESULTANT WIND SPEED   2   RESULTANT WIND DIRECTION  NW (310)
  HIGHEST WIND SPEED    18   HIGHEST WIND DIRECTION     N (360)
  HIGHEST GUST SPEED    27   HIGHEST GUST DIRECTION     N (340)
  AVERAGE WIND SPEED     5.3


SKY COVER
  AVERAGE SKY COVER 0.5


WEATHER CONDITIONS
 THE FOLLOWING WEATHER WAS RECORDED TODAY.
  LIGHT SNOW
  FOG
  HAZE


RELATIVE HUMIDITY (PERCENT)
 HIGHEST    95           900 AM
 LOWEST     62          1200 PM
 AVERAGE    79

..........................................................


THE BATTLE CREEK MI CLIMATE NORMALS FOR TOMORROW
                         NORMAL
 MAXIMUM TEMPERATURE (F)   35
 MINIMUM TEMPERATURE (F)   20


SUNRISE AND SUNSET
DECEMBER 14 2017......SUNRISE   802 AM EST   SUNSET   509 PM EST
DECEMBER 15 2017......SUNRISE   803 AM EST   SUNSET   509 PM EST


-  INDICATES NEGATIVE NUMBERS.
R  INDICATES RECORD WAS SET OR TIED.
MM INDICATES DATA IS MISSING.
T  INDICATES TRACE AMOUNT.




$$
