000
CDUS43 KGRR 290531
CLIBTL


CLIMATE REPORT
NATIONAL WEATHER SERVICE GRAND RAPIDS, MI
130 AM EDT TUE JUL 29 2014


...................................

...THE BATTLE CREEK MI CLIMATE SUMMARY FOR JULY 28 2014...

CLIMATE NORMAL PERIOD 1981 TO 2010
CLIMATE RECORD PERIOD 9999 TO 9999


WEATHER ITEM   OBSERVED TIME   NORMAL DEPARTURE LAST
                VALUE   (LST)  VALUE  FROM      YEAR
                                      NORMAL
......................................................
TEMPERATURE (F)
 YESTERDAY
  MAXIMUM         70    324 PM  82    -12       66
  MINIMUM         54   1159 PM  59     -5       52
  AVERAGE         62            70     -8       59

PRECIPITATION (IN)
  YESTERDAY        0.00          0.12  -0.12      T
  MONTH TO DATE    4.13          3.03   1.10     4.63
  SINCE JUN 1      9.70          6.26   3.44     8.37
  SINCE JAN 1     17.66         17.74  -0.08    21.15

DEGREE DAYS
 HEATING
  YESTERDAY        3             0      3        6
  MONTH TO DATE   16             6     10       12
  SINCE JUN 1     34            63    -29       54
  SINCE JUL 1     16             6     10       12

 COOLING
  YESTERDAY        0             6     -6        0
  MONTH TO DATE  101           180    -79      226
  SINCE JUN 1    277           306    -29      372
  SINCE JAN 1    329           344    -15      449
......................................................


WIND (MPH)
  RESULTANT WIND SPEED   9   RESULTANT WIND DIRECTION  NW (320)
  HIGHEST WIND SPEED    18   HIGHEST WIND DIRECTION    NW (310)
  HIGHEST GUST SPEED    24   HIGHEST GUST DIRECTION    NW (300)
  AVERAGE WIND SPEED     9.1


SKY COVER
  AVERAGE SKY COVER 0.7


WEATHER CONDITIONS
 THE FOLLOWING WEATHER WAS RECORDED YESTERDAY.
  FOG
  HAZE


RELATIVE HUMIDITY (PERCENT)
 HIGHEST    90          1200 AM
 LOWEST     55           200 PM
 AVERAGE    73

..........................................................


THE BATTLE CREEK MI CLIMATE NORMALS FOR TODAY
                         NORMAL
 MAXIMUM TEMPERATURE (F)   82
 MINIMUM TEMPERATURE (F)   59


SUNRISE AND SUNSET
JULY 29 2014..........SUNRISE   631 AM EDT   SUNSET   904 PM EDT
JULY 30 2014..........SUNRISE   632 AM EDT   SUNSET   902 PM EDT


-  INDICATES NEGATIVE NUMBERS.
R  INDICATES RECORD WAS SET OR TIED.
MM INDICATES DATA IS MISSING.
T  INDICATES TRACE AMOUNT.




$$
