000
CDUS43 KGRR 070514
CLIBTL


CLIMATE REPORT
NATIONAL WEATHER SERVICE GRAND RAPIDS, MI
113 AM EDT TUE JUL 7 2015


...................................

...THE BATTLE CREEK MI CLIMATE SUMMARY FOR JULY 6 2015...

CLIMATE NORMAL PERIOD 1981 TO 2010
CLIMATE RECORD PERIOD 1998 TO 2015


WEATHER ITEM   OBSERVED TIME   NORMAL DEPARTURE LAST
                VALUE   (LST)  VALUE  FROM      YEAR
                                      NORMAL
......................................................
TEMPERATURE (F)
 YESTERDAY
  MAXIMUM         85    338 PM  83      2       80
  MINIMUM         60    509 AM  59      1       61
  AVERAGE         73            71      2       71

PRECIPITATION (IN)
  YESTERDAY        0.00          0.11  -0.11     0.00
  MONTH TO DATE    0.00          0.64  -0.64     1.51
  SINCE JUN 1      8.57          3.87   4.70     7.08
  SINCE JAN 1     16.82         15.35   1.47    15.04

DEGREE DAYS
 HEATING
  YESTERDAY        0             1     -1        0
  MONTH TO DATE    2             6     -4        2
  SINCE JUN 1     25            63    -38       20
  SINCE JUL 1      2             6     -4        2

 COOLING
  YESTERDAY        8             7      1        6
  MONTH TO DATE   17            38    -21        6
  SINCE JUN 1    157           164     -7      182
  SINCE JAN 1    230           202     28      234
......................................................


WIND (MPH)
  RESULTANT WIND SPEED   9   RESULTANT WIND DIRECTION   S (190)
  HIGHEST WIND SPEED    17   HIGHEST WIND DIRECTION    SW (210)
  HIGHEST GUST SPEED    22   HIGHEST GUST DIRECTION     S (200)
  AVERAGE WIND SPEED     9.2


SKY COVER
  AVERAGE SKY COVER 0.1


WEATHER CONDITIONS
 THE FOLLOWING WEATHER WAS RECORDED YESTERDAY.
  FOG
  HAZE


RELATIVE HUMIDITY (PERCENT)
 HIGHEST    90           500 AM
 LOWEST     55           300 PM
 AVERAGE    73

..........................................................


THE BATTLE CREEK MI CLIMATE NORMALS FOR TODAY
                         NORMAL
 MAXIMUM TEMPERATURE (F)   83
 MINIMUM TEMPERATURE (F)   59


SUNRISE AND SUNSET
JULY  7 2015..........SUNRISE   612 AM EDT   SUNSET   920 PM EDT
JULY  8 2015..........SUNRISE   612 AM EDT   SUNSET   919 PM EDT


-  INDICATES NEGATIVE NUMBERS.
R  INDICATES RECORD WAS SET OR TIED.
MM INDICATES DATA IS MISSING.
T  INDICATES TRACE AMOUNT.




$$
