000
CDUS43 KGRR 240521
CLIBTL


CLIMATE REPORT
NATIONAL WEATHER SERVICE GRAND RAPIDS, MI
118 AM EDT SAT JUN 24 2017


...................................

...THE BATTLE CREEK MI CLIMATE SUMMARY FOR JUNE 23 2017...

CLIMATE NORMAL PERIOD 1981 TO 2010
CLIMATE RECORD PERIOD 1998 TO 2017


WEATHER ITEM   OBSERVED TIME   NORMAL DEPARTURE LAST
                VALUE   (LST)  VALUE  FROM      YEAR
                                      NORMAL
......................................................
TEMPERATURE (F)
 YESTERDAY
  MAXIMUM         76    601 PM  82     -6       78
  MINIMUM         61   1145 PM  57      4       65
  AVERAGE         69            69      0       72

PRECIPITATION (IN)
  YESTERDAY        0.06          0.11  -0.05     0.19
  MONTH TO DATE    0.93          2.51  -1.58     1.39
  SINCE JUN 1      0.93          2.51  -1.58     1.39
  SINCE JAN 1     16.41         13.99   2.42    11.23

DEGREE DAYS
 HEATING
  YESTERDAY        0             1     -1        0
  MONTH TO DATE   10            51    -41       26
  SINCE JUN 1     10            51    -41       26
  SINCE JUL 1   5423          6685  -1262     5441

 COOLING
  YESTERDAY        4             5     -1        7
  MONTH TO DATE  147            84     63      102
  SINCE JUN 1    147            84     63      102
  SINCE JAN 1    184           122     62      157
......................................................


WIND (MPH)
  RESULTANT WIND SPEED   9   RESULTANT WIND DIRECTION   W (260)
  HIGHEST WIND SPEED    22   HIGHEST WIND DIRECTION    SW (220)
  HIGHEST GUST SPEED    28   HIGHEST GUST DIRECTION     S (200)
  AVERAGE WIND SPEED    10.1


SKY COVER
  AVERAGE SKY COVER 0.6


WEATHER CONDITIONS
 THE FOLLOWING WEATHER WAS RECORDED YESTERDAY.
  HEAVY RAIN
  LIGHT RAIN
  FOG


RELATIVE HUMIDITY (PERCENT)
 HIGHEST   100           700 AM
 LOWEST     46           700 PM
 AVERAGE    73

..........................................................


THE BATTLE CREEK MI CLIMATE NORMALS FOR TODAY
                         NORMAL
 MAXIMUM TEMPERATURE (F)   82
 MINIMUM TEMPERATURE (F)   58


SUNRISE AND SUNSET
JUNE 24 2017..........SUNRISE   605 AM EDT   SUNSET   922 PM EDT
JUNE 25 2017..........SUNRISE   606 AM EDT   SUNSET   922 PM EDT


-  INDICATES NEGATIVE NUMBERS.
R  INDICATES RECORD WAS SET OR TIED.
MM INDICATES DATA IS MISSING.
T  INDICATES TRACE AMOUNT.




$$

63
