000
CDUS45 KMSO 230757
CLIBTM


CLIMATE REPORT
NATIONAL WEATHER SERVICE MISSOULA, MT
1257 AM MST SUN NOV 23 2014


...................................

...THE BUTTE MT CLIMATE SUMMARY FOR NOVEMBER 22 2014...

CLIMATE NORMAL PERIOD 1981 TO 2010
CLIMATE RECORD PERIOD 1895 TO 2014


WEATHER ITEM   OBSERVED TIME   RECORD YEAR NORMAL DEPARTURE LAST
                VALUE   (LST)  VALUE       VALUE  FROM      YEAR
                                                  NORMAL
..................................................................
TEMPERATURE (F)
 YESTERDAY
  MAXIMUM         39    223 AM  67    1917  36      3       32
  MINIMUM         26    731 PM -27    1985  12     14        0
  AVERAGE         33                        24      9       16

PRECIPITATION (IN)
  YESTERDAY        0.11          0.35 1903   0.02   0.09     0.00
  MONTH TO DATE    0.34                      0.45  -0.11     0.20
  SINCE OCT 1      1.17                      1.23  -0.06     0.82
  SINCE JAN 1     13.61                     12.11   1.50    11.10

SNOWFALL (IN)
  YESTERDAY       MM
  MONTH TO DATE    0.0
  SINCE JAN 1      0.0
  SINCE JUL 1      0.0
  SNOW DEPTH      MM

DEGREE DAYS
 HEATING
  YESTERDAY       32                        41     -9       49
  MONTH TO DATE  937                       774    163      730
  SINCE SEP 1   1895                      1917    -22     1905
  SINCE JUL 1   2058                      2145    -87     1972

 COOLING
  YESTERDAY        0                         0      0        0
  MONTH TO DATE    0                         0      0        0
  SINCE SEP 1      1                         2     -1        8
  SINCE JAN 1     78                        81     -3      104
..................................................................


WIND (MPH)
  HIGHEST WIND SPEED    24   HIGHEST WIND DIRECTION    NW (310)
  HIGHEST GUST SPEED    33   HIGHEST GUST DIRECTION    NW (310)
  AVERAGE WIND SPEED     9.0


SKY COVER
  POSSIBLE SUNSHINE  MM
  AVERAGE SKY COVER 0.8


WEATHER CONDITIONS
 THE FOLLOWING WEATHER WAS RECORDED YESTERDAY.
  LIGHT RAIN
  LIGHT SNOW
  FOG


RELATIVE HUMIDITY (PERCENT)
 HIGHEST    96           700 AM
 LOWEST     40           200 PM
 AVERAGE    68

..........................................................


THE BUTTE MT CLIMATE NORMALS FOR TODAY
                         NORMAL    RECORD    YEAR
 MAXIMUM TEMPERATURE (F)   36        68      1917
 MINIMUM TEMPERATURE (F)   12       -29      1985


SUNRISE AND SUNSET
NOVEMBER 23 2014......SUNRISE   741 AM MST   SUNSET   451 PM MST
NOVEMBER 24 2014......SUNRISE   743 AM MST   SUNSET   450 PM MST


-  INDICATES NEGATIVE NUMBERS.
R  INDICATES RECORD WAS SET OR TIED.
MM INDICATES DATA IS MISSING.
T  INDICATES TRACE AMOUNT.




$$
