133
CDUS45 KMSO 240738
CLIBTM


CLIMATE REPORT
NATIONAL WEATHER SERVICE MISSOULA, MT
1237 AM MST FRI NOV 24 2017


...................................

...THE BUTTE MT CLIMATE SUMMARY FOR NOVEMBER 23 2017...

CLIMATE NORMAL PERIOD 1981 TO 2010
CLIMATE RECORD PERIOD 1895 TO 2017


WEATHER ITEM   OBSERVED TIME   RECORD YEAR NORMAL DEPARTURE LAST
                VALUE   (LST)  VALUE       VALUE  FROM      YEAR
                                                  NORMAL
..................................................................
TEMPERATURE (F)
 YESTERDAY
  MAXIMUM         59    150 PM  68    1917  36     23       39
  MINIMUM         29    723 AM -29    1985  12     17       23
  AVERAGE         44                        24     20       31

PRECIPITATION (IN)
  YESTERDAY        0.09          0.80 1909   0.02   0.07     0.02
  MONTH TO DATE    0.74                      0.47   0.27     0.36
  SINCE OCT 1      0.91                      1.25  -0.34     2.67
  SINCE JAN 1     11.44                     12.13  -0.69    10.05

SNOWFALL (IN)
  YESTERDAY       MM
  MONTH TO DATE   MM
  SINCE JAN 1     MM
  SINCE JUL 1     MM
  SNOW DEPTH      MM

DEGREE DAYS
 HEATING
  YESTERDAY       21                        41    -20       34
  MONTH TO DATE  886                       815     71      615
  SINCE SEP 1   2094                      1958    136     1729
  SINCE JUL 1   2167                      2186    -19     2027

 COOLING
  YESTERDAY        0                         0      0        0
  MONTH TO DATE    0                         0      0        0
  SINCE SEP 1      5                         2      3        3
  SINCE JAN 1    129                        81     48       57
..................................................................


WIND (MPH)
  HIGHEST WIND SPEED    29   HIGHEST WIND DIRECTION     W (260)
  HIGHEST GUST SPEED    44   HIGHEST GUST DIRECTION    SW (230)
  AVERAGE WIND SPEED     8.2


SKY COVER
  POSSIBLE SUNSHINE  MM
  AVERAGE SKY COVER 0.2


WEATHER CONDITIONS
 THE FOLLOWING WEATHER WAS RECORDED YESTERDAY.
  RAIN
  LIGHT RAIN


RELATIVE HUMIDITY (PERCENT)
 HIGHEST    89           500 AM
 LOWEST     36           200 PM
 AVERAGE    63

..........................................................


THE BUTTE MT CLIMATE NORMALS FOR TODAY
                         NORMAL    RECORD    YEAR
 MAXIMUM TEMPERATURE (F)   35        69      1917
 MINIMUM TEMPERATURE (F)   11       -22      2010


SUNRISE AND SUNSET
NOVEMBER 24 2017......SUNRISE   743 AM MST   SUNSET   450 PM MST
NOVEMBER 25 2017......SUNRISE   744 AM MST   SUNSET   450 PM MST


-  INDICATES NEGATIVE NUMBERS.
R  INDICATES RECORD WAS SET OR TIED.
MM INDICATES DATA IS MISSING.
T  INDICATES TRACE AMOUNT.




$$
