000
CDUS45 KMSO 220739
CLIBTM


CLIMATE REPORT
NATIONAL WEATHER SERVICE MISSOULA, MT
138 AM MDT FRI AUG 22 2014


...................................

...THE BUTTE MT CLIMATE SUMMARY FOR AUGUST 21 2014...

CLIMATE NORMAL PERIOD 1981 TO 2010
CLIMATE RECORD PERIOD 1895 TO 2014


WEATHER ITEM   OBSERVED TIME   RECORD YEAR NORMAL DEPARTURE LAST
                VALUE   (LST)  VALUE       VALUE  FROM      YEAR
                                                  NORMAL
..................................................................
TEMPERATURE (F)
 YESTERDAY
  MAXIMUM         68    107 PM  92    2009  79    -11       86
  MINIMUM         49    559 AM  29    1966  43      6       44
  AVERAGE         59                        61     -2       65

PRECIPITATION (IN)
  YESTERDAY        0.17          1.40 1933   0.05   0.12     0.00
  MONTH TO DATE    1.73                      0.93   0.80     0.74
  SINCE OCT 1     11.17                     11.34  -0.17     8.04
  SINCE JAN 1     10.13                      9.45   0.68     6.41

SNOWFALL (IN)
  YESTERDAY       MM
  MONTH TO DATE   MM
  SINCE JAN 1     MM
  SINCE JUL 1     MM
  SNOW DEPTH      MM

DEGREE DAYS
 HEATING
  YESTERDAY        6                         5      1        0
  MONTH TO DATE   35                        66    -31       35
  SINCE JUN 1    423                       453    -30      296
  SINCE JUL 1     70                       166    -96       53

 COOLING
  YESTERDAY        0                         1     -1        0
  MONTH TO DATE   16                        23     -7       12
  SINCE JUN 1     77                        74      3       93
  SINCE JAN 1     77                        74      3       93
..................................................................


WIND (MPH)
  HIGHEST WIND SPEED    23   HIGHEST WIND DIRECTION     S (160)
  HIGHEST GUST SPEED    28   HIGHEST GUST DIRECTION     S (160)
  AVERAGE WIND SPEED     4.5


SKY COVER
  POSSIBLE SUNSHINE  MM
  AVERAGE SKY COVER 0.6


WEATHER CONDITIONS
 THE FOLLOWING WEATHER WAS RECORDED YESTERDAY.
  THUNDERSTORM
  LIGHT RAIN
  FOG


RELATIVE HUMIDITY (PERCENT)
 HIGHEST    93           600 AM
 LOWEST     37           100 PM
 AVERAGE    65

..........................................................


THE BUTTE MT CLIMATE NORMALS FOR TODAY
                         NORMAL    RECORD    YEAR
 MAXIMUM TEMPERATURE (F)   78        94      1976
 MINIMUM TEMPERATURE (F)   43        32      1988


SUNRISE AND SUNSET
AUGUST 22 2014........SUNRISE   638 AM MDT   SUNSET   826 PM MDT
AUGUST 23 2014........SUNRISE   640 AM MDT   SUNSET   825 PM MDT


-  INDICATES NEGATIVE NUMBERS.
R  INDICATES RECORD WAS SET OR TIED.
MM INDICATES DATA IS MISSING.
T  INDICATES TRACE AMOUNT.




$$
