000
CDUS45 KMSO 262338
CLIBTM


CLIMATE REPORT
NATIONAL WEATHER SERVICE MISSOULA, MT
438 PM MST SUN FEB 26 2017


...................................

...THE BUTTE MT CLIMATE SUMMARY FOR FEBRUARY 26 2017...
VALID TODAY AS OF 0400 PM LOCAL TIME.

CLIMATE NORMAL PERIOD 1981 TO 2010
CLIMATE RECORD PERIOD 1895 TO 2017


WEATHER ITEM   OBSERVED TIME   RECORD YEAR NORMAL DEPARTURE LAST
                VALUE   (LST)  VALUE       VALUE  FROM      YEAR
                                                  NORMAL
..................................................................
TEMPERATURE (F)
 TODAY
  MAXIMUM         26    343 PM  58    1950  38    -12       51
  MINIMUM         20    856 AM -35    1962  12      8       16
  AVERAGE         23                        25     -2       34

PRECIPITATION (IN)
  TODAY            0.00          0.32 1904   0.02  -0.02     0.00
  MONTH TO DATE    0.48                      0.40   0.08     0.09
  SINCE OCT 1      4.01                      2.76   1.25     3.17
  SINCE JAN 1      0.79                      0.87  -0.08     0.43

SNOWFALL (IN)
  TODAY           MM
  MONTH TO DATE   MM
  SINCE JAN 1     MM
  SINCE JUL 1     MM
  SNOW DEPTH      MM

DEGREE DAYS
 HEATING
  TODAY           42                        40      2       31
  MONTH TO DATE 1041                      1120    -79      972
  SINCE DEC 1   4399                      4001    398     3884
  SINCE JUL 1   6693                      6491    202     6304

 COOLING
  TODAY            0                         0      0        0
  MONTH TO DATE    0                         0      0        0
  SINCE DEC 1      0                         0      0        0
  SINCE JAN 1      0                         0      0        0
..................................................................


WIND (MPH)
  HIGHEST WIND SPEED    17   HIGHEST WIND DIRECTION     S (180)
  HIGHEST GUST SPEED    20   HIGHEST GUST DIRECTION     S (190)
  AVERAGE WIND SPEED     7.4


SKY COVER
  POSSIBLE SUNSHINE  MM
  AVERAGE SKY COVER 1.0


WEATHER CONDITIONS
 THE FOLLOWING WEATHER WAS RECORDED TODAY.
  NO SIGNIFICANT WEATHER WAS OBSERVED.


RELATIVE HUMIDITY (PERCENT)
 HIGHEST    67           800 AM
 LOWEST     50           300 PM
 AVERAGE    59

..........................................................


THE BUTTE MT CLIMATE NORMALS FOR TOMORROW
                         NORMAL    RECORD    YEAR
 MAXIMUM TEMPERATURE (F)   38        60      1932
 MINIMUM TEMPERATURE (F)   13       -33      1962


SUNRISE AND SUNSET
FEBRUARY 26 2017......SUNRISE   714 AM MST   SUNSET   613 PM MST
FEBRUARY 27 2017......SUNRISE   712 AM MST   SUNSET   614 PM MST


-  INDICATES NEGATIVE NUMBERS.
R  INDICATES RECORD WAS SET OR TIED.
MM INDICATES DATA IS MISSING.
T  INDICATES TRACE AMOUNT.




$$
