000
CDUS44 KLIX 220801
CLIBTR


CLIMATE REPORT
NATIONAL WEATHER SERVICE NEW ORLEANS
201 AM CST WED NOV 22 2017


...................................

...THE BATON ROUGE  ASOS CLIMATE SUMMARY FOR NOVEMBER 21 2017...

CLIMATE NORMAL PERIOD 1981 TO 2010
CLIMATE RECORD PERIOD 1894 TO 2017


WEATHER ITEM   OBSERVED TIME   RECORD YEAR NORMAL DEPARTURE LAST
                VALUE   (LST)  VALUE       VALUE  FROM      YEAR
                                                  NORMAL
..................................................................
TEMPERATURE (F)
 YESTERDAY
  MAXIMUM         68    256 PM  87    1942  70     -2       69
                                      1900
  MINIMUM         41    635 AM  25    1937  47     -6       32
  AVERAGE         55                        59     -4       51

PRECIPITATION (IN)
  YESTERDAY        0.09          2.43 1948   0.13  -0.04     0.00
  MONTH TO DATE    1.92                      2.85  -0.93     0.45
  SINCE SEP 1      5.62                     12.09  -6.47     3.54
  SINCE JAN 1     61.01                     53.80   7.21    78.69

SNOWFALL (IN)
  YESTERDAY       MM
  MONTH TO DATE    0.0
  SINCE SEP 1      0.0
  SINCE JUL 1      0.0
  SNOW DEPTH       0

DEGREE DAYS
 HEATING
  YESTERDAY       10                         8      2       14
  MONTH TO DATE   69                       112    -43       67
  SINCE SEP 1    126                       158    -32       74
  SINCE JUL 1    126                       158    -32       74

 COOLING
  YESTERDAY        0                         1     -1        0
  MONTH TO DATE   75                        40     35       57
  SINCE SEP 1    713                       629     84      829
  SINCE JAN 1   2972                      2790    182     3105
..................................................................


WIND (MPH)
  HIGHEST WIND SPEED    14   HIGHEST WIND DIRECTION     N (10)
  HIGHEST GUST SPEED    18   HIGHEST GUST DIRECTION     N (20)
  AVERAGE WIND SPEED     5.3


SKY COVER
  POSSIBLE SUNSHINE  MM
  AVERAGE SKY COVER 0.6


WEATHER CONDITIONS
 THE FOLLOWING WEATHER WAS RECORDED YESTERDAY.
  LIGHT RAIN
  FOG


RELATIVE HUMIDITY (PERCENT)
 HIGHEST    96           200 AM
 LOWEST     58           200 PM
 AVERAGE    77

..........................................................


THE BATON ROUGE  ASOS CLIMATE NORMALS FOR TODAY
                         NORMAL    RECORD    YEAR
 MAXIMUM TEMPERATURE (F)   70        88      1900
 MINIMUM TEMPERATURE (F)   47        27      2000


SUNRISE AND SUNSET
NOVEMBER 22 2017......SUNRISE   637 AM CST   SUNSET   505 PM CST
NOVEMBER 23 2017......SUNRISE   638 AM CST   SUNSET   504 PM CST


-  INDICATES NEGATIVE NUMBERS.
R  INDICATES RECORD WAS SET OR TIED.
MM INDICATES DATA IS MISSING.
T  INDICATES TRACE AMOUNT.




$$
