000
CDUS44 KLIX 250749
CLIBTR


CLIMATE REPORT
NATIONAL WEATHER SERVICE NEW ORLEANS
239 AM CDT MON MAY 25 2015


...................................

...THE BATON ROUGE  ASOS CLIMATE SUMMARY FOR MAY 24 2015...

CLIMATE NORMAL PERIOD 1981 TO 2010
CLIMATE RECORD PERIOD 1894 TO 2015


WEATHER ITEM   OBSERVED TIME   RECORD YEAR NORMAL DEPARTURE LAST
                VALUE   (LST)  VALUE       VALUE  FROM      YEAR
                                                  NORMAL
..................................................................
TEMPERATURE (F)
 YESTERDAY
  MAXIMUM         89    209 PM  95    2010  88      1       86
                                      1941
                                      1915
  MINIMUM         70   1159 PM  54    1913  67      3       66
  AVERAGE         80                        78      2       76

PRECIPITATION (IN)
  YESTERDAY        0.67          2.30 1907   0.18   0.49     0.00
  MONTH TO DATE    3.47                      3.71  -0.24     4.42
  SINCE MAR 1     14.93                     12.58   2.35    11.17
  SINCE JAN 1     24.68                     23.34   1.34    20.44

SNOWFALL (IN)
  YESTERDAY        0.0
  MONTH TO DATE    0.0
  SINCE MAR 1      T
  SINCE JUL 1      T
  SNOW DEPTH       0

DEGREE DAYS
 HEATING
  YESTERDAY        0                         0      0        0
  MONTH TO DATE    0                         0      0        6
  SINCE MAR 1     99                       218   -119      278
  SINCE JUL 1   1641                      1553     88     1984

 COOLING
  YESTERDAY       15                        13      2       11
  MONTH TO DATE  276                       240     36      209
  SINCE MAR 1    583                       440    143      402
  SINCE JAN 1    587                       471    116      422
..................................................................


WIND (MPH)
  HIGHEST WIND SPEED    25   HIGHEST WIND DIRECTION     S (190)
  HIGHEST GUST SPEED    35   HIGHEST GUST DIRECTION     S (180)
  AVERAGE WIND SPEED    10.2


SKY COVER
  POSSIBLE SUNSHINE  MM
  AVERAGE SKY COVER 0.5


WEATHER CONDITIONS
 THE FOLLOWING WEATHER WAS RECORDED YESTERDAY.
  THUNDERSTORM
  HEAVY RAIN
  RAIN
  LIGHT RAIN
  FOG


RELATIVE HUMIDITY (PERCENT)
 HIGHEST   100           400 AM
 LOWEST     55           100 PM
 AVERAGE    78

..........................................................


THE BATON ROUGE  ASOS CLIMATE NORMALS FOR TODAY
                         NORMAL    RECORD    YEAR
 MAXIMUM TEMPERATURE (F)   88        98      1922
                                             1921
 MINIMUM TEMPERATURE (F)   68        52      1979
                                             1940


SUNRISE AND SUNSET
MAY 25 2015...........SUNRISE   605 AM CDT   SUNSET   758 PM CDT
MAY 26 2015...........SUNRISE   605 AM CDT   SUNSET   759 PM CDT


-  INDICATES NEGATIVE NUMBERS.
R  INDICATES RECORD WAS SET OR TIED.
MM INDICATES DATA IS MISSING.
T  INDICATES TRACE AMOUNT.




$$
