000
CDUS44 KLIX 200802
CLIBTR


CLIMATE REPORT
NATIONAL WEATHER SERVICE NEW ORLEANS
201 AM CST SAT DEC 20 2014


...................................

...THE BATON ROUGE  ASOS CLIMATE SUMMARY FOR DECEMBER 19 2014...

CLIMATE NORMAL PERIOD 1981 TO 2010
CLIMATE RECORD PERIOD 1894 TO 2014


WEATHER ITEM   OBSERVED TIME   RECORD YEAR NORMAL DEPARTURE LAST
                VALUE   (LST)  VALUE       VALUE  FROM      YEAR
                                                  NORMAL
..................................................................
TEMPERATURE (F)
 YESTERDAY
  MAXIMUM         56   1149 AM  84    1908  63     -7       74
  MINIMUM         47    649 PM  16    1901  42      5       43
  AVERAGE         52                        53     -1       59

PRECIPITATION (IN)
  YESTERDAY        2.41R         1.54 1956   0.18   2.23     0.00
  MONTH TO DATE    2.54                      3.34  -0.80     3.06
  SINCE DEC 1      2.54                      3.34  -0.80     3.06
  SINCE JAN 1     58.57                     58.39   0.18    68.20

SNOWFALL (IN)
  YESTERDAY       MM
  MONTH TO DATE    0.0
  SINCE DEC 1      0.0
  SINCE JUL 1      0.0
  SNOW DEPTH       0

DEGREE DAYS
 HEATING
  YESTERDAY       13                        13      0        6
  MONTH TO DATE  145                       219    -74      255
  SINCE DEC 1    145                       219    -74      255
  SINCE JUL 1    486                       454     32      542

 COOLING
  YESTERDAY        0                         1     -1        0
  MONTH TO DATE   13                        19     -6       32
  SINCE DEC 1     13                        19     -6       32
  SINCE JAN 1   2693                      2820   -127     2698
..................................................................


WIND (MPH)
  HIGHEST WIND SPEED    16   HIGHEST WIND DIRECTION    NE (50)
  HIGHEST GUST SPEED    23   HIGHEST GUST DIRECTION     E (70)
  AVERAGE WIND SPEED     8.6


SKY COVER
  POSSIBLE SUNSHINE  MM
  AVERAGE SKY COVER 1.0


WEATHER CONDITIONS
 THE FOLLOWING WEATHER WAS RECORDED YESTERDAY.
  HEAVY RAIN
  RAIN
  LIGHT RAIN
  FOG


RELATIVE HUMIDITY (PERCENT)
 HIGHEST   100           200 AM
 LOWEST     86           900 AM
 AVERAGE    93

..........................................................


THE BATON ROUGE  ASOS CLIMATE NORMALS FOR TODAY
                         NORMAL    RECORD    YEAR
 MAXIMUM TEMPERATURE (F)   63        81      1967
 MINIMUM TEMPERATURE (F)   42        18      1996


SUNRISE AND SUNSET
DECEMBER 20 2014......SUNRISE   657 AM CST   SUNSET   507 PM CST
DECEMBER 21 2014......SUNRISE   658 AM CST   SUNSET   508 PM CST


-  INDICATES NEGATIVE NUMBERS.
R  INDICATES RECORD WAS SET OR TIED.
MM INDICATES DATA IS MISSING.
T  INDICATES TRACE AMOUNT.




$$
