000
CDUS44 KLIX 050704
CLIBTR


CLIMATE REPORT
NATIONAL WEATHER SERVICE NEW ORLEANS
204 AM CDT SUN JUL 5 2015


...................................

...THE BATON ROUGE  ASOS CLIMATE SUMMARY FOR JULY 4 2015...

CLIMATE NORMAL PERIOD 1981 TO 2010
CLIMATE RECORD PERIOD 1894 TO 2015


WEATHER ITEM   OBSERVED TIME   RECORD YEAR NORMAL DEPARTURE LAST
                VALUE   (LST)  VALUE       VALUE  FROM      YEAR
                                                  NORMAL
..................................................................
TEMPERATURE (F)
 YESTERDAY
  MAXIMUM         90   1101 AM 102    1921  92     -2       90
  MINIMUM         70   1154 AM  62    1947  74     -4       71
  AVERAGE         80                        83     -3       81

PRECIPITATION (IN)
  YESTERDAY        0.19          2.11 1915   0.18   0.01     0.00
  MONTH TO DATE    0.28                      0.73  -0.45      T
  SINCE JUN 1      6.26                      7.14  -0.88    11.36
  SINCE JAN 1     38.64                     31.66   6.98    35.70

SNOWFALL (IN)
  YESTERDAY        0.0
  MONTH TO DATE    0.0
  SINCE JUN 1      0.0
  SINCE JUL 1      0.0
  SNOW DEPTH       0

DEGREE DAYS
 HEATING
  YESTERDAY        0                         0      0        0
  MONTH TO DATE    0                         0      0        0
  SINCE JUN 1      0                         0      0        0
  SINCE JUL 1      0                         0      0        0

 COOLING
  YESTERDAY       15                        18     -3       16
  MONTH TO DATE   69                        72     -3       71
  SINCE JUN 1    565                       556      9      540
  SINCE JAN 1   1236                      1121    115     1046
..................................................................


WIND (MPH)
  HIGHEST WIND SPEED    35   HIGHEST WIND DIRECTION    SW (230)
  HIGHEST GUST SPEED    51   HIGHEST GUST DIRECTION    SW (230)
  AVERAGE WIND SPEED     5.1


SKY COVER
  POSSIBLE SUNSHINE  MM
  AVERAGE SKY COVER 0.3


WEATHER CONDITIONS
 THE FOLLOWING WEATHER WAS RECORDED YESTERDAY.
  THUNDERSTORM
  HEAVY RAIN
  RAIN
  LIGHT RAIN
  FOG


RELATIVE HUMIDITY (PERCENT)
 HIGHEST   100           800 PM
 LOWEST     63          1100 AM
 AVERAGE    82

..........................................................


THE BATON ROUGE  ASOS CLIMATE NORMALS FOR TODAY
                         NORMAL    RECORD    YEAR
 MAXIMUM TEMPERATURE (F)   92       101      1921
 MINIMUM TEMPERATURE (F)   74        64      1918


SUNRISE AND SUNSET
JULY  5 2015..........SUNRISE   607 AM CDT   SUNSET   811 PM CDT
JULY  6 2015..........SUNRISE   608 AM CDT   SUNSET   811 PM CDT


-  INDICATES NEGATIVE NUMBERS.
R  INDICATES RECORD WAS SET OR TIED.
MM INDICATES DATA IS MISSING.
T  INDICATES TRACE AMOUNT.




$$
