000
CDUS44 KLIX 230801
CLIBTR


CLIMATE REPORT
NATIONAL WEATHER SERVICE NEW ORLEANS
201 AM CST THU FEB 23 2017


...................................

...THE BATON ROUGE  ASOS CLIMATE SUMMARY FOR FEBRUARY 22 2017...

CLIMATE NORMAL PERIOD 1981 TO 2010
CLIMATE RECORD PERIOD 1894 TO 2017


WEATHER ITEM   OBSERVED TIME   RECORD YEAR NORMAL DEPARTURE LAST
                VALUE   (LST)  VALUE       VALUE  FROM      YEAR
                                                  NORMAL
..................................................................
TEMPERATURE (F)
 YESTERDAY
  MAXIMUM         77    414 PM  87    1925  67     10       70
  MINIMUM         57   1159 PM  24    1978  46     11       61
  AVERAGE         67                        57     10       66

PRECIPITATION (IN)
  YESTERDAY        T             3.00 1932   0.17  -0.17     0.41
  MONTH TO DATE    1.28                      4.04  -2.76     2.88
  SINCE DEC 1     20.67                     15.36   5.31    14.94
  SINCE JAN 1     10.96                      9.76   1.20     8.61

SNOWFALL (IN)
  YESTERDAY        0.0
  MONTH TO DATE    0.0
  SINCE DEC 1      0.0
  SINCE JUL 1      0.0
  SNOW DEPTH       0

DEGREE DAYS
 HEATING
  YESTERDAY        0                         9     -9        0
  MONTH TO DATE   81                       245   -164      193
  SINCE DEC 1    574                      1050   -476      809
  SINCE JUL 1    687                      1285   -598      920

 COOLING
  YESTERDAY        2                         1      1        1
  MONTH TO DATE   64                        20     44       13
  SINCE DEC 1    183                        55    128      104
  SINCE JAN 1    118                        33     85       17
..................................................................


WIND (MPH)
  HIGHEST WIND SPEED    12   HIGHEST WIND DIRECTION    NE (50)
  HIGHEST GUST SPEED    17   HIGHEST GUST DIRECTION     N (350)
  AVERAGE WIND SPEED     4.4


SKY COVER
  POSSIBLE SUNSHINE  MM
  AVERAGE SKY COVER 0.4


WEATHER CONDITIONS
 THE FOLLOWING WEATHER WAS RECORDED YESTERDAY.
  NO SIGNIFICANT WEATHER WAS OBSERVED.


RELATIVE HUMIDITY (PERCENT)
 HIGHEST    93           600 AM
 LOWEST     43           400 PM
 AVERAGE    68

..........................................................


THE BATON ROUGE  ASOS CLIMATE NORMALS FOR TODAY
                         NORMAL    RECORD    YEAR
 MAXIMUM TEMPERATURE (F)   68        82      1909
 MINIMUM TEMPERATURE (F)   46        25      1964
                                             1939


SUNRISE AND SUNSET
FEBRUARY 23 2017......SUNRISE   637 AM CST   SUNSET   559 PM CST
FEBRUARY 24 2017......SUNRISE   636 AM CST   SUNSET   600 PM CST


-  INDICATES NEGATIVE NUMBERS.
R  INDICATES RECORD WAS SET OR TIED.
MM INDICATES DATA IS MISSING.
T  INDICATES TRACE AMOUNT.




$$
