000
CDUS41 KBTV 170537
CLIBTV


CLIMATE REPORT
NATIONAL WEATHER SERVICE BURLINGTON VT
1233 AM EST SUN DEC 17 2017


...................................

...THE BURLINGTON VT CLIMATE SUMMARY FOR DECEMBER 16 2017...

CLIMATE NORMAL PERIOD 1981 TO 2010
CLIMATE RECORD PERIOD 1884 TO 2017


WEATHER ITEM   OBSERVED TIME   RECORD YEAR NORMAL DEPARTURE LAST
                VALUE   (LST)  VALUE       VALUE  FROM      YEAR
                                                  NORMAL
..................................................................
TEMPERATURE (F)
 YESTERDAY
  MAXIMUM         29    149 PM  54    1982  33     -4       16
  MINIMUM         12   1159 PM -18    1917  18     -6       -3
  AVERAGE         21                        26     -5        7

PRECIPITATION (IN)
  YESTERDAY        T             1.03 2007   0.07  -0.07      T
  MONTH TO DATE    0.88                      1.33  -0.45     1.10
  SINCE DEC 1      0.88                      1.33  -0.45     1.10
  SINCE JAN 1     38.60                     35.77   2.83    26.48

SNOWFALL (IN)
  YESTERDAY        T            11.9  2007   0.6   -0.6       T
  MONTH TO DATE    8.7                       8.2    0.5      8.4
  SINCE DEC 1      8.7                       8.2    0.5      8.4
  SINCE JUL 1     11.7                      13.6   -1.9     12.7
  SNOW DEPTH       5

DEGREE DAYS
 HEATING
  YESTERDAY       44                        39      5       58
  MONTH TO DATE  565                       579    -14      565
  SINCE DEC 1    565                       579    -14      565
  SINCE JUL 1   1704                      2124   -420     1770

 COOLING
  YESTERDAY        0                         0      0        0
  MONTH TO DATE    0                         0      0        0
  SINCE DEC 1      0                         0      0        0
  SINCE JAN 1    652                       491    161      855
..................................................................


WIND (MPH)
  HIGHEST WIND SPEED    20   HIGHEST WIND DIRECTION    NW (320)
  HIGHEST GUST SPEED    25   HIGHEST GUST DIRECTION    NW (320)
  AVERAGE WIND SPEED     8.1


SKY COVER
  POSSIBLE SUNSHINE  MM
  AVERAGE SKY COVER 0.7


WEATHER CONDITIONS
 THE FOLLOWING WEATHER WAS RECORDED YESTERDAY.
  LIGHT SNOW
  HAZE


RELATIVE HUMIDITY (PERCENT)
 HIGHEST    74          1000 AM
 LOWEST     56           600 PM
 AVERAGE    65

..........................................................


THE BURLINGTON VT CLIMATE NORMALS FOR TODAY
                         NORMAL    RECORD    YEAR
 MAXIMUM TEMPERATURE (F)   33        56      2000
 MINIMUM TEMPERATURE (F)   18       -11      2013


SUNRISE AND SUNSET
DECEMBER 17 2017......SUNRISE   724 AM EST   SUNSET   414 PM EST
DECEMBER 18 2017......SUNRISE   724 AM EST   SUNSET   414 PM EST


-  INDICATES NEGATIVE NUMBERS.
R  INDICATES RECORD WAS SET OR TIED.
MM INDICATES DATA IS MISSING.
T  INDICATES TRACE AMOUNT.


&&

LAKE CHAMPLAIN DATA:
LEVEL...............94.72 FEET
TEMPERATURE.........40 DEGREES

MOUNT MANSFIELD DATA:
HIGH................10 DEGREES
LOW.................5 DEGREES
PRECIPITATION.......0.06 INCHES
NEW SNOW............2.0 INCHES
SNOW AT STAKE.......32 INCHES

$$
