416
CDUS41 KBTV 141334
CLIBTV

CLIMATE REPORT
NATIONAL WEATHER SERVICE BURLINGTON VT
835 AM EST SUN FEB 14 2016


...................................

...THE BURLINGTON VT CLIMATE SUMMARY FOR FEBRUARY 13 2016...

CLIMATE NORMAL PERIOD 1981 TO 2010
CLIMATE RECORD PERIOD 1884 TO 2016


WEATHER ITEM   OBSERVED TIME   RECORD YEAR NORMAL DEPARTURE LAST
                VALUE   (LST)  VALUE       VALUE  FROM      YEAR
                                                  NORMAL
..................................................................
TEMPERATURE (F)
 YESTERDAY
  MAXIMUM         20    113 AM  53    1984  30    -10        6
                                      1937
  MINIMUM        -12   1159 PM -25    1967  12    -24      -11
  AVERAGE          4                        21    -17       -2

PRECIPITATION (IN)
  YESTERDAY        0.01          0.84 1966   0.06  -0.05      T
  MONTH TO DATE    0.38                      0.82  -0.44     0.80
  SINCE DEC 1      6.01                      5.26   0.75     4.94
  SINCE JAN 1      1.57                      2.88  -1.31     2.09

SNOWFALL (IN)
  YESTERDAY        0.2           6.7  1988   0.6   -0.4      0.6
  MONTH TO DATE    4.2                       7.9   -3.9     16.0
  SINCE DEC 1     24.4                      46.9  -22.5     58.6
  SINCE JUL 1     24.6                      52.3  -27.7     69.2
  SNOW DEPTH       0

DEGREE DAYS
 HEATING
  YESTERDAY       61                        44     17       67
  MONTH TO DATE  495                       586   -155      739
  SINCE DEC 1   2524                      3235   -775     3332
  SINCE JUL 1   3763                      4780  -1081     4657

 COOLING
  YESTERDAY        0                         0      0        0
  MONTH TO DATE    0                         0      0        0
  SINCE DEC 1      0                         0      0        0
  SINCE JAN 1      0                         0      0        0
..................................................................


WIND (MPH)
  HIGHEST WIND SPEED    20   HIGHEST WIND DIRECTION    NW (320)
  HIGHEST GUST SPEED    27   HIGHEST GUST DIRECTION    NW (310)
  AVERAGE WIND SPEED    15.8


SKY COVER
  POSSIBLE SUNSHINE  MM
  AVERAGE SKY COVER 0.9


WEATHER CONDITIONS
 THE FOLLOWING WEATHER WAS RECORDED YESTERDAY.
  LIGHT SNOW


RELATIVE HUMIDITY (PERCENT)
 HIGHEST    69           800 AM
 LOWEST     45           200 PM
 AVERAGE    57

..........................................................


THE BURLINGTON VT CLIMATE NORMALS FOR TODAY
                         NORMAL    RECORD    YEAR
 MAXIMUM TEMPERATURE (F)   30        55      1946
 MINIMUM TEMPERATURE (F)   12       -19      1987
                                             1979


SUNRISE AND SUNSET
FEBRUARY 14 2016......SUNRISE   655 AM EST   SUNSET   519 PM EST
FEBRUARY 15 2016......SUNRISE   653 AM EST   SUNSET   521 PM EST


-  INDICATES NEGATIVE NUMBERS.
R  INDICATES RECORD WAS SET OR TIED.
MM INDICATES DATA IS MISSING.
T  INDICATES TRACE AMOUNT.

&&

LAKE CHAMPLAIN DATA:
LEVEL...............95.96 FEET
TEMPERATURE.........35 DEGREES

MOUNT MANSFIELD DATA:
HIGH.................9 DEGREES
LOW..................-22 DEGREES
PRECIPITATION........0.00 INCHES
NEW SNOW.............0.00 INCHES
SNOW AT THE STAKE....24 INCHES

$$
