000
CDUS41 KBTV 010548
CLIBTV


CLIMATE REPORT
NATIONAL WEATHER SERVICE BURLINGTON VT
148 AM EDT MON MAY 1 2017


...................................

...THE BURLINGTON VT CLIMATE SUMMARY FOR APRIL 30 2017...

CLIMATE NORMAL PERIOD 1981 TO 2010
CLIMATE RECORD PERIOD 1884 TO 2017


WEATHER ITEM   OBSERVED TIME   RECORD YEAR NORMAL DEPARTURE LAST
                VALUE   (LST)  VALUE       VALUE  FROM      YEAR
                                                  NORMAL
..................................................................
TEMPERATURE (F)
 YESTERDAY
  MAXIMUM         46    703 PM  84    2004  62    -16       61
  MINIMUM         38    518 AM  27    2012  40     -2       33
                                      1978
                                      1967
  AVERAGE         42                        51     -9       47

PRECIPITATION (IN)
  YESTERDAY        0.02          0.99 1948   0.10  -0.08     0.00
  MONTH TO DATE    3.83                      2.82   1.01     1.80
  SINCE MAR 1      7.10                      5.04   2.06     4.06
  SINCE JAN 1     11.77                      8.86   2.91     8.39

SNOWFALL (IN)
  YESTERDAY        0.0           0.2  1909   0.1   -0.1      0.0
  MONTH TO DATE    4.4                       4.6   -0.2      3.5
  SINCE MAR 1     41.2                      20.4   20.8      5.3
  SINCE JUL 1    100.4                      81.2   19.2     34.3
  SNOW DEPTH       0

DEGREE DAYS
 HEATING
  YESTERDAY       23                        14      9       18
  MONTH TO DATE  470                       611   -141      696
  SINCE MAR 1   1627                      1664    -37     1563
  SINCE JUL 1   6005                      7074  -1069     5947

 COOLING
  YESTERDAY        0                         0      0        0
  MONTH TO DATE   15                         2     13        0
  SINCE MAR 1     15                         2     13        0
  SINCE JAN 1     15                         2     13        0
..................................................................


WIND (MPH)
  HIGHEST WIND SPEED    16   HIGHEST WIND DIRECTION    NW (320)
  HIGHEST GUST SPEED    20   HIGHEST GUST DIRECTION     S (180)
  AVERAGE WIND SPEED     6.3


SKY COVER
  POSSIBLE SUNSHINE  MM
  AVERAGE SKY COVER 0.7


WEATHER CONDITIONS
 THE FOLLOWING WEATHER WAS RECORDED YESTERDAY.
  LIGHT RAIN


RELATIVE HUMIDITY (PERCENT)
 HIGHEST    76          1000 PM
 LOWEST     45          1000 AM
 AVERAGE    61

..........................................................


THE BURLINGTON VT CLIMATE NORMALS FOR TODAY
                         NORMAL    RECORD    YEAR
 MAXIMUM TEMPERATURE (F)   62        86      2001
 MINIMUM TEMPERATURE (F)   41        25      1961


SUNRISE AND SUNSET
MAY  1 2017...........SUNRISE   543 AM EDT   SUNSET   757 PM EDT
MAY  2 2017...........SUNRISE   541 AM EDT   SUNSET   758 PM EDT


-  INDICATES NEGATIVE NUMBERS.
R  INDICATES RECORD WAS SET OR TIED.
MM INDICATES DATA IS MISSING.
T  INDICATES TRACE AMOUNT.




$$
