000
CDUS41 KBTV 170530
CLIBTV

CLIMATE REPORT
NATIONAL WEATHER SERVICE BURLINGTON VT
127 AM EDT THU APR 17 2014

...................................

...THE BURLINGTON VT CLIMATE SUMMARY FOR APRIL 16 2014...

CLIMATE NORMAL PERIOD 1981 TO 2010
CLIMATE RECORD PERIOD 1884 TO 2014


WEATHER ITEM   OBSERVED TIME   RECORD YEAR NORMAL DEPARTURE LAST
                VALUE   (LST)  VALUE       VALUE  FROM      YEAR
                                                  NORMAL
..................................................................
TEMPERATURE (F)
 YESTERDAY
  MAXIMUM         33    543 PM  86    2002  55    -22       58
  MINIMUM         22    547 AM  18    1908  35    -13       49
  AVERAGE         28                        45    -17       54

PRECIPITATION (IN)
  YESTERDAY        0.03          1.04 1983   0.09  -0.06     0.05
  MONTH TO DATE    2.50                      1.46   1.04     1.35
  SINCE MAR 1      4.38                      3.68   0.70     3.40
  SINCE JAN 1      8.66                      7.50   1.16     5.83

SNOWFALL (IN)
  YESTERDAY        0.2           4.3  1983   0.1    0.1      0.0
  MONTH TO DATE    2.8                       3.2   -0.4      1.0
  SINCE MAR 1     28.2                      19.0    9.2     17.2
  SINCE JUL 1     86.5                      79.8    6.7     82.9
  SNOW DEPTH       3

DEGREE DAYS
 HEATING
  YESTERDAY       37                        20     17       11
  MONTH TO DATE  340                       376    -36      392
  SINCE MAR 1   1662                      1430    232     1380
  SINCE JUL 1   7127                      6840    287     6258

 COOLING
  YESTERDAY        0                         0      0        0
  MONTH TO DATE    0                         0      0        0
  SINCE MAR 1      0                         0      0        0
  SINCE JAN 1      0                         0      0        0
..................................................................


WIND (MPH)
  HIGHEST WIND SPEED    23   HIGHEST WIND DIRECTION    NW (320)
  HIGHEST GUST SPEED    31   HIGHEST GUST DIRECTION    NW (300)
  AVERAGE WIND SPEED    11.1


SKY COVER
  POSSIBLE SUNSHINE  MM
  AVERAGE SKY COVER 0.3


WEATHER CONDITIONS
 THE FOLLOWING WEATHER WAS RECORDED YESTERDAY.
  NO SIGNIFICANT WEATHER WAS OBSERVED.


RELATIVE HUMIDITY (PERCENT)
 HIGHEST    74           600 AM
 LOWEST     41           300 PM
 AVERAGE    58

..........................................................


THE BURLINGTON VT CLIMATE NORMALS FOR TODAY
                         NORMAL    RECORD    YEAR
 MAXIMUM TEMPERATURE (F)   56        90      2002
 MINIMUM TEMPERATURE (F)   36        13      1971


SUNRISE AND SUNSET
APRIL 17 2014.........SUNRISE   605 AM EDT   SUNSET   740 PM EDT
APRIL 18 2014.........SUNRISE   604 AM EDT   SUNSET   741 PM EDT


-  INDICATES NEGATIVE NUMBERS.
R  INDICATES RECORD WAS SET OR TIED.
MM INDICATES DATA IS MISSING.
T  INDICATES TRACE AMOUNT.

&&

LAKE CHAMPLAIN DATA:
LEVEL...............99.64 FEET
TEMPERATURE.........37 DEGREES

MOUNT MANSFIELD DATA:
HIGH................27 DEGREES
LOW.................5 DEGREES
PRECIPITATION.......M INCHES
NEW SNOW............NONE
SNOW AT STAKE.......63 INCHES

$$
