000
CDUS41 KBTV 292116
CLIBTV


CLIMATE REPORT
NATIONAL WEATHER SERVICE BURLINGTON VT
516 PM EDT FRI AUG 29 2014


...................................

...THE BURLINGTON VT CLIMATE SUMMARY FOR AUGUST 29 2014...
VALID TODAY AS OF 0500 PM LOCAL TIME.

CLIMATE NORMAL PERIOD 1981 TO 2010
CLIMATE RECORD PERIOD 1884 TO 2014


WEATHER ITEM   OBSERVED TIME   RECORD YEAR NORMAL DEPARTURE LAST
                VALUE   (LST)  VALUE       VALUE  FROM      YEAR
                                                  NORMAL
..................................................................
TEMPERATURE (F)
 TODAY
  MAXIMUM         75    251 PM  92    1977  77     -2       82
                                      1953
  MINIMUM         54    403 AM  41    1986  57     -3       66
                                      1941
  AVERAGE         65                        67     -2       74

PRECIPITATION (IN)
  TODAY            0.00          2.31 1949   0.11  -0.11     0.00
  MONTH TO DATE    1.97                      3.69  -1.72     3.07
  SINCE JUN 1     11.86                     11.54   0.32    17.42
  SINCE JAN 1     25.62                     23.85   1.77    32.69

SNOWFALL (IN)
  TODAY            0.0           0.0  2002   0.0    0.0      0.0
                                      2001
  MONTH TO DATE    0.0                       0.0    0.0      0.0
  SINCE JUN 1      0.0                       0.0    0.0      0.0
  SINCE JUL 1      0.0                       0.0    0.0      0.0
  SNOW DEPTH       0

DEGREE DAYS
 HEATING
  TODAY            0                         2     -2        0
  MONTH TO DATE   12                        28    -16        9
  SINCE JUN 1     33                       114    -81       81
  SINCE JUL 1     13                        41    -28       16

 COOLING
  TODAY            0                         3     -3        9
  MONTH TO DATE  131                       139     -8      135
  SINCE JUN 1    459                       423     36      535
  SINCE JAN 1    481                       442     39      582
..................................................................


WIND (MPH)
  HIGHEST WIND SPEED     8   HIGHEST WIND DIRECTION     W (250)
  HIGHEST GUST SPEED    12   HIGHEST GUST DIRECTION    NW (310)
  AVERAGE WIND SPEED     3.8


SKY COVER
  POSSIBLE SUNSHINE  MM
  AVERAGE SKY COVER 0.6


WEATHER CONDITIONS
 THE FOLLOWING WEATHER WAS RECORDED TODAY.
  NO SIGNIFICANT WEATHER WAS OBSERVED.


RELATIVE HUMIDITY (PERCENT)
 HIGHEST    93           400 AM
 LOWEST     46           400 PM
 AVERAGE    70

..........................................................


THE BURLINGTON VT CLIMATE NORMALS FOR TOMORROW
                         NORMAL    RECORD    YEAR
 MAXIMUM TEMPERATURE (F)   77        93      1991
 MINIMUM TEMPERATURE (F)   56        39      1965


SUNRISE AND SUNSET
AUGUST 29 2014........SUNRISE   612 AM EDT   SUNSET   734 PM EDT
AUGUST 30 2014........SUNRISE   613 AM EDT   SUNSET   733 PM EDT


-  INDICATES NEGATIVE NUMBERS.
R  INDICATES RECORD WAS SET OR TIED.
MM INDICATES DATA IS MISSING.
T  INDICATES TRACE AMOUNT.

$$
