000
CDUS41 KBTV 260529
CLIBTV


CLIMATE REPORT
NATIONAL WEATHER SERVICE BURLINGTON VT
1229 AM EST SUN FEB 26 2017


...................................

...THE BURLINGTON VT CLIMATE SUMMARY FOR FEBRUARY 25 2017...

CLIMATE NORMAL PERIOD 1981 TO 2010
CLIMATE RECORD PERIOD 1884 TO 2017


WEATHER ITEM   OBSERVED TIME   RECORD YEAR NORMAL DEPARTURE LAST
                VALUE   (LST)  VALUE       VALUE  FROM      YEAR
                                                  NORMAL
..................................................................
TEMPERATURE (F)
 YESTERDAY
  MAXIMUM         72R   309 PM  55    1985  33     39       53
  MINIMUM         33    931 PM -17    1962  15     18       29
  AVERAGE         53                        24     29       41

PRECIPITATION (IN)
  YESTERDAY        0.89          1.58 1915   0.07   0.82     0.65
  MONTH TO DATE    2.67                      1.56   1.11     3.14
  SINCE DEC 1      7.02                      6.00   1.02     8.77
  SINCE JAN 1      4.67                      3.62   1.05     4.33

SNOWFALL (IN)
  YESTERDAY        0.2          13.1  1966   0.6   -0.4      2.0
  MONTH TO DATE   30.6                      14.7   15.9      8.4
  SINCE DEC 1     54.9                      53.7    1.2     28.6
  SINCE JUL 1     59.2                      59.1    0.1     28.8
  SNOW DEPTH       0

DEGREE DAYS
 HEATING
  YESTERDAY       12                        41    -29       24
  MONTH TO DATE  893                      1096   -203      968
  SINCE DEC 1   3090                      3745   -655     2997
  SINCE JUL 1   4295                      5290   -995     4236

 COOLING
  YESTERDAY        0                         0      0        0
  MONTH TO DATE    0                         0      0        0
  SINCE DEC 1      0                         0      0        0
  SINCE JAN 1      0                         0      0        0
..................................................................


WIND (MPH)
  HIGHEST WIND SPEED    29   HIGHEST WIND DIRECTION     S (180)
  HIGHEST GUST SPEED    40   HIGHEST GUST DIRECTION     S (180)
  AVERAGE WIND SPEED    10.4


SKY COVER
  POSSIBLE SUNSHINE  MM
  AVERAGE SKY COVER 0.9


WEATHER CONDITIONS
 THE FOLLOWING WEATHER WAS RECORDED YESTERDAY.
  THUNDERSTORM
  HEAVY RAIN
  RAIN
  LIGHT RAIN
  SNOW
  LIGHT SNOW
  FOG
  FOG W/VISIBILITY <= 1/4 MILE


RELATIVE HUMIDITY (PERCENT)
 HIGHEST   100          1200 AM
 LOWEST     44           300 PM
 AVERAGE    72

..........................................................


THE BURLINGTON VT CLIMATE NORMALS FOR TODAY
                         NORMAL    RECORD    YEAR
 MAXIMUM TEMPERATURE (F)   34        60      2002
                                             1957
 MINIMUM TEMPERATURE (F)   15       -19      1970


SUNRISE AND SUNSET
FEBRUARY 26 2017......SUNRISE   635 AM EST   SUNSET   537 PM EST
FEBRUARY 27 2017......SUNRISE   633 AM EST   SUNSET   538 PM EST


-  INDICATES NEGATIVE NUMBERS.
R  INDICATES RECORD WAS SET OR TIED.
MM INDICATES DATA IS MISSING.
T  INDICATES TRACE AMOUNT.

&&

LAKE CHAMPLAIN DATA:
LAKE LEVEL..........95.32 FEET
WATER TEMPERATURE...37 DEGREES

MOUNT MANSFIELD DATA:
HIGH TEMPERATURE...48 DEGREES
LOW TEMPERATURE....44 DEGREES
PRECIPITATION......NONE
NEW SNOW...........NONE
SNOW AT STAKE......76 INCHES

$$
