000
CDUS41 KBTV 300546
CLIBTV


CLIMATE REPORT
NATIONAL WEATHER SERVICE BURLINGTON VT
144 AM EDT MON MAY 30 2016


...................................

...THE BURLINGTON VT CLIMATE SUMMARY FOR MAY 29 2016...

CLIMATE NORMAL PERIOD 1981 TO 2010
CLIMATE RECORD PERIOD 1884 TO 2016


WEATHER ITEM   OBSERVED TIME   RECORD YEAR NORMAL DEPARTURE LAST
                VALUE   (LST)  VALUE       VALUE  FROM      YEAR
                                                  NORMAL
..................................................................
TEMPERATURE (F)
 YESTERDAY
  MAXIMUM         88   1145 AM  89    1978  71     17       81
  MINIMUM         65    431 AM  34    1970  50     15       55
                                      1907
  AVERAGE         77                        60     17       68

PRECIPITATION (IN)
  YESTERDAY        0.54          1.18 1912   0.12   0.42     0.00
  MONTH TO DATE    2.33                      3.20  -0.87     1.59
  SINCE MAR 1      6.39                      8.24  -1.85     5.13
  SINCE JAN 1     10.72                     12.06  -1.34     7.51

SNOWFALL (IN)
  YESTERDAY        0.0           T    1907   0.0    0.0      0.0
  MONTH TO DATE    T                         0.0    0.0      0.0
  SINCE MAR 1      5.3                      20.4  -15.1      7.5
  SINCE JUL 1     34.3                      81.2  -46.9     83.4
  SNOW DEPTH       0

DEGREE DAYS
 HEATING
  YESTERDAY        0                         6     -6        0
  MONTH TO DATE  231                       276    -45      124
  SINCE MAR 1   1794                      1940   -146     1913
  SINCE JUL 1   6178                      7350  -1172     7430

 COOLING
  YESTERDAY       12                         1     11        3
  MONTH TO DATE   37                        12     25       80
  SINCE MAR 1     37                        14     23       80
  SINCE JAN 1     37                        14     23       80
..................................................................


WIND (MPH)
  HIGHEST WIND SPEED    17   HIGHEST WIND DIRECTION     S (190)
  HIGHEST GUST SPEED    22   HIGHEST GUST DIRECTION     S (190)
  AVERAGE WIND SPEED     6.8


SKY COVER
  POSSIBLE SUNSHINE  MM
  AVERAGE SKY COVER 0.6


WEATHER CONDITIONS
 THE FOLLOWING WEATHER WAS RECORDED YESTERDAY.
  THUNDERSTORM
  HEAVY RAIN
  RAIN
  LIGHT RAIN
  FOG


RELATIVE HUMIDITY (PERCENT)
 HIGHEST    90           800 PM
 LOWEST     46          1100 AM
 AVERAGE    68

..........................................................


THE BURLINGTON VT CLIMATE NORMALS FOR TODAY
                         NORMAL    RECORD    YEAR
 MAXIMUM TEMPERATURE (F)   72        92      1987
                                             1929
 MINIMUM TEMPERATURE (F)   50        28      1961


SUNRISE AND SUNSET
MAY 30 2016...........SUNRISE   512 AM EDT   SUNSET   829 PM EDT
MAY 31 2016...........SUNRISE   511 AM EDT   SUNSET   830 PM EDT


-  INDICATES NEGATIVE NUMBERS.
R  INDICATES RECORD WAS SET OR TIED.
MM INDICATES DATA IS MISSING.
T  INDICATES TRACE AMOUNT.




$$
