000
CDUS41 KBUF 251021
CLIBUF


CLIMATE REPORT
NATIONAL WEATHER SERVICE BUFFALO NY
614 AM EDT MON MAY 25 2015


...................................

...THE BUFFALO NY CLIMATE SUMMARY FOR MAY 24 2015...

CLIMATE NORMAL PERIOD 1981 TO 2010
CLIMATE RECORD PERIOD 1871 TO 2015


WEATHER ITEM   OBSERVED TIME   RECORD YEAR NORMAL DEPARTURE LAST
                VALUE   (LST)  VALUE       VALUE  FROM      YEAR
                                                  NORMAL
..................................................................
TEMPERATURE (F)
 YESTERDAY
  MAXIMUM         75    236 PM  88    1922  69      6       65
  MINIMUM         46    503 AM  31    1963  50     -4       48
                                      1925
  AVERAGE         61                        60      1       57

PRECIPITATION (IN)
  YESTERDAY        0.00          1.09 1964   0.12  -0.12     0.00
  MONTH TO DATE    0.71                      2.62  -1.91     2.92
  SINCE MAR 1      4.85                      8.50  -3.65    10.55
  SINCE JAN 1      9.84                     14.17  -4.33    17.33

SNOWFALL (IN)
  YESTERDAY        0.0           T    1925   0.0    0.0      0.0
  MONTH TO DATE    0.0                       0.3   -0.3      0.0
  SINCE MAR 1      9.9                      15.9   -6.0     25.7
  SINCE JUL 1    112.9                      94.7   18.2    129.9
  SNOW DEPTH       0

DEGREE DAYS
 HEATING
  YESTERDAY        4                         7     -3        8
  MONTH TO DATE  147                       234    -87      224
  SINCE MAR 1   1819                      1771     48     1973
  SINCE JUL 1   6967                      6515    452     7079

 COOLING
  YESTERDAY        0                         1     -1        0
  MONTH TO DATE   54                        12     42       21
  SINCE MAR 1     54                        15     39       21
  SINCE JAN 1     54                        15     39       21
..................................................................


WIND (MPH)
  HIGHEST WIND SPEED    22   HIGHEST WIND DIRECTION     W (250)
  HIGHEST GUST SPEED    27   HIGHEST GUST DIRECTION    SW (220)
  AVERAGE WIND SPEED    10.6


SKY COVER
  AVERAGE SKY COVER 0.6


WEATHER CONDITIONS
 THE FOLLOWING WEATHER WAS RECORDED YESTERDAY.
  NO SIGNIFICANT WEATHER WAS OBSERVED.


RELATIVE HUMIDITY (PERCENT)
 HIGHEST    61           600 AM
 LOWEST     29          1100 AM
 AVERAGE    45

..........................................................


THE BUFFALO NY CLIMATE NORMALS FOR TODAY
                         NORMAL    RECORD    YEAR
 MAXIMUM TEMPERATURE (F)   69        86      2012
                                             1975
                                             1944
 MINIMUM TEMPERATURE (F)   50        35      1992
                                             1956


SUNRISE AND SUNSET
MAY 25 2015...........SUNRISE   543 AM EDT   SUNSET   841 PM EDT
MAY 26 2015...........SUNRISE   543 AM EDT   SUNSET   842 PM EDT


-  INDICATES NEGATIVE NUMBERS.
R  INDICATES RECORD WAS SET OR TIED.
MM INDICATES DATA IS MISSING.
T  INDICATES TRACE AMOUNT.




$$
