232
CDUS41 KBUF 010705
CLIBUF


CLIMATE REPORT
NATIONAL WEATHER SERVICE BUFFALO NY
305 AM EDT WED JUN 1 2016


...................................

...THE BUFFALO NY CLIMATE SUMMARY FOR MAY 31 2016...

CLIMATE NORMAL PERIOD 1981 TO 2010
CLIMATE RECORD PERIOD 1871 TO 2016


WEATHER ITEM   OBSERVED TIME   RECORD YEAR NORMAL DEPARTURE LAST
                VALUE   (LST)  VALUE       VALUE  FROM      YEAR
                                                  NORMAL
..................................................................
TEMPERATURE (F)
 YESTERDAY
  MAXIMUM         82   1207 PM  90    1919  71     11       62
  MINIMUM         60    543 AM  39    1966  53      7       45
                                      1945
  AVERAGE         71                        62      9       54

PRECIPITATION (IN)
  YESTERDAY        0.00          2.44 2015   0.12  -0.12     2.44
  MONTH TO DATE    1.21                      3.46  -2.25     3.50
  SINCE MAR 1      5.96                      9.34  -3.38     7.64
  SINCE JAN 1     11.24                     15.01  -3.77    12.63

SNOWFALL (IN)
  YESTERDAY        0.0           0.0    MM   0.0    0.0      0.0
  MONTH TO DATE    T                         0.3   -0.3      0.0
  SINCE MAR 1      8.0                      15.9   -7.9      9.9
  SINCE JUL 1     55.1                      94.7  -39.6    112.9
  SNOW DEPTH       0

DEGREE DAYS
 HEATING
  YESTERDAY        0                         5     -5       11
  MONTH TO DATE  237                       273    -36      158
  SINCE MAR 1   1657                      1809   -152     1830
  SINCE JUL 1   5595                      6553   -958     6978

 COOLING
  YESTERDAY        6                         2      4        0
  MONTH TO DATE   59                        23     36       91
  SINCE MAR 1     59                        26     33       91
  SINCE JAN 1     59                        26     33       91
..................................................................


WIND (MPH)
  HIGHEST WIND SPEED    17   HIGHEST WIND DIRECTION     N (340)
  HIGHEST GUST SPEED    21   HIGHEST GUST DIRECTION     N (350)
  AVERAGE WIND SPEED     7.0


SKY COVER
  AVERAGE SKY COVER 0.5


WEATHER CONDITIONS
 THE FOLLOWING WEATHER WAS RECORDED YESTERDAY.
  NO SIGNIFICANT WEATHER WAS OBSERVED.


RELATIVE HUMIDITY (PERCENT)
 HIGHEST    84           500 AM
 LOWEST     30          1100 AM
 AVERAGE    57

..........................................................


THE BUFFALO NY CLIMATE NORMALS FOR TODAY
                         NORMAL    RECORD    YEAR
 MAXIMUM TEMPERATURE (F)   71        92      1919
 MINIMUM TEMPERATURE (F)   53        35      1945


SUNRISE AND SUNSET
JUNE  1 2016..........SUNRISE   539 AM EDT   SUNSET   848 PM EDT
JUNE  2 2016..........SUNRISE   538 AM EDT   SUNSET   848 PM EDT


-  INDICATES NEGATIVE NUMBERS.
R  INDICATES RECORD WAS SET OR TIED.
MM INDICATES DATA IS MISSING.
T  INDICATES TRACE AMOUNT.




$$
