000
CDUS41 KBUF 250705
CLIBUF


CLIMATE REPORT
NATIONAL WEATHER SERVICE BUFFALO NY
205 AM EST SAT FEB 25 2017


...................................

...THE BUFFALO NY CLIMATE SUMMARY FOR FEBRUARY 24 2017...

CLIMATE NORMAL PERIOD 1981 TO 2010
CLIMATE RECORD PERIOD 1871 TO 2017


WEATHER ITEM   OBSERVED TIME   RECORD YEAR NORMAL DEPARTURE LAST
                VALUE   (LST)  VALUE       VALUE  FROM      YEAR
                                                  NORMAL
..................................................................
TEMPERATURE (F)
 YESTERDAY
  MAXIMUM         71R   115 PM  67    1906  35     36       37
  MINIMUM         41   1225 AM -10    1889  21     20       31
  AVERAGE         56                        28     28       34

PRECIPITATION (IN)
  YESTERDAY        0.25          0.96 1962   0.09   0.16     0.94
  MONTH TO DATE    1.69                      2.11  -0.42     3.12
  SINCE DEC 1      8.67                      9.18  -0.51     7.83
  SINCE JAN 1      4.61                      5.29  -0.68     4.93

SNOWFALL (IN)
  YESTERDAY       MM             9.7  1962   0.5   MM        0.0
  MONTH TO DATE    4.6                      15.0  -10.4     18.7
  SINCE DEC 1     45.7                      67.7  -22.0     45.3
  SINCE JUL 1     46.6                      76.5  -29.9     45.3
  SNOW DEPTH       0

DEGREE DAYS
 HEATING
  YESTERDAY        9                        37    -28       31
  MONTH TO DATE  744                       938   -194      870
  SINCE DEC 1   2829                      3264   -435     2746
  SINCE JUL 1   3799                      4597   -798     3790

 COOLING
  YESTERDAY        0                         0      0        0
  MONTH TO DATE    0                         0      0        0
  SINCE DEC 1      0                         0      0        0
  SINCE JAN 1      0                         0      0        0
..................................................................


WIND (MPH)
  HIGHEST WIND SPEED    22   HIGHEST WIND DIRECTION    SW (220)
  HIGHEST GUST SPEED    30   HIGHEST GUST DIRECTION    SW (230)
  AVERAGE WIND SPEED     9.6


SKY COVER
  AVERAGE SKY COVER 0.8


WEATHER CONDITIONS
 THE FOLLOWING WEATHER WAS RECORDED YESTERDAY.
  THUNDERSTORM
  RAIN
  LIGHT RAIN
  FOG


RELATIVE HUMIDITY (PERCENT)
 HIGHEST    89           600 AM
 LOWEST     55           400 PM
 AVERAGE    72

..........................................................


THE BUFFALO NY CLIMATE NORMALS FOR TODAY
                         NORMAL    RECORD    YEAR
 MAXIMUM TEMPERATURE (F)   36        63      1957
 MINIMUM TEMPERATURE (F)   21        -5      1894


SUNRISE AND SUNSET
FEBRUARY 25 2017......SUNRISE   657 AM EST   SUNSET   600 PM EST
FEBRUARY 26 2017......SUNRISE   655 AM EST   SUNSET   601 PM EST


-  INDICATES NEGATIVE NUMBERS.
R  INDICATES RECORD WAS SET OR TIED.
MM INDICATES DATA IS MISSING.
T  INDICATES TRACE AMOUNT.




$$
