000
CDUS46 KLOX 270905
CLIBUR


CLIMATE REPORT
NATIONAL WEATHER SERVICE LOS ANGELES/OXNARD CA
105 AM PST THU NOV 27 2014


...................................

...THE BOB HOPE AIRPORT (BURBANK) CA CLIMATE SUMMARY FOR NOVEMBER 26 2014...

CLIMATE NORMAL PERIOD 1981 TO 2010
CLIMATE RECORD PERIOD 1939 TO 2014


WEATHER ITEM   OBSERVED TIME   RECORD YEAR NORMAL DEPARTURE LAST
                VALUE   (LST)  VALUE       VALUE  FROM      YEAR
                                                  NORMAL
..................................................................
TEMPERATURE (F)
 YESTERDAY
  MAXIMUM         85    332 PM  89    1977  70     15       78
  MINIMUM         49    639 AM  34    1978  43      6       49
  AVERAGE         67                        57     10       64

PRECIPITATION (IN)
  YESTERDAY        0.00          1.53 2008   0.04  -0.04     0.00
  MONTH TO DATE    0.07                      0.88  -0.81     0.24
  SINCE JUL 1      0.45                      2.17  -1.72     0.35
  SINCE JAN 1      5.36                     14.72  -9.36     2.95

SNOWFALL (IN)
  YESTERDAY        0.0
  MONTH TO DATE    0.0
  SINCE SEP 1      0.0
  SINCE JUL 1      0.0

DEGREE DAYS
 HEATING
  YESTERDAY        0                         9     -9        1
  MONTH TO DATE   50                       143    -93       52
  SINCE SEP 1     51                       192   -141       79
  SINCE JUL 1     51                       192   -141       79

 COOLING
  YESTERDAY        2                         0      2        0
  MONTH TO DATE   40                        12     28       52
  SINCE SEP 1    650                       361    289      582
  SINCE JAN 1   1950                      1243    707     2011
..................................................................


WIND (MPH)
  HIGHEST WIND SPEED     7   HIGHEST WIND DIRECTION     S (190)
  HIGHEST GUST SPEED    10   HIGHEST GUST DIRECTION    SW (240)
  AVERAGE WIND SPEED     1.2


SKY COVER
  POSSIBLE SUNSHINE  MM
  AVERAGE SKY COVER 0.0


WEATHER CONDITIONS
 THE FOLLOWING WEATHER WAS RECORDED YESTERDAY.
  NO SIGNIFICANT WEATHER WAS OBSERVED.


RELATIVE HUMIDITY (PERCENT)
 HIGHEST    42           600 AM
 LOWEST      9          1100 AM
 AVERAGE    26

..........................................................


THE BOB HOPE AIRPORT (BURBANK) CA CLIMATE NORMALS FOR TODAY
                         NORMAL    RECORD    YEAR
 MAXIMUM TEMPERATURE (F)   70        86      1980
 MINIMUM TEMPERATURE (F)   43        32      1973


SUNRISE AND SUNSET
NOVEMBER 27 2014......SUNRISE   638 AM PST   SUNSET   444 PM PST
NOVEMBER 28 2014......SUNRISE   639 AM PST   SUNSET   444 PM PST


-  INDICATES NEGATIVE NUMBERS.
R  INDICATES RECORD WAS SET OR TIED.
MM INDICATES DATA IS MISSING.
T  INDICATES TRACE AMOUNT.




$$
