000
CDUS46 KLOX 071516
CLIBUR


CLIMATE REPORT
NATIONAL WEATHER SERVICE LOS ANGELES/OXNARD CA
716 AM PST SUN FEB 7 2016


...................................

...THE BOB HOPE AIRPORT (BURBANK) CA CLIMATE SUMMARY FOR FEBRUARY 6 2016...

CLIMATE NORMAL PERIOD 1981 TO 2010
CLIMATE RECORD PERIOD 1939 TO 2016


WEATHER ITEM   OBSERVED TIME   RECORD YEAR NORMAL DEPARTURE LAST
                VALUE   (LST)  VALUE       VALUE  FROM      YEAR
                                                  NORMAL
..................................................................
TEMPERATURE (F)
 YESTERDAY
  MAXIMUM         78    239 PM  86    1954  68     10       76
  MINIMUM         43    639 AM  29    1989  43      0       48
  AVERAGE         61                        55      6       62

PRECIPITATION (IN)
  YESTERDAY        0.00          1.92 1969   0.16  -0.16     0.00
  MONTH TO DATE    T                         0.86  -0.86     0.00
  SINCE OCT 1      4.84                      8.83  -3.99     5.61
  SINCE JAN 1      3.74                      4.39  -0.65     1.11

SNOWFALL (IN)
  YESTERDAY        0.0
  MONTH TO DATE    0.0
  SINCE DEC 1      0.0
  SINCE JUL 1      0.0

DEGREE DAYS
 HEATING
  YESTERDAY        4                        10     -6        3
  MONTH TO DATE   65                        60      5       15
  SINCE DEC 1    705                       715    -10      422
  SINCE JUL 1    881                       943    -62      482

 COOLING
  YESTERDAY        0                         0      0        0
  MONTH TO DATE    0                         0      0        1
  SINCE DEC 1      4                         3      1       10
  SINCE JAN 1      0                         2     -2        7
..................................................................


WIND (MPH)
  HIGHEST WIND SPEED     9   HIGHEST WIND DIRECTION     S (180)
  HIGHEST GUST SPEED    13   HIGHEST GUST DIRECTION    SE (130)
  AVERAGE WIND SPEED     1.3


SKY COVER
  POSSIBLE SUNSHINE  MM
  AVERAGE SKY COVER 0.0


WEATHER CONDITIONS
 THE FOLLOWING WEATHER WAS RECORDED YESTERDAY.
  NO SIGNIFICANT WEATHER WAS OBSERVED.


RELATIVE HUMIDITY (PERCENT)
 HIGHEST    49           600 AM
 LOWEST     12           300 PM
 AVERAGE    31

..........................................................


THE BOB HOPE AIRPORT (BURBANK) CA CLIMATE NORMALS FOR TODAY
                         NORMAL    RECORD    YEAR
 MAXIMUM TEMPERATURE (F)   68        88      1954
 MINIMUM TEMPERATURE (F)   43        32      1974


SUNRISE AND SUNSET
FEBRUARY  7 2016......SUNRISE   646 AM PST   SUNSET   529 PM PST
FEBRUARY  8 2016......SUNRISE   645 AM PST   SUNSET   530 PM PST


-  INDICATES NEGATIVE NUMBERS.
R  INDICATES RECORD WAS SET OR TIED.
MM INDICATES DATA IS MISSING.
T  INDICATES TRACE AMOUNT.




$$
