000
CDUS46 KLOX 290908
CLIBUR


CLIMATE REPORT
NATIONAL WEATHER SERVICE LOS ANGELES/OXNARD CA
108 AM PST THU JAN 29 2015


...................................

...THE BOB HOPE AIRPORT (BURBANK) CA CLIMATE SUMMARY FOR JANUARY 28 2015...

CLIMATE NORMAL PERIOD 1981 TO 2010
CLIMATE RECORD PERIOD 1939 TO 2015


WEATHER ITEM   OBSERVED TIME   RECORD YEAR NORMAL DEPARTURE LAST
                VALUE   (LST)  VALUE       VALUE  FROM      YEAR
                                                  NORMAL
..................................................................
TEMPERATURE (F)
 YESTERDAY
  MAXIMUM         72    307 PM  85    1976  68      4       76
  MINIMUM         53    735 AM  28    1957  42     11       49
  AVERAGE         63                        55      8       63

PRECIPITATION (IN)
  YESTERDAY        0.00          1.25 1981   0.12  -0.12     0.00
  MONTH TO DATE    0.88                      3.14  -2.26      T
  SINCE OCT 1      5.38                      7.58  -2.20     0.63
  SINCE JAN 1      0.88                      3.14  -2.26      T

SNOWFALL (IN)
  YESTERDAY        0.0
  MONTH TO DATE    0.0
  SINCE DEC 1      0.0
  SINCE JUL 1      0.0

DEGREE DAYS
 HEATING
  YESTERDAY        2                        10     -8        2
  MONTH TO DATE  163                       286   -123       57
  SINCE DEC 1    401                       625   -224      267
  SINCE JUL 1    461                       853   -392      355

 COOLING
  YESTERDAY        0                         0      0        0
  MONTH TO DATE    6                         0      6       37
  SINCE DEC 1      9                         1      8       51
  SINCE JAN 1      6                         0      6       37
..................................................................


WIND (MPH)
  HIGHEST WIND SPEED     9   HIGHEST WIND DIRECTION     W (280)
  HIGHEST GUST SPEED    13   HIGHEST GUST DIRECTION     W (280)
  AVERAGE WIND SPEED     2.9


SKY COVER
  POSSIBLE SUNSHINE  MM
  AVERAGE SKY COVER 0.0


WEATHER CONDITIONS
 THE FOLLOWING WEATHER WAS RECORDED YESTERDAY.
  NO SIGNIFICANT WEATHER WAS OBSERVED.


RELATIVE HUMIDITY (PERCENT)
 HIGHEST    77           200 AM
 LOWEST     29           200 PM
 AVERAGE    53

..........................................................


THE BOB HOPE AIRPORT (BURBANK) CA CLIMATE NORMALS FOR TODAY
                         NORMAL    RECORD    YEAR
 MAXIMUM TEMPERATURE (F)   68        86      1971
 MINIMUM TEMPERATURE (F)   43        22      1979


SUNRISE AND SUNSET
JANUARY 29 2015.......SUNRISE   653 AM PST   SUNSET   521 PM PST
JANUARY 30 2015.......SUNRISE   652 AM PST   SUNSET   522 PM PST


-  INDICATES NEGATIVE NUMBERS.
R  INDICATES RECORD WAS SET OR TIED.
MM INDICATES DATA IS MISSING.
T  INDICATES TRACE AMOUNT.




$$
