000
CDUS46 KLOX 250931
CLIBUR


CLIMATE REPORT
NATIONAL WEATHER SERVICE LOS ANGELES/OXNARD CA
230 AM PDT SUN JUN 25 2017


...................................

...THE BOB HOPE AIRPORT (BURBANK) CA CLIMATE SUMMARY FOR JUNE 24 2017...

CLIMATE NORMAL PERIOD 1981 TO 2010
CLIMATE RECORD PERIOD 1939 TO 2017


WEATHER ITEM   OBSERVED TIME   RECORD YEAR NORMAL DEPARTURE LAST
                VALUE   (LST)  VALUE       VALUE  FROM      YEAR
                                                  NORMAL
..................................................................
TEMPERATURE (F)
 YESTERDAY
  MAXIMUM         83    317 PM 107    1976  83      0       82
  MINIMUM         62    410 AM  47    1944  60      2       63
  AVERAGE         73                        71      2       73

PRECIPITATION (IN)
  YESTERDAY        0.00          T    1952   0.00   0.00     0.00
                                      1951
                                      1950
  MONTH TO DATE    T                         0.10  -0.10      T
  SINCE OCT 1     13.83                     16.98  -3.15     7.66
  SINCE JAN 1      9.57                     12.54  -2.97     6.56

SNOWFALL (IN)
  YESTERDAY        0.0
  MONTH TO DATE    0.0
  SINCE JUN 1      0.0
  SINCE JUL 1      0.0

DEGREE DAYS
 HEATING
  YESTERDAY        0                         0      0        0
  MONTH TO DATE    4                        11     -7        2
  SINCE JUN 1      4                        11     -7        2
  SINCE JUL 1   1183                      1567   -384     1131

 COOLING
  YESTERDAY        8                         6      2        8
  MONTH TO DATE  166                       105     61      193
  SINCE JUN 1    166                       105     61      193
  SINCE JAN 1    411                       229    182      370
..................................................................


WIND (MPH)
  HIGHEST WIND SPEED    16   HIGHEST WIND DIRECTION     S (190)
  HIGHEST GUST SPEED    19   HIGHEST GUST DIRECTION     S (200)
  AVERAGE WIND SPEED     5.9


SKY COVER
  POSSIBLE SUNSHINE  MM
  AVERAGE SKY COVER 0.0


WEATHER CONDITIONS
 THE FOLLOWING WEATHER WAS RECORDED YESTERDAY.
  NO SIGNIFICANT WEATHER WAS OBSERVED.


RELATIVE HUMIDITY (PERCENT)
 HIGHEST    90           200 AM
 LOWEST     47           200 PM
 AVERAGE    69

..........................................................


THE BOB HOPE AIRPORT (BURBANK) CA CLIMATE NORMALS FOR TODAY
                         NORMAL    RECORD    YEAR
 MAXIMUM TEMPERATURE (F)   83       104      1990
                                             1970
 MINIMUM TEMPERATURE (F)   60        49      1975
                                             1950


SUNRISE AND SUNSET
JUNE 25 2017..........SUNRISE   543 AM PDT   SUNSET   809 PM PDT
JUNE 26 2017..........SUNRISE   544 AM PDT   SUNSET   809 PM PDT


-  INDICATES NEGATIVE NUMBERS.
R  INDICATES RECORD WAS SET OR TIED.
MM INDICATES DATA IS MISSING.
T  INDICATES TRACE AMOUNT.




$$
