000
CDUS46 KLOX 280903
CLIBUR


CLIMATE REPORT
NATIONAL WEATHER SERVICE LOS ANGELES/OXNARD CA
203 AM PDT THU APR 28 2016


...................................

...THE BOB HOPE AIRPORT (BURBANK) CA CLIMATE SUMMARY FOR APRIL 27 2016...

CLIMATE NORMAL PERIOD 1981 TO 2010
CLIMATE RECORD PERIOD 1939 TO 2016


WEATHER ITEM   OBSERVED TIME   RECORD YEAR NORMAL DEPARTURE LAST
                VALUE   (LST)  VALUE       VALUE  FROM      YEAR
                                                  NORMAL
..................................................................
TEMPERATURE (F)
 YESTERDAY
  MAXIMUM         70    220 PM 100    2004  75     -5       86
  MINIMUM         51    458 AM  39    1971  52     -1       56
  AVERAGE         61                        63     -2       71

PRECIPITATION (IN)
  YESTERDAY        T             1.10 1944   0.02  -0.02     0.00
  MONTH TO DATE    0.30                      1.03  -0.73     0.25
  SINCE OCT 1      7.64                     16.45  -8.81     7.28
  SINCE JAN 1      6.54                     12.01  -5.47     2.78

SNOWFALL (IN)
  YESTERDAY        0.0
  MONTH TO DATE    0.0
  SINCE MAR 1      0.0
  SINCE JUL 1      0.0

DEGREE DAYS
 HEATING
  YESTERDAY        4                         3      1        0
  MONTH TO DATE   44                       130    -86       63
  SINCE MAR 1    159                       348   -189      112
  SINCE JUL 1   1066                      1489   -423      669

 COOLING
  YESTERDAY        0                         2     -2        6
  MONTH TO DATE   73                        33     40       32
  SINCE MAR 1     89                        43     46      161
  SINCE JAN 1    144                        49     95      187
..................................................................


WIND (MPH)
  HIGHEST WIND SPEED    17   HIGHEST WIND DIRECTION     S (170)
  HIGHEST GUST SPEED    22   HIGHEST GUST DIRECTION     S (160)
  AVERAGE WIND SPEED     6.6


SKY COVER
  POSSIBLE SUNSHINE  MM
  AVERAGE SKY COVER 0.1


WEATHER CONDITIONS
 THE FOLLOWING WEATHER WAS RECORDED YESTERDAY.
  NO SIGNIFICANT WEATHER WAS OBSERVED.


RELATIVE HUMIDITY (PERCENT)
 HIGHEST    80           800 PM
 LOWEST     33           300 PM
 AVERAGE    57

..........................................................


THE BOB HOPE AIRPORT (BURBANK) CA CLIMATE NORMALS FOR TODAY
                         NORMAL    RECORD    YEAR
 MAXIMUM TEMPERATURE (F)   75       101      1981
 MINIMUM TEMPERATURE (F)   52        38      1984


SUNRISE AND SUNSET
APRIL 28 2016.........SUNRISE   607 AM PDT   SUNSET   736 PM PDT
APRIL 29 2016.........SUNRISE   605 AM PDT   SUNSET   736 PM PDT


-  INDICATES NEGATIVE NUMBERS.
R  INDICATES RECORD WAS SET OR TIED.
MM INDICATES DATA IS MISSING.
T  INDICATES TRACE AMOUNT.




$$
