000
CDUS46 KLOX 240142
CLIBUR


CLIMATE REPORT
NATIONAL WEATHER SERVICE LOS ANGELES/OXNARD CA
632 PM PDT MON OCT 23 2017


...................................

...THE BOB HOPE AIRPORT (BURBANK) CA CLIMATE SUMMARY FOR OCTOBER 23 2017...
VALID TODAY AS OF 0600 PM LOCAL TIME.

CLIMATE NORMAL PERIOD 1981 TO 2010
CLIMATE RECORD PERIOD 1939 TO 2017


WEATHER ITEM   OBSERVED TIME   RECORD YEAR NORMAL DEPARTURE LAST
                VALUE   (LST)  VALUE       VALUE  FROM      YEAR
                                                  NORMAL
..................................................................
TEMPERATURE (F)
 TODAY
  MAXIMUM        102R   301 PM  98    1965  79     23       83
  MINIMUM         62    540 AM  42    1943  52     10       59
  AVERAGE         82                        65     17       71

PRECIPITATION (IN)
  TODAY            0.00          1.51 1976   0.04  -0.04      T
  MONTH TO DATE    0.00                      0.67  -0.67     0.08
  SINCE OCT 1      0.00                      0.67  -0.67     0.08
  SINCE JAN 1      9.62                     13.54  -3.92     6.64

SNOWFALL (IN)
  TODAY            0.0
  MONTH TO DATE    0.0
  SINCE SEP 1      0.0
  SINCE JUL 1      0.0

DEGREE DAYS
 HEATING
  TODAY            0                         2     -2        0
  MONTH TO DATE    0                        27    -27        1
  SINCE SEP 1      3                        33    -30        2
  SINCE JUL 1      3                        33    -30        2

 COOLING
  TODAY           17                         2     15        6
  MONTH TO DATE  170                        86     84      122
  SINCE SEP 1    469                       335    134      403
  SINCE JAN 1   1797                      1217    580     1616
..................................................................


WIND (MPH)
  HIGHEST WIND SPEED    10   HIGHEST WIND DIRECTION    SE (140)
  HIGHEST GUST SPEED    14   HIGHEST GUST DIRECTION    SE (140)
  AVERAGE WIND SPEED     2.7


SKY COVER
  POSSIBLE SUNSHINE  MM
  AVERAGE SKY COVER 0.0


WEATHER CONDITIONS
 THE FOLLOWING WEATHER WAS RECORDED TODAY.
  NO SIGNIFICANT WEATHER WAS OBSERVED.


RELATIVE HUMIDITY (PERCENT)
 HIGHEST    34           200 AM
 LOWEST      5           200 PM
 AVERAGE    20

..........................................................


THE BOB HOPE AIRPORT (BURBANK) CA CLIMATE NORMALS FOR TOMORROW
                         NORMAL    RECORD    YEAR
 MAXIMUM TEMPERATURE (F)   78        99      1968
 MINIMUM TEMPERATURE (F)   52        41      1975


SUNRISE AND SUNSET
OCTOBER 23 2017.......SUNRISE   706 AM PDT   SUNSET   609 PM PDT
OCTOBER 24 2017.......SUNRISE   706 AM PDT   SUNSET   608 PM PDT


-  INDICATES NEGATIVE NUMBERS.
R  INDICATES RECORD WAS SET OR TIED.
MM INDICATES DATA IS MISSING.
T  INDICATES TRACE AMOUNT.




$$
