000
CDUS43 KLMK 200630
CLIBWG


CLIMATE REPORT
NATIONAL WEATHER SERVICE LOUISVILLE KY
230 AM EDT SAT SEP 20 2014


...................................

...THE BOWLING GREEN KY CLIMATE SUMMARY FOR SEPTEMBER 19 2014...

CLIMATE NORMAL PERIOD 1981 TO 2010
CLIMATE RECORD PERIOD 1870 TO 2014


WEATHER ITEM   OBSERVED TIME   RECORD YEAR NORMAL DEPARTURE LAST
                VALUE   (LST)  VALUE       VALUE  FROM      YEAR
                                                  NORMAL
..................................................................
TEMPERATURE (F)
 YESTERDAY
  MAXIMUM         82    326 PM 100    1931  81      1       86
                                      1925
  MINIMUM         53    602 AM  36    1903  57     -4       65
  AVERAGE         68                        69     -1       76

PRECIPITATION (IN)
  YESTERDAY        0.00          2.09 1977   0.12  -0.12     0.00
  MONTH TO DATE    0.14                      2.48  -2.34     3.50
  SINCE SEP 1      0.14                      2.48  -2.34     3.50
  SINCE JAN 1     36.30                     36.04   0.26    46.20

SNOWFALL (IN)
  YESTERDAY        0.0           0.0    MM   0.0    0.0      0.0
  MONTH TO DATE    0.0                       0.0    0.0      0.0
  SINCE SEP 1      0.0                       0.0    0.0      0.0
  SINCE JUL 1      0.0                       0.0    0.0      0.0
  SNOW DEPTH       0

DEGREE DAYS
 HEATING
  YESTERDAY        0                         1     -1        0
  MONTH TO DATE   15                         6      9        6
  SINCE SEP 1     15                         6      9        6
  SINCE JUL 1     15                         7      8        6

 COOLING
  YESTERDAY        3                         5     -2       11
  MONTH TO DATE  130                       145    -15      162
  SINCE SEP 1    130                       145    -15      162
  SINCE JAN 1   1407                      1414     -7     1422
..................................................................


WIND (MPH)
  HIGHEST WIND SPEED    10   HIGHEST WIND DIRECTION    NE (60)
  HIGHEST GUST SPEED    14   HIGHEST GUST DIRECTION    SE (130)
  AVERAGE WIND SPEED     3.1


SKY COVER
  POSSIBLE SUNSHINE  MM
  AVERAGE SKY COVER 0.0


WEATHER CONDITIONS
 THE FOLLOWING WEATHER WAS RECORDED YESTERDAY.
  FOG


RELATIVE HUMIDITY (PERCENT)
 HIGHEST    93           200 AM
 LOWEST     45           100 PM
 AVERAGE    69

..........................................................


THE BOWLING GREEN KY CLIMATE NORMALS FOR TODAY
                         NORMAL    RECORD    YEAR
 MAXIMUM TEMPERATURE (F)   81        98      1931
                                             1925
 MINIMUM TEMPERATURE (F)   56        40      1916
                                             1903


SUNRISE AND SUNSET
SEPTEMBER 20 2014.....SUNRISE   632 AM CDT   SUNSET   646 PM CDT
SEPTEMBER 21 2014.....SUNRISE   633 AM CDT   SUNSET   644 PM CDT


-  INDICATES NEGATIVE NUMBERS.
R  INDICATES RECORD WAS SET OR TIED.
MM INDICATES DATA IS MISSING.
T  INDICATES TRACE AMOUNT.




$$
