000
CDUS43 KLMK 190627
CLIBWG


CLIMATE REPORT
NATIONAL WEATHER SERVICE LOUISVILLE KY
127 AM EST SUN NOV 19 2017


...................................

...THE BOWLING GREEN KY CLIMATE SUMMARY FOR NOVEMBER 18 2017...

CLIMATE NORMAL PERIOD 1981 TO 2010
CLIMATE RECORD PERIOD 1870 TO 2017


WEATHER ITEM   OBSERVED TIME   RECORD YEAR NORMAL DEPARTURE LAST
                VALUE   (LST)  VALUE       VALUE  FROM      YEAR
                                                  NORMAL
..................................................................
TEMPERATURE (F)
 YESTERDAY
  MAXIMUM         67    408 PM  82    1930  58      9       80
  MINIMUM         42   1014 PM  10    1891  37      5       49
  AVERAGE         55                        48      7       65

PRECIPITATION (IN)
  YESTERDAY        0.38          3.00 1906   0.15   0.23     0.15
  MONTH TO DATE    1.91                      2.38  -0.47     0.17
  SINCE SEP 1     11.85                      9.69   2.16     2.30
  SINCE JAN 1     48.93                     43.25   5.68    40.22

SNOWFALL (IN)
  YESTERDAY        0.0           T    2014   0.0    0.0      0.0
                                      1980
                                      1968
  MONTH TO DATE    0.0                       0.0    0.0      0.0
  SINCE SEP 1      T                         T      0.0      0.0
  SINCE JUL 1      T                         T      0.0      0.0
  SNOW DEPTH       0

DEGREE DAYS
 HEATING
  YESTERDAY       10                        17     -7        0
  MONTH TO DATE  233                       260    -27      169
  SINCE SEP 1    453                       522    -69      255
  SINCE JUL 1    453                       523    -70      255

 COOLING
  YESTERDAY        0                         0      0        0
  MONTH TO DATE   12                         0     12       15
  SINCE SEP 1    248                       219     29      420
  SINCE JAN 1   1600                      1488    112     1979
..................................................................


WIND (MPH)
  HIGHEST WIND SPEED    28   HIGHEST WIND DIRECTION     W (290)
  HIGHEST GUST SPEED    43   HIGHEST GUST DIRECTION     W (250)
  AVERAGE WIND SPEED    17.3


SKY COVER
  POSSIBLE SUNSHINE  MM
  AVERAGE SKY COVER 1.0


WEATHER CONDITIONS
 THE FOLLOWING WEATHER WAS RECORDED YESTERDAY.
  HEAVY RAIN
  RAIN
  LIGHT RAIN
  FOG
  HAZE


RELATIVE HUMIDITY (PERCENT)
 HIGHEST   100          1100 AM
 LOWEST     39          1200 AM
 AVERAGE    70

..........................................................


THE BOWLING GREEN KY CLIMATE NORMALS FOR TODAY
                         NORMAL    RECORD    YEAR
 MAXIMUM TEMPERATURE (F)   58        83      1930
 MINIMUM TEMPERATURE (F)   37        17      1951


SUNRISE AND SUNSET
NOVEMBER 19 2017......SUNRISE   629 AM CST   SUNSET   433 PM CST
NOVEMBER 20 2017......SUNRISE   630 AM CST   SUNSET   433 PM CST


-  INDICATES NEGATIVE NUMBERS.
R  INDICATES RECORD WAS SET OR TIED.
MM INDICATES DATA IS MISSING.
T  INDICATES TRACE AMOUNT.




$$
