000
CDUS43 KLMK 202033
CLIBWG


CLIMATE REPORT
NATIONAL WEATHER SERVICE LOUISVILLE KY
433 PM EDT MON OCT 20 2014


...................................

...THE BOWLING GREEN CLIMATE SUMMARY FOR OCTOBER 20 2014...
VALID TODAY AS OF 0400 PM LOCAL TIME.

CLIMATE NORMAL PERIOD 1981 TO 2010
CLIMATE RECORD PERIOD 1870 TO 2014


WEATHER ITEM   OBSERVED TIME   RECORD YEAR NORMAL DEPARTURE LAST
                VALUE   (LST)  VALUE       VALUE  FROM      YEAR
                                                  NORMAL
..................................................................
TEMPERATURE (F)
 TODAY
  MAXIMUM         68    219 PM  88    1908  70     -2       62
  MINIMUM         42    151 AM  26    1917  45     -3       34
  AVERAGE         55                        57     -2       48

PRECIPITATION (IN)
  TODAY            T             1.00 1905   0.10  -0.10     0.00
  MONTH TO DATE    4.98                      2.16   2.82     2.64
  SINCE SEP 1      5.35                      6.09  -0.74     7.73
  SINCE JAN 1     41.51                     39.65   1.86    50.43

SNOWFALL (IN)
  TODAY           MM             1.0  1913   0.0   MM        0.0
  MONTH TO DATE    0.0                       0.0    0.0      0.0
  SINCE SEP 1      0.0                       0.0    0.0      0.0
  SINCE JUL 1      0.0                       0.0    0.0      0.0
  SNOW DEPTH       0

DEGREE DAYS
 HEATING
  TODAY           10                         8      2       17
  MONTH TO DATE   93                       118    -25       89
  SINCE SEP 1    117                       153    -36      101
  SINCE JUL 1    117                       154    -37      101

 COOLING
  TODAY            0                         1     -1        0
  MONTH TO DATE   29                        29      0       43
  SINCE SEP 1    208                       215     -7      235
  SINCE JAN 1   1485                      1484      1     1495
..................................................................


WIND (MPH)
  HIGHEST WIND SPEED    17   HIGHEST WIND DIRECTION     S (200)
  HIGHEST GUST SPEED    22   HIGHEST GUST DIRECTION    SW (210)
  AVERAGE WIND SPEED     5.4


SKY COVER
  POSSIBLE SUNSHINE   0 PERCENT
  AVERAGE SKY COVER 0.0


WEATHER CONDITIONS
 THE FOLLOWING WEATHER WAS RECORDED TODAY.
  NO SIGNIFICANT WEATHER WAS OBSERVED.


RELATIVE HUMIDITY (PERCENT)
 HIGHEST     0          1200 AM
 LOWEST      0          1200 AM
 AVERAGE     0

..........................................................


THE BOWLING GREEN CLIMATE NORMALS FOR TOMORROW
                         NORMAL    RECORD    YEAR
 MAXIMUM TEMPERATURE (F)   70        88      1963
                                             1934
 MINIMUM TEMPERATURE (F)   45        25      1952


SUNRISE AND SUNSET
OCTOBER 20 2014.......SUNRISE   658 AM CDT   SUNSET   602 PM CDT
OCTOBER 21 2014.......SUNRISE   659 AM CDT   SUNSET   601 PM CDT


-  INDICATES NEGATIVE NUMBERS.
R  INDICATES RECORD WAS SET OR TIED.
MM INDICATES DATA IS MISSING.
T  INDICATES TRACE AMOUNT.




$$
