000
CDUS41 KLWX 260524
CLIBWI


CLIMATE REPORT
NATIONAL WEATHER SERVICE BALTIMORE MD/WASHINGTON DC
123 AM EDT SAT JUL 26 2014


...................................

...THE BALTIMORE MD CLIMATE SUMMARY FOR JULY 25 2014...

CLIMATE NORMAL PERIOD 1981 TO 2010
CLIMATE RECORD PERIOD 1870 TO 2014


WEATHER ITEM   OBSERVED TIME   RECORD YEAR NORMAL DEPARTURE LAST
                VALUE   (LST)  VALUE       VALUE  FROM      YEAR
                                                  NORMAL
..................................................................
TEMPERATURE (F)
 YESTERDAY
  MAXIMUM         83    440 PM 100    2010  87     -4       79
  MINIMUM         57R   514 AM  59    2008  67    -10       62
                                      1976
                                      1973
  AVERAGE         70                        77     -7       71

PRECIPITATION (IN)
  YESTERDAY        0.00          2.00 1978   0.13  -0.13     0.00
  MONTH TO DATE    2.69                      3.26  -0.57     2.72
  SINCE JUN 1      6.64                      6.72  -0.08    10.53
  SINCE JAN 1     30.26                     23.75   6.51    24.39

SNOWFALL (IN)
  YESTERDAY        0.0          MM      MM   0.0    0.0
  MONTH TO DATE    0.0                       0.0    0.0
  SINCE JUL 1      0.0                       0.0    0.0
  SNOW DEPTH       0

DEGREE DAYS
 HEATING
  YESTERDAY        0                         0      0        0
  MONTH TO DATE    0                         0      0        0
  SINCE JUN 1      2                        15    -13        0
  SINCE JUL 1      0                         0      0        0

 COOLING
  YESTERDAY        5                        12     -7        6
  MONTH TO DATE  283                       298    -15      386
  SINCE JUN 1    539                       536      3      663
  SINCE JAN 1    624                       620      4      794
..................................................................


WIND (MPH)
  HIGHEST WIND SPEED    15   HIGHEST WIND DIRECTION    NW (310)
  HIGHEST GUST SPEED    23   HIGHEST GUST DIRECTION    NW (310)
  AVERAGE WIND SPEED     4.5


SKY COVER
  POSSIBLE SUNSHINE  MM
  AVERAGE SKY COVER 0.3


WEATHER CONDITIONS
 THE FOLLOWING WEATHER WAS RECORDED YESTERDAY.
  NO SIGNIFICANT WEATHER WAS OBSERVED.


RELATIVE HUMIDITY (PERCENT)
 HIGHEST    84          1200 AM
 LOWEST     34           200 PM
 AVERAGE    59

..........................................................


THE BALTIMORE MD CLIMATE NORMALS FOR TODAY
                         NORMAL    RECORD    YEAR
 MAXIMUM TEMPERATURE (F)   87       101      1940
 MINIMUM TEMPERATURE (F)   67        55      1976


SUNRISE AND SUNSET
JULY 26 2014..........SUNRISE   602 AM EDT   SUNSET   824 PM EDT
JULY 27 2014..........SUNRISE   603 AM EDT   SUNSET   823 PM EDT


-  INDICATES NEGATIVE NUMBERS.
R  INDICATES RECORD WAS SET OR TIED.
MM INDICATES DATA IS MISSING.
T  INDICATES TRACE AMOUNT.




$$
