000
CDUS45 KRIW 270745
CLIBYG


CLIMATE REPORT
NATIONAL WEATHER SERVICE RIVERTON WY
1239 AM MST THU NOV 27 2014


...................................

...THE BUFFALO WY CLIMATE SUMMARY FOR NOVEMBER 26 2014...

CLIMATE NORMAL PERIOD 1981 TO 2010
CLIMATE RECORD PERIOD 1998 TO 2014


WEATHER ITEM   OBSERVED TIME   RECORD YEAR NORMAL DEPARTURE LAST
                VALUE   (LST)  VALUE       VALUE  FROM      YEAR
                                                  NORMAL
..................................................................
TEMPERATURE (F)
 YESTERDAY
  MAXIMUM         28    458 PM  70    1998  40    -12       47
  MINIMUM         19   1011 PM   7    2002  19      0       24
  AVERAGE         24                        29     -5       36

PRECIPITATION (IN)
  YESTERDAY        0.07R         0.06 2001   0.02   0.05     0.00
  MONTH TO DATE    0.28                      0.47  -0.19     0.12
  SINCE SEP 1      1.59                      2.71  -1.12     5.71
  SINCE JAN 1     11.80                     12.98  -1.18    10.13

DEGREE DAYS
 HEATING
  YESTERDAY       41                        36      5       29
  MONTH TO DATE  919                       781    138      765
  SINCE SEP 1   1562                      1622    -60     1603
  SINCE JUL 1   1621                      1687    -66     1604

 COOLING
  YESTERDAY        0                         0      0        0
  MONTH TO DATE    0                         0      0        0
  SINCE SEP 1     53                        46      7       95
  SINCE JAN 1    387                       492   -105      709
..................................................................


WIND (MPH)
  HIGHEST WIND SPEED    17   HIGHEST WIND DIRECTION    SE (150)
  HIGHEST GUST SPEED    27   HIGHEST GUST DIRECTION    NW (330)
  AVERAGE WIND SPEED     7.2


SKY COVER
  POSSIBLE SUNSHINE  MM
  AVERAGE SKY COVER 0.8


WEATHER CONDITIONS
 THE FOLLOWING WEATHER WAS RECORDED YESTERDAY.
  LIGHT SNOW
  FOG


RELATIVE HUMIDITY (PERCENT)
 HIGHEST    88           600 AM
 LOWEST     63           100 AM
 AVERAGE    76

..........................................................


THE BUFFALO WY CLIMATE NORMALS FOR TODAY
                         NORMAL    RECORD    YEAR
 MAXIMUM TEMPERATURE (F)   39        63      1998
 MINIMUM TEMPERATURE (F)   18         9      2006


SUNRISE AND SUNSET
NOVEMBER 27 2014......SUNRISE   718 AM MST   SUNSET   431 PM MST
NOVEMBER 28 2014......SUNRISE   719 AM MST   SUNSET   430 PM MST


-  INDICATES NEGATIVE NUMBERS.
R  INDICATES RECORD WAS SET OR TIED.
MM INDICATES DATA IS MISSING.
T  INDICATES TRACE AMOUNT.




$$
