691
CDUS45 KRIW 010758
CLIBYG


CLIMATE REPORT
NATIONAL WEATHER SERVICE RIVERTON WY
145 AM MDT SAT OCT 1 2016


...................................

...THE BUFFALO WY CLIMATE SUMMARY FOR SEPTEMBER 30 2016...

CLIMATE NORMAL PERIOD 1981 TO 2010
CLIMATE RECORD PERIOD 1998 TO 2016


WEATHER ITEM   OBSERVED TIME   RECORD YEAR NORMAL DEPARTURE LAST
                VALUE   (LST)  VALUE       VALUE  FROM      YEAR
                                                  NORMAL
..................................................................
TEMPERATURE (F)
 YESTERDAY
  MAXIMUM         78    202 PM  85    2011  64     14       84
  MINIMUM         55    506 AM  32    2003  39     16       52
  AVERAGE         67                        51     16       68

PRECIPITATION (IN)
  YESTERDAY        0.00          0.21 2004   0.06  -0.06     0.00
  MONTH TO DATE    3.24                      1.31   1.93     0.11
  SINCE SEP 1      3.24                      1.31   1.93     0.11
  SINCE JAN 1      9.56                     11.58  -2.02    12.52

DEGREE DAYS
 HEATING
  YESTERDAY        0                        14    -14        0
  MONTH TO DATE  172                       249    -77       71
  SINCE SEP 1    172                       249    -77       71
  SINCE JUL 1    211                       314   -103      150

 COOLING
  YESTERDAY        2                         0      2        3
  MONTH TO DATE   36                        45     -9      110
  SINCE SEP 1     36                        45     -9      110
  SINCE JAN 1    630                       491    139      553
..................................................................


WIND (MPH)
  HIGHEST WIND SPEED    28   HIGHEST WIND DIRECTION    NW (320)
  HIGHEST GUST SPEED    29   HIGHEST GUST DIRECTION    NW (320)
  AVERAGE WIND SPEED     6.4


SKY COVER
  POSSIBLE SUNSHINE  MM
  AVERAGE SKY COVER 0.1


WEATHER CONDITIONS
 THE FOLLOWING WEATHER WAS RECORDED YESTERDAY.
  NO SIGNIFICANT WEATHER WAS OBSERVED.


RELATIVE HUMIDITY (PERCENT)
 HIGHEST    61           700 AM
 LOWEST     31           200 PM
 AVERAGE    46

..........................................................


THE BUFFALO WY CLIMATE NORMALS FOR TODAY
                         NORMAL    RECORD    YEAR
 MAXIMUM TEMPERATURE (F)   63        89      2011
 MINIMUM TEMPERATURE (F)   39        29      2004


SUNRISE AND SUNSET
OCTOBER  1 2016.......SUNRISE   705 AM MDT   SUNSET   646 PM MDT
OCTOBER  2 2016.......SUNRISE   707 AM MDT   SUNSET   645 PM MDT


-  INDICATES NEGATIVE NUMBERS.
R  INDICATES RECORD WAS SET OR TIED.
MM INDICATES DATA IS MISSING.
T  INDICATES TRACE AMOUNT.




$$
