000
CDUS45 KRIW 260734
CLIBYG


CLIMATE REPORT
NATIONAL WEATHER SERVICE RIVERTON WY
133 AM MDT FRI AUG 26 2016


...................................

...THE BUFFALO WY CLIMATE SUMMARY FOR AUGUST 25 2016...

CLIMATE NORMAL PERIOD 1981 TO 2010
CLIMATE RECORD PERIOD 1998 TO 2016


WEATHER ITEM   OBSERVED TIME   RECORD YEAR NORMAL DEPARTURE LAST
                VALUE   (LST)  VALUE       VALUE  FROM      YEAR
                                                  NORMAL
..................................................................
TEMPERATURE (F)
 YESTERDAY
  MAXIMUM         64    429 PM  97    2008  82    -18       94
  MINIMUM         48    605 AM  45    2014  54     -6       59
  AVERAGE         56                        68    -12       77

PRECIPITATION (IN)
  YESTERDAY        0.00          0.04 2006   0.02  -0.02     0.00
  MONTH TO DATE    0.52                      0.71  -0.19     1.14
  SINCE JUN 1      1.40                      4.65  -3.25     5.14
  SINCE JAN 1      6.32                     10.17  -3.85    12.40

DEGREE DAYS
 HEATING
  YESTERDAY        9                         2      7        0
  MONTH TO DATE   33                        27      6       49
  SINCE JUN 1     49                       215   -166      133
  SINCE JUL 1     34                        52    -18       79

 COOLING
  YESTERDAY        0                         4     -4       12
  MONTH TO DATE  152                       160     -8      159
  SINCE JUN 1    548                       414    134      377
  SINCE JAN 1    553                       421    132      377
..................................................................


WIND (MPH)
  HIGHEST WIND SPEED    16   HIGHEST WIND DIRECTION     S (190)
  HIGHEST GUST SPEED    21   HIGHEST GUST DIRECTION    SE (150)
  AVERAGE WIND SPEED     5.6


SKY COVER
  POSSIBLE SUNSHINE  MM
  AVERAGE SKY COVER 0.7


WEATHER CONDITIONS
 THE FOLLOWING WEATHER WAS RECORDED YESTERDAY.
  NO SIGNIFICANT WEATHER WAS OBSERVED.


RELATIVE HUMIDITY (PERCENT)
 HIGHEST    66           600 AM
 LOWEST     42          1200 PM
 AVERAGE    54

..........................................................


THE BUFFALO WY CLIMATE NORMALS FOR TODAY
                         NORMAL    RECORD    YEAR
 MAXIMUM TEMPERATURE (F)   82        95      2010
                                             2007
 MINIMUM TEMPERATURE (F)   53        42      2004


SUNRISE AND SUNSET
AUGUST 26 2016........SUNRISE   623 AM MDT   SUNSET   753 PM MDT
AUGUST 27 2016........SUNRISE   625 AM MDT   SUNSET   751 PM MDT


-  INDICATES NEGATIVE NUMBERS.
R  INDICATES RECORD WAS SET OR TIED.
MM INDICATES DATA IS MISSING.
T  INDICATES TRACE AMOUNT.




$$
