000
CDUS45 KRIW 070732
CLIBYG


CLIMATE REPORT
NATIONAL WEATHER SERVICE RIVERTON WY
1230 AM MST WED DEC 7 2016


...................................

...THE BUFFALO WY CLIMATE SUMMARY FOR DECEMBER 6 2016...

CLIMATE NORMAL PERIOD 1981 TO 2010
CLIMATE RECORD PERIOD 1998 TO 2016


WEATHER ITEM   OBSERVED TIME   RECORD YEAR NORMAL DEPARTURE LAST
                VALUE   (LST)  VALUE       VALUE  FROM      YEAR
                                                  NORMAL
..................................................................
TEMPERATURE (F)
 YESTERDAY
  MAXIMUM          9    242 PM  60    2003  36    -27       56
  MINIMUM         -1   1139 PM -19    2013  16    -17       29
  AVERAGE          4                        26    -22       43

PRECIPITATION (IN)
  YESTERDAY        T             0.06 2007   0.02  -0.02     0.00
  MONTH TO DATE    0.07                      0.12  -0.05     0.00
  SINCE DEC 1      0.07                      0.12  -0.05     0.00
  SINCE JAN 1     12.11                     13.17  -1.06    13.67

DEGREE DAYS
 HEATING
  YESTERDAY       61                        39     22       22
  MONTH TO DATE  240                       231      9      178
  SINCE DEC 1    240                       231      9      178
  SINCE JUL 1   1422                      2065   -643     1607

 COOLING
  YESTERDAY        0                         0      0        0
  MONTH TO DATE    0                         0      0        0
  SINCE DEC 1      0                         0      0        0
  SINCE JAN 1    632                       492    140      560
..................................................................


WIND (MPH)
  HIGHEST WIND SPEED    13   HIGHEST WIND DIRECTION    NW (320)
  HIGHEST GUST SPEED    15   HIGHEST GUST DIRECTION     N (360)
  AVERAGE WIND SPEED     4.1


SKY COVER
  POSSIBLE SUNSHINE  MM
  AVERAGE SKY COVER 0.7


WEATHER CONDITIONS
 THE FOLLOWING WEATHER WAS RECORDED YESTERDAY.
  LIGHT SNOW
  FOG
  HAZE


RELATIVE HUMIDITY (PERCENT)
 HIGHEST    80           600 AM
 LOWEST     69           400 AM
 AVERAGE    75

..........................................................


THE BUFFALO WY CLIMATE NORMALS FOR TODAY
                         NORMAL    RECORD    YEAR
 MAXIMUM TEMPERATURE (F)   36        54      2008
 MINIMUM TEMPERATURE (F)   16       -22      2013


SUNRISE AND SUNSET
DECEMBER  7 2016......SUNRISE   730 AM MST   SUNSET   427 PM MST
DECEMBER  8 2016......SUNRISE   731 AM MST   SUNSET   427 PM MST


-  INDICATES NEGATIVE NUMBERS.
R  INDICATES RECORD WAS SET OR TIED.
MM INDICATES DATA IS MISSING.
T  INDICATES TRACE AMOUNT.




$$
