000
CDUS45 KRIW 280733
CLIBYG


CLIMATE REPORT
NATIONAL WEATHER SERVICE RIVERTON WY
1233 AM MST WED JAN 28 2015


...................................

...THE BUFFALO WY CLIMATE SUMMARY FOR JANUARY 27 2015...

CLIMATE NORMAL PERIOD 1981 TO 2010
CLIMATE RECORD PERIOD 1998 TO 2015


WEATHER ITEM   OBSERVED TIME   RECORD YEAR NORMAL DEPARTURE LAST
                VALUE   (LST)  VALUE       VALUE  FROM      YEAR
                                                  NORMAL
..................................................................
TEMPERATURE (F)
 YESTERDAY
  MAXIMUM         67R  1040 AM  53    2003  38     29       12
  MINIMUM         42    636 AM  -9    2009  17     25       -1
  AVERAGE         55                        28     27        6

PRECIPITATION (IN)
  YESTERDAY        0.00          0.28 2003   0.01  -0.01     0.00
  MONTH TO DATE    0.16                      0.35  -0.19     0.21
  SINCE DEC 1      0.24                      0.75  -0.51     0.45
  SINCE JAN 1      0.16                      0.35  -0.19     0.21

DEGREE DAYS
 HEATING
  YESTERDAY       10                        38    -28       59
  MONTH TO DATE  951                      1006    -55      970
  SINCE DEC 1   1865                      2219   -354     2060
  SINCE JUL 1   3621                      4053   -432     3768

 COOLING
  YESTERDAY        0                         0      0        0
  MONTH TO DATE    0                         0      0        0
  SINCE DEC 1      0                         0      0        0
  SINCE JAN 1      0                         0      0        0
..................................................................


WIND (MPH)
  HIGHEST WIND SPEED    15   HIGHEST WIND DIRECTION     W (260)
  HIGHEST GUST SPEED    17   HIGHEST GUST DIRECTION     W (260)
  AVERAGE WIND SPEED     5.3


SKY COVER
  POSSIBLE SUNSHINE  MM
  AVERAGE SKY COVER 0.0


WEATHER CONDITIONS
 THE FOLLOWING WEATHER WAS RECORDED YESTERDAY.
  NO SIGNIFICANT WEATHER WAS OBSERVED.


RELATIVE HUMIDITY (PERCENT)
 HIGHEST    54           600 PM
 LOWEST     23           200 AM
 AVERAGE    39

..........................................................


THE BUFFALO WY CLIMATE NORMALS FOR TODAY
                         NORMAL    RECORD    YEAR
 MAXIMUM TEMPERATURE (F)   38        53      2011
 MINIMUM TEMPERATURE (F)   17       -12      2004


SUNRISE AND SUNSET
JANUARY 28 2015.......SUNRISE   730 AM MST   SUNSET   511 PM MST
JANUARY 29 2015.......SUNRISE   729 AM MST   SUNSET   512 PM MST


-  INDICATES NEGATIVE NUMBERS.
R  INDICATES RECORD WAS SET OR TIED.
MM INDICATES DATA IS MISSING.
T  INDICATES TRACE AMOUNT.




$$
