000
CDUS45 KRIW 010730
CLIBYG


CLIMATE REPORT
NATIONAL WEATHER SERVICE RIVERTON WY
1229 AM MST WED MAR 1 2017


...................................

...THE BUFFALO WY CLIMATE SUMMARY FOR FEBRUARY 28 2017...

CLIMATE NORMAL PERIOD 1981 TO 2010
CLIMATE RECORD PERIOD 1998 TO 2017


WEATHER ITEM   OBSERVED TIME   RECORD YEAR NORMAL DEPARTURE LAST
                VALUE   (LST)  VALUE       VALUE  FROM      YEAR
                                                  NORMAL
..................................................................
TEMPERATURE (F)
 YESTERDAY
  MAXIMUM         36    432 PM  66    2006  41     -5       54
  MINIMUM         15    508 AM  -2    2002  19     -4       31
  AVERAGE         26                        30     -4       43

PRECIPITATION (IN)
  YESTERDAY        T             0.67 2004   0.02  -0.02      T
  MONTH TO DATE    0.33                      0.35  -0.02     0.45
  SINCE DEC 1      0.68                      1.17  -0.49     0.68
  SINCE JAN 1      0.43                      0.77  -0.34     0.58

DEGREE DAYS
 HEATING
  YESTERDAY       39                        35      4       22
  MONTH TO DATE  915                      1034   -119      778
  SINCE DEC 1   3660                      3406    254     2935
  SINCE JUL 1   4842                      5240   -398     4364

 COOLING
  YESTERDAY        0                         0      0        0
  MONTH TO DATE    0                         0      0        0
  SINCE DEC 1      0                         0      0        0
  SINCE JAN 1      0                         0      0        0
..................................................................


WIND (MPH)
  HIGHEST WIND SPEED    30   HIGHEST WIND DIRECTION     N (340)
  HIGHEST GUST SPEED    37   HIGHEST GUST DIRECTION    NW (330)
  AVERAGE WIND SPEED     7.7


SKY COVER
  POSSIBLE SUNSHINE  MM
  AVERAGE SKY COVER 0.4


WEATHER CONDITIONS
 THE FOLLOWING WEATHER WAS RECORDED YESTERDAY.
  LIGHT SNOW
  FOG


RELATIVE HUMIDITY (PERCENT)
 HIGHEST    84           100 AM
 LOWEST     29           300 PM
 AVERAGE    57

..........................................................


THE BUFFALO WY CLIMATE NORMALS FOR TODAY
                         NORMAL    RECORD    YEAR
 MAXIMUM TEMPERATURE (F)   41        64      2008
 MINIMUM TEMPERATURE (F)   20       -12      2014


SUNRISE AND SUNSET
MARCH  1 2017.........SUNRISE   644 AM MST   SUNSET   555 PM MST
MARCH  2 2017.........SUNRISE   642 AM MST   SUNSET   557 PM MST


-  INDICATES NEGATIVE NUMBERS.
R  INDICATES RECORD WAS SET OR TIED.
MM INDICATES DATA IS MISSING.
T  INDICATES TRACE AMOUNT.




$$
