000
CDUS45 KPIH 270745
CLIBYI


CLIMATE REPORT
NATIONAL WEATHER SERVICE POCATELLO ID
136 AM MDT WED AUG 27 2014


...................................

...THE BURLEY ID CLIMATE SUMMARY FOR AUGUST 26 2014...

CLIMATE NORMAL PERIOD 1981 TO 2010
CLIMATE RECORD PERIOD 1948 TO 2014


WEATHER ITEM   OBSERVED TIME   RECORD YEAR NORMAL DEPARTURE LAST
                VALUE   (LST)  VALUE       VALUE  FROM      YEAR
                                                  NORMAL
..................................................................
TEMPERATURE (F)
 YESTERDAY
  MAXIMUM         78    417 PM 100    2010  82     -4       84
  MINIMUM         48    626 AM  40    1993  49     -1       57
  AVERAGE         63                        66     -3       71

PRECIPITATION (IN)
  YESTERDAY        0.00          0.14 2013   0.01  -0.01     0.14
  MONTH TO DATE    2.71                      0.32   2.39     0.30
  SINCE OCT 1     10.09                      9.51   0.58     6.23
  SINCE JAN 1      9.48                      6.68   2.80     2.63

SNOWFALL (IN)
  YESTERDAY       MM
  MONTH TO DATE   MM
  SINCE JUN 1     MM
  SINCE JUL 1     MM
  SNOW DEPTH      MM

DEGREE DAYS
 HEATING
  YESTERDAY        2                         2      0        0
  MONTH TO DATE   22                        22      0        0
  SINCE JUN 1    129                       178    -49      101
  SINCE JUL 1     25                        44    -19        0

 COOLING
  YESTERDAY        0                         3     -3        6
  MONTH TO DATE  119                       120     -1      179
  SINCE JUN 1    390                       327     63      543
  SINCE JAN 1    391                       333     58      553
..................................................................


WIND (MPH)
  HIGHEST WIND SPEED    15   HIGHEST WIND DIRECTION     S (190)
  HIGHEST GUST SPEED    19   HIGHEST GUST DIRECTION     S (200)
  AVERAGE WIND SPEED     4.2


SKY COVER
  POSSIBLE SUNSHINE  MM
  AVERAGE SKY COVER 0.1


WEATHER CONDITIONS
 THE FOLLOWING WEATHER WAS RECORDED YESTERDAY.
  NO SIGNIFICANT WEATHER WAS OBSERVED.


RELATIVE HUMIDITY (PERCENT)
 HIGHEST    93           200 AM
 LOWEST     31           400 PM
 AVERAGE    62

..........................................................


THE BURLEY ID CLIMATE NORMALS FOR TODAY
                         NORMAL    RECORD    YEAR
 MAXIMUM TEMPERATURE (F)   82        94      1995
 MINIMUM TEMPERATURE (F)   49        34      1954


SUNRISE AND SUNSET
AUGUST 27 2014........SUNRISE   655 AM MDT   SUNSET   817 PM MDT
AUGUST 28 2014........SUNRISE   656 AM MDT   SUNSET   816 PM MDT


-  INDICATES NEGATIVE NUMBERS.
R  INDICATES RECORD WAS SET OR TIED.
MM INDICATES DATA IS MISSING.
T  INDICATES TRACE AMOUNT.




$$
