000
CDUS45 KPIH 220732
CLIBYI


CLIMATE REPORT
NATIONAL WEATHER SERVICE POCATELLO ID
1230 AM MST MON JAN 22 2018


...................................

...THE BURLEY ID CLIMATE SUMMARY FOR JANUARY 21 2018...

CLIMATE NORMAL PERIOD 1981 TO 2010
CLIMATE RECORD PERIOD 1948 TO 2018


WEATHER ITEM   OBSERVED TIME   RECORD YEAR NORMAL DEPARTURE LAST
                VALUE   (LST)  VALUE       VALUE  FROM      YEAR
                                                  NORMAL
..................................................................
TEMPERATURE (F)
 YESTERDAY
  MAXIMUM         39    416 PM  53    1994  35      4       37
  MINIMUM         25    838 AM -24    1962  19      6       29
  AVERAGE         32                        27      5       33

PRECIPITATION (IN)
  YESTERDAY        0.00          0.65 2012   0.02  -0.02      T
  MONTH TO DATE    1.24                      0.65   0.59     1.77
  SINCE OCT 1      2.86                      3.48  -0.62     6.56
  SINCE JAN 1      1.24                      0.65   0.59     1.77

SNOWFALL (IN)
  YESTERDAY       MM
  MONTH TO DATE   MM
  SINCE DEC 1     MM
  SINCE JUL 1     MM
  SNOW DEPTH      MM

DEGREE DAYS
 HEATING
  YESTERDAY       33                        38     -5       32
  MONTH TO DATE  607                       810   -203      916
  SINCE DEC 1   1640                      2002   -362     2163
  SINCE JUL 1   3194                      3690   -496     3561

 COOLING
  YESTERDAY        0                         0      0        0
  MONTH TO DATE    0                         0      0        0
  SINCE DEC 1      0                         0      0        0
  SINCE JAN 1      0                         0      0        0
..................................................................


WIND (MPH)
  HIGHEST WIND SPEED    20   HIGHEST WIND DIRECTION     S (200)
  HIGHEST GUST SPEED    26   HIGHEST GUST DIRECTION     S (200)
  AVERAGE WIND SPEED     9.2


SKY COVER
  POSSIBLE SUNSHINE  MM
  AVERAGE SKY COVER 0.2


WEATHER CONDITIONS
 THE FOLLOWING WEATHER WAS RECORDED YESTERDAY.
  NO SIGNIFICANT WEATHER WAS OBSERVED.


RELATIVE HUMIDITY (PERCENT)
 HIGHEST    85           600 AM
 LOWEST     48           400 PM
 AVERAGE    67

..........................................................


THE BURLEY ID CLIMATE NORMALS FOR TODAY
                         NORMAL    RECORD    YEAR
 MAXIMUM TEMPERATURE (F)   35        54      1994
 MINIMUM TEMPERATURE (F)   19       -30      1962


SUNRISE AND SUNSET
JANUARY 22 2018.......SUNRISE   758 AM MST   SUNSET   536 PM MST
JANUARY 23 2018.......SUNRISE   757 AM MST   SUNSET   537 PM MST


-  INDICATES NEGATIVE NUMBERS.
R  INDICATES RECORD WAS SET OR TIED.
MM INDICATES DATA IS MISSING.
T  INDICATES TRACE AMOUNT.




$$
