000
CDUS45 KPIH 270738
CLIBYI


CLIMATE REPORT
NATIONAL WEATHER SERVICE POCATELLO ID
136 AM MDT SAT AUG 27 2016


...................................

...THE BURLEY ID CLIMATE SUMMARY FOR AUGUST 26 2016...

CLIMATE NORMAL PERIOD 1981 TO 2010
CLIMATE RECORD PERIOD 1948 TO 2016


WEATHER ITEM   OBSERVED TIME   RECORD YEAR NORMAL DEPARTURE LAST
                VALUE   (LST)  VALUE       VALUE  FROM      YEAR
                                                  NORMAL
..................................................................
TEMPERATURE (F)
 YESTERDAY
  MAXIMUM         77    300 PM 100    2010  82     -5       88
  MINIMUM         42    603 AM  40    1993  49     -7       59
  AVERAGE         60                        66     -6       74

PRECIPITATION (IN)
  YESTERDAY        0.00          0.14 2013   0.01  -0.01     0.00
  MONTH TO DATE    0.02                      0.32  -0.30     0.17
  SINCE OCT 1      8.19                      9.51  -1.32     8.49
  SINCE JAN 1      5.39                      6.68  -1.29     6.44

SNOWFALL (IN)
  YESTERDAY       MM
  MONTH TO DATE   MM
  SINCE JUN 1     MM
  SINCE JUL 1     MM
  SNOW DEPTH      MM

DEGREE DAYS
 HEATING
  YESTERDAY        5                         2      3        0
  MONTH TO DATE   29                        22      7        6
  SINCE JUN 1    105                       178    -73       51
  SINCE JUL 1     55                        44     11       25

 COOLING
  YESTERDAY        0                         3     -3        9
  MONTH TO DATE   87                       120    -33      132
  SINCE JUN 1    324                       327     -3      435
  SINCE JAN 1    328                       333     -5      440
..................................................................


WIND (MPH)
  HIGHEST WIND SPEED    15   HIGHEST WIND DIRECTION     W (260)
  HIGHEST GUST SPEED    21   HIGHEST GUST DIRECTION     W (290)
  AVERAGE WIND SPEED     5.7


SKY COVER
  POSSIBLE SUNSHINE  MM
  AVERAGE SKY COVER 0.0


WEATHER CONDITIONS
 THE FOLLOWING WEATHER WAS RECORDED YESTERDAY.
  NO SIGNIFICANT WEATHER WAS OBSERVED.


RELATIVE HUMIDITY (PERCENT)
 HIGHEST    89           400 AM
 LOWEST     21           300 PM
 AVERAGE    55

..........................................................


THE BURLEY ID CLIMATE NORMALS FOR TODAY
                         NORMAL    RECORD    YEAR
 MAXIMUM TEMPERATURE (F)   82        94      1995
 MINIMUM TEMPERATURE (F)   49        34      1954


SUNRISE AND SUNSET
AUGUST 27 2016........SUNRISE   655 AM MDT   SUNSET   817 PM MDT
AUGUST 28 2016........SUNRISE   656 AM MDT   SUNSET   815 PM MDT


-  INDICATES NEGATIVE NUMBERS.
R  INDICATES RECORD WAS SET OR TIED.
MM INDICATES DATA IS MISSING.
T  INDICATES TRACE AMOUNT.




$$
