000
CDUS45 KPIH 212324
CLIBYI


CLIMATE REPORT
NATIONAL WEATHER SERVICE POCATELLO ID
522 PM MDT MON AUG 21 2017


...................................

...THE BURLEY ID CLIMATE SUMMARY FOR AUGUST 21 2017...
VALID TODAY AS OF 0500 PM LOCAL TIME.

CLIMATE NORMAL PERIOD 1981 TO 2010
CLIMATE RECORD PERIOD 1948 TO 2017


WEATHER ITEM   OBSERVED TIME   RECORD YEAR NORMAL DEPARTURE LAST
                VALUE   (LST)  VALUE       VALUE  FROM      YEAR
                                                  NORMAL
..................................................................
TEMPERATURE (F)
 TODAY
  MAXIMUM         81    359 PM  98    2009  84     -3       91
  MINIMUM         48    607 AM  38    1974  51     -3       49
  AVERAGE         65                        67     -2       70

PRECIPITATION (IN)
  TODAY            0.00          0.66 2003   0.01  -0.01     0.00
  MONTH TO DATE    0.07                      0.25  -0.18     0.02
  SINCE OCT 1     13.26                      9.44   3.82     8.19
  SINCE JAN 1      8.47                      6.61   1.86     5.39

SNOWFALL (IN)
  TODAY           MM
  MONTH TO DATE   MM
  SINCE JUN 1     MM
  SINCE JUL 1     MM
  SNOW DEPTH      MM

DEGREE DAYS
 HEATING
  TODAY            0                         1     -1        0
  MONTH TO DATE    6                        14     -8       10
  SINCE JUN 1     83                       170    -87       86
  SINCE JUL 1      6                        36    -30       36

 COOLING
  TODAY            0                         4     -4        5
  MONTH TO DATE  104                       105     -1       86
  SINCE JUN 1    456                       312    144      323
  SINCE JAN 1    461                       318    143      327
..................................................................


WIND (MPH)
  HIGHEST WIND SPEED    13   HIGHEST WIND DIRECTION     W (290)
  HIGHEST GUST SPEED    17   HIGHEST GUST DIRECTION     W (280)
  AVERAGE WIND SPEED     4.7


SKY COVER
  POSSIBLE SUNSHINE  MM
  AVERAGE SKY COVER 0.0


WEATHER CONDITIONS
 THE FOLLOWING WEATHER WAS RECORDED TODAY.
  HAZE


RELATIVE HUMIDITY (PERCENT)
 HIGHEST    71           500 AM
 LOWEST     20           300 PM
 AVERAGE    46

..........................................................


THE BURLEY ID CLIMATE NORMALS FOR TOMORROW
                         NORMAL    RECORD    YEAR
 MAXIMUM TEMPERATURE (F)   84        99      1997
 MINIMUM TEMPERATURE (F)   50        39      1966


SUNRISE AND SUNSET
AUGUST 21 2017........SUNRISE   649 AM MDT   SUNSET   827 PM MDT
AUGUST 22 2017........SUNRISE   650 AM MDT   SUNSET   825 PM MDT


-  INDICATES NEGATIVE NUMBERS.
R  INDICATES RECORD WAS SET OR TIED.
MM INDICATES DATA IS MISSING.
T  INDICATES TRACE AMOUNT.




$$
