000
CDUS45 KPIH 290730
CLIBYI


CLIMATE REPORT
NATIONAL WEATHER SERVICE POCATELLO ID
129 AM MDT FRI MAY 29 2015


...................................

...THE BURLEY ID CLIMATE SUMMARY FOR MAY 28 2015...

CLIMATE NORMAL PERIOD 1981 TO 2010
CLIMATE RECORD PERIOD 1948 TO 2015


WEATHER ITEM   OBSERVED TIME   RECORD YEAR NORMAL DEPARTURE LAST
                VALUE   (LST)  VALUE       VALUE  FROM      YEAR
                                                  NORMAL
..................................................................
TEMPERATURE (F)
 YESTERDAY
  MAXIMUM         70    534 PM  97    2003  71     -1       78
  MINIMUM         42    538 AM  28    1954  44     -2       50
  AVERAGE         56                        57     -1       64

PRECIPITATION (IN)
  YESTERDAY        T             0.59 1956   0.04  -0.04     0.00
  MONTH TO DATE    3.65                      1.27   2.38     1.49
  SINCE OCT 1      7.22                      7.90  -0.68     6.66
  SINCE JAN 1      5.17                      5.07   0.10     6.05

SNOWFALL (IN)
  YESTERDAY       MM
  MONTH TO DATE   MM
  SINCE MAR 1     MM
  SINCE JUL 1     MM
  SNOW DEPTH      MM

DEGREE DAYS
 HEATING
  YESTERDAY        9                         8      1        1
  MONTH TO DATE  264                       319    -55      259
  SINCE MAR 1   1387                      1685   -298     1503
  SINCE JUL 1   5364                      6707  -1343     6198

 COOLING
  YESTERDAY        0                         0      0        0
  MONTH TO DATE    0                         0      0        1
  SINCE MAR 1      0                         0      0        1
  SINCE JAN 1      0                         0      0        1
..................................................................


WIND (MPH)
  HIGHEST WIND SPEED    16   HIGHEST WIND DIRECTION     W (260)
  HIGHEST GUST SPEED    24   HIGHEST GUST DIRECTION     W (250)
  AVERAGE WIND SPEED     7.1


SKY COVER
  POSSIBLE SUNSHINE  MM
  AVERAGE SKY COVER 0.1


WEATHER CONDITIONS
 THE FOLLOWING WEATHER WAS RECORDED YESTERDAY.
  NO SIGNIFICANT WEATHER WAS OBSERVED.


RELATIVE HUMIDITY (PERCENT)
 HIGHEST    93           400 AM
 LOWEST     36           500 PM
 AVERAGE    65

..........................................................


THE BURLEY ID CLIMATE NORMALS FOR TODAY
                         NORMAL    RECORD    YEAR
 MAXIMUM TEMPERATURE (F)   71        92      2003
 MINIMUM TEMPERATURE (F)   44        33      1982


SUNRISE AND SUNSET
MAY 29 2015...........SUNRISE   602 AM MDT   SUNSET   903 PM MDT
MAY 30 2015...........SUNRISE   601 AM MDT   SUNSET   904 PM MDT


-  INDICATES NEGATIVE NUMBERS.
R  INDICATES RECORD WAS SET OR TIED.
MM INDICATES DATA IS MISSING.
T  INDICATES TRACE AMOUNT.




$$
