000
CDUS45 KPIH 160750
CLIBYI


CLIMATE REPORT
NATIONAL WEATHER SERVICE POCATELLO ID
140 AM MDT WED APR 16 2014


...................................

...THE BURLEY ID CLIMATE SUMMARY FOR APRIL 15 2014...

CLIMATE NORMAL PERIOD 1981 TO 2010
CLIMATE RECORD PERIOD 1948 TO 2014


WEATHER ITEM   OBSERVED TIME   RECORD YEAR NORMAL DEPARTURE LAST
                VALUE   (LST)  VALUE       VALUE  FROM      YEAR
                                                  NORMAL
..................................................................
TEMPERATURE (F)
 YESTERDAY
  MAXIMUM         60   1123 AM  84    1990  58      2       47
  MINIMUM         35   1159 PM  21    1953  33      2       30
  AVERAGE         48                        46      2       39

PRECIPITATION (IN)
  YESTERDAY        0.00          0.46 1967   0.04  -0.04     0.02
  MONTH TO DATE    0.38                      0.47  -0.09     0.67
  SINCE OCT 1      4.31                      6.01  -1.70     5.22
  SINCE JAN 1      3.70                      3.18   0.52     1.62

SNOWFALL (IN)
  YESTERDAY       MM
  MONTH TO DATE   MM
  SINCE MAR 1     MM
  SINCE JUL 1     MM
  SNOW DEPTH      MM

DEGREE DAYS
 HEATING
  YESTERDAY       17                        19     -2       26
  MONTH TO DATE  274                       309    -35      298
  SINCE MAR 1    969                      1106   -137     1030
  SINCE JUL 1   5664                      6128   -464     5788

 COOLING
  YESTERDAY        0                         0      0        0
  MONTH TO DATE    0                         0      0        0
  SINCE MAR 1      0                         0      0        0
  SINCE JAN 1      0                         0      0        0
..................................................................


WIND (MPH)
  HIGHEST WIND SPEED    35   HIGHEST WIND DIRECTION     W (280)
  HIGHEST GUST SPEED    49   HIGHEST GUST DIRECTION     W (280)
  AVERAGE WIND SPEED    18.9


SKY COVER
  POSSIBLE SUNSHINE  MM
  AVERAGE SKY COVER 0.1


WEATHER CONDITIONS
 THE FOLLOWING WEATHER WAS RECORDED YESTERDAY.
  NO SIGNIFICANT WEATHER WAS OBSERVED.


RELATIVE HUMIDITY (PERCENT)
 HIGHEST    44          1100 PM
 LOWEST     23           500 AM
 AVERAGE    34

..........................................................


THE BURLEY ID CLIMATE NORMALS FOR TODAY
                         NORMAL    RECORD    YEAR
 MAXIMUM TEMPERATURE (F)   58        82      1994
 MINIMUM TEMPERATURE (F)   34        19      1955


SUNRISE AND SUNSET
APRIL 16 2014.........SUNRISE   652 AM MDT   SUNSET   818 PM MDT
APRIL 17 2014.........SUNRISE   651 AM MDT   SUNSET   819 PM MDT


-  INDICATES NEGATIVE NUMBERS.
R  INDICATES RECORD WAS SET OR TIED.
MM INDICATES DATA IS MISSING.
T  INDICATES TRACE AMOUNT.




$$
