000
CDUS45 KPIH 310733
CLIBYI


CLIMATE REPORT
NATIONAL WEATHER SERVICE POCATELLO ID
132 AM MDT THU JUL 31 2014


...................................

...THE BURLEY ID CLIMATE SUMMARY FOR JULY 30 2014...

CLIMATE NORMAL PERIOD 1981 TO 2010
CLIMATE RECORD PERIOD 1948 TO 2014


WEATHER ITEM   OBSERVED TIME   RECORD YEAR NORMAL DEPARTURE LAST
                VALUE   (LST)  VALUE       VALUE  FROM      YEAR
                                                  NORMAL
..................................................................
TEMPERATURE (F)
 YESTERDAY
  MAXIMUM         88    521 PM 107    2000  87      1       90
  MINIMUM         54    518 AM  46    1950  55     -1       60
  AVERAGE         71                        71      0       75

PRECIPITATION (IN)
  YESTERDAY        T             0.38 1975   0.01  -0.01     0.00
  MONTH TO DATE    0.01                      0.29  -0.28     0.04
  SINCE OCT 1      7.38                      9.18  -1.80     5.93
  SINCE JAN 1      6.77                      6.35   0.42     2.33

SNOWFALL (IN)
  YESTERDAY       MM
  MONTH TO DATE   MM
  SINCE JUN 1     MM
  SINCE JUL 1     MM
  SNOW DEPTH      MM

DEGREE DAYS
 HEATING
  YESTERDAY        0                         0      0        0
  MONTH TO DATE    3                        20    -17        0
  SINCE JUN 1    107                       154    -47      101
  SINCE JUL 1      3                        20    -17        0

 COOLING
  YESTERDAY        6                         6      0       10
  MONTH TO DATE  245                       154     91      266
  SINCE JUN 1    264                       201     63      352
  SINCE JAN 1    265                       207     58      362
..................................................................


WIND (MPH)
  HIGHEST WIND SPEED    21   HIGHEST WIND DIRECTION     N (350)
  HIGHEST GUST SPEED    29   HIGHEST GUST DIRECTION     N (340)
  AVERAGE WIND SPEED     3.4


SKY COVER
  POSSIBLE SUNSHINE  MM
  AVERAGE SKY COVER 0.1


WEATHER CONDITIONS
 THE FOLLOWING WEATHER WAS RECORDED YESTERDAY.
  THUNDERSTORM
  LIGHT RAIN


RELATIVE HUMIDITY (PERCENT)
 HIGHEST    86           400 AM
 LOWEST     21           500 PM
 AVERAGE    54

..........................................................


THE BURLEY ID CLIMATE NORMALS FOR TODAY
                         NORMAL    RECORD    YEAR
 MAXIMUM TEMPERATURE (F)   87       103      2000
 MINIMUM TEMPERATURE (F)   54        44      1995


SUNRISE AND SUNSET
JULY 31 2014..........SUNRISE   626 AM MDT   SUNSET   856 PM MDT
AUGUST  1 2014........SUNRISE   627 AM MDT   SUNSET   855 PM MDT


-  INDICATES NEGATIVE NUMBERS.
R  INDICATES RECORD WAS SET OR TIED.
MM INDICATES DATA IS MISSING.
T  INDICATES TRACE AMOUNT.




$$
