000
CDUS45 KPIH 232324
CLIBYI


CLIMATE REPORT
NATIONAL WEATHER SERVICE POCATELLO ID
522 PM MDT MON OCT 23 2017


...................................

...THE BURLEY ID CLIMATE SUMMARY FOR OCTOBER 23 2017...
VALID TODAY AS OF 0500 PM LOCAL TIME.

CLIMATE NORMAL PERIOD 1981 TO 2010
CLIMATE RECORD PERIOD 1948 TO 2017


WEATHER ITEM   OBSERVED TIME   RECORD YEAR NORMAL DEPARTURE LAST
                VALUE   (LST)  VALUE       VALUE  FROM      YEAR
                                                  NORMAL
..................................................................
TEMPERATURE (F)
 TODAY
  MAXIMUM         58    230 PM  79    1999  58      0       68
  MINIMUM         43    720 AM  21    1978  33     10       36
  AVERAGE         51                        45      6       52

PRECIPITATION (IN)
  TODAY            0.00          0.30 1987   0.03  -0.03     0.00
  MONTH TO DATE    0.13                      0.55  -0.42     1.18
  SINCE OCT 1      0.13                      0.55  -0.42     1.18
  SINCE JAN 1     10.32                      7.86   2.46     9.88

SNOWFALL (IN)
  TODAY           MM
  MONTH TO DATE   MM
  SINCE SEP 1     MM
  SINCE JUL 1     MM
  SNOW DEPTH      MM

DEGREE DAYS
 HEATING
  TODAY           14                        20     -6       13
  MONTH TO DATE  443                       368     75      349
  SINCE SEP 1    682                       581    101      564
  SINCE JUL 1    688                       638     50      620

 COOLING
  TODAY            0                         0      0        0
  MONTH TO DATE    0                         0      0        0
  SINCE SEP 1     68                        21     47       10
  SINCE JAN 1    601                       365    236      353
..................................................................


WIND (MPH)
  HIGHEST WIND SPEED    20   HIGHEST WIND DIRECTION    SW (240)
  HIGHEST GUST SPEED    25   HIGHEST GUST DIRECTION    SW (240)
  AVERAGE WIND SPEED    12.0


SKY COVER
  POSSIBLE SUNSHINE  MM
  AVERAGE SKY COVER 0.1


WEATHER CONDITIONS
 THE FOLLOWING WEATHER WAS RECORDED TODAY.
  NO SIGNIFICANT WEATHER WAS OBSERVED.


RELATIVE HUMIDITY (PERCENT)
 HIGHEST    89           700 AM
 LOWEST     43           300 PM
 AVERAGE    66

..........................................................


THE BURLEY ID CLIMATE NORMALS FOR TOMORROW
                         NORMAL    RECORD    YEAR
 MAXIMUM TEMPERATURE (F)   57        80      1992
 MINIMUM TEMPERATURE (F)   32        19      1980


SUNRISE AND SUNSET
OCTOBER 23 2017.......SUNRISE   758 AM MDT   SUNSET   640 PM MDT
OCTOBER 24 2017.......SUNRISE   759 AM MDT   SUNSET   639 PM MDT


-  INDICATES NEGATIVE NUMBERS.
R  INDICATES RECORD WAS SET OR TIED.
MM INDICATES DATA IS MISSING.
T  INDICATES TRACE AMOUNT.




$$
