000
CDUS45 KTFX 232230
CLIBZN


CLIMATE REPORT
NATIONAL WEATHER SERVICE GREAT FALLS MT
430 PM MDT SUN APR 23 2017


...................................

...THE BOZEMAN/GALLATIN FIELD MT CLIMATE SUMMARY FOR APRIL 23 2017...
VALID TODAY AS OF 0400 PM LOCAL TIME.

CLIMATE NORMAL PERIOD 1981 TO 2010
CLIMATE RECORD PERIOD 1935 TO 2017


WEATHER ITEM   OBSERVED TIME   RECORD YEAR NORMAL DEPARTURE LAST
                VALUE   (LST)  VALUE       VALUE  FROM      YEAR
                                                  NORMAL
..................................................................
TEMPERATURE (F)
 TODAY
  MAXIMUM         61    106 PM  83    2012  61      0       54
  MINIMUM         39    509 AM  14    2013  33      6       43
  AVERAGE         50                        47      3       49

PRECIPITATION (IN)
  TODAY            0.01          0.74 1993   0.06  -0.05     0.22
  MONTH TO DATE    1.36                      1.18   0.18     0.56
  SINCE OCT 1      6.54                      5.41   1.13     4.96
  SINCE JAN 1      3.21                      3.03   0.18     2.11

SNOWFALL (IN)
  TODAY           MM             3.0  1961   0.2   MM        0.0
  MONTH TO DATE    2.5                       6.3   -3.8       T
  SINCE MAR 1      4.3                      14.0   -9.7      2.1
  SINCE JUL 1     43.5                      36.3    7.2     25.7

DEGREE DAYS
 HEATING
  TODAY           15                        18     -3       16
  MONTH TO DATE  504                       480     24      399
  SINCE MAR 1   1218                      1364   -146     1224
  SINCE JUL 1   7411                      6944    467     6909

 COOLING
  TODAY            0                         0      0        0
  MONTH TO DATE    0                         0      0        0
  SINCE MAR 1      0                         0      0        0
  SINCE JAN 1      0                         0      0        0
..................................................................


WIND (MPH)
  HIGHEST WIND SPEED    31   HIGHEST WIND DIRECTION     W (290)
  HIGHEST GUST SPEED    38   HIGHEST GUST DIRECTION     W (290)
  AVERAGE WIND SPEED     7.6


SKY COVER
  AVERAGE SKY COVER 0.5


WEATHER CONDITIONS
 THE FOLLOWING WEATHER WAS RECORDED TODAY.
  THUNDERSTORM
  LIGHT RAIN


RELATIVE HUMIDITY (PERCENT)
 HIGHEST    85           500 AM
 LOWEST     40           100 PM
 AVERAGE    63

..........................................................


THE BOZEMAN/GALLATIN FIELD MT CLIMATE NORMALS FOR TOMORROW
                         NORMAL    RECORD    YEAR
 MAXIMUM TEMPERATURE (F)   62        81      1962
 MINIMUM TEMPERATURE (F)   33        17      2002


SUNRISE AND SUNSET
APRIL 23 2017.........SUNRISE   624 AM MDT   SUNSET   822 PM MDT
APRIL 24 2017.........SUNRISE   623 AM MDT   SUNSET   823 PM MDT


-  INDICATES NEGATIVE NUMBERS.
R  INDICATES RECORD WAS SET OR TIED.
MM INDICATES DATA IS MISSING.
T  INDICATES TRACE AMOUNT.




$$
