000
CDUS45 KTFX 280811
CLIBZN


CLIMATE REPORT
NATIONAL WEATHER SERVICE GREAT FALLS MT
208 AM MDT SAT MAR 28 2015


...................................

...THE BOZEMAN/GALLATIN FIELD MT CLIMATE SUMMARY FOR MARCH 27 2015...

CLIMATE NORMAL PERIOD 1981 TO 2010
CLIMATE RECORD PERIOD 1935 TO 2015


WEATHER ITEM   OBSERVED TIME   RECORD YEAR NORMAL DEPARTURE LAST
                VALUE   (LST)  VALUE       VALUE  FROM      YEAR
                                                  NORMAL
..................................................................
TEMPERATURE (F)
 YESTERDAY
  MAXIMUM         74R   437 PM  71    1986  54     20       39
  MINIMUM         30    607 AM -12    1955  27      3       20
  AVERAGE         52                        40     12       30

PRECIPITATION (IN)
  YESTERDAY        0.00          0.39 1997   0.04  -0.04     0.09
  MONTH TO DATE    0.30                      0.78  -0.48     1.35
  SINCE OCT 1      2.60                      4.07  -1.47     3.35
  SINCE JAN 1      0.67                      1.69  -1.02     2.30

SNOWFALL (IN)
  YESTERDAY        0.0           2.7  1985   0.3   -0.3       T
  MONTH TO DATE    2.0                       6.6   -4.6      4.1
  SINCE MAR 1      2.0                       6.6   -4.6      4.1
  SINCE JUL 1     32.4                      28.9    3.5     29.1
  SNOW DEPTH       0

DEGREE DAYS
 HEATING
  YESTERDAY       13                        25    -12       35
  MONTH TO DATE  690                       787    -97      866
  SINCE MAR 1    690                       787    -97      866
  SINCE JUL 1   6272                      6367    -95     6881

 COOLING
  YESTERDAY        0                         0      0        0
  MONTH TO DATE    0                         0      0        0
  SINCE MAR 1      0                         0      0        0
  SINCE JAN 1      0                         0      0        0
..................................................................


WIND (MPH)
  HIGHEST WIND SPEED    20   HIGHEST WIND DIRECTION     W (280)
  HIGHEST GUST SPEED    24   HIGHEST GUST DIRECTION     W (270)
  AVERAGE WIND SPEED     6.5


SKY COVER
  AVERAGE SKY COVER 0.1


WEATHER CONDITIONS
 THE FOLLOWING WEATHER WAS RECORDED YESTERDAY.
  NO SIGNIFICANT WEATHER WAS OBSERVED.


RELATIVE HUMIDITY (PERCENT)
 HIGHEST    92
 LOWEST     19
 AVERAGE    56

..........................................................


THE BOZEMAN/GALLATIN FIELD MT CLIMATE NORMALS FOR TODAY
                         NORMAL    RECORD    YEAR
 MAXIMUM TEMPERATURE (F)   54        74      1986
 MINIMUM TEMPERATURE (F)   27       -10      1965


SUNRISE AND SUNSET
MARCH 28 2015.........SUNRISE   713 AM MDT   SUNSET   748 PM MDT
MARCH 29 2015.........SUNRISE   711 AM MDT   SUNSET   749 PM MDT


-  INDICATES NEGATIVE NUMBERS.
R  INDICATES RECORD WAS SET OR TIED.
MM INDICATES DATA IS MISSING.
T  INDICATES TRACE AMOUNT.




$$
