000
CDUS45 KTFX 250754
CLIBZN


CLIMATE REPORT
NATIONAL WEATHER SERVICE GREAT FALLS MT
154 AM MDT WED MAY 25 2016


...................................

...THE BOZEMAN/GALLATIN FIELD MT CLIMATE SUMMARY FOR MAY 24 2016...

CLIMATE NORMAL PERIOD 1981 TO 2010
CLIMATE RECORD PERIOD 1935 TO 2016


WEATHER ITEM   OBSERVED TIME   RECORD YEAR NORMAL DEPARTURE LAST
                VALUE   (LST)  VALUE       VALUE  FROM      YEAR
                                                  NORMAL
..................................................................
TEMPERATURE (F)
 YESTERDAY
  MAXIMUM         60    403 PM  87    1988  71    -11       61
  MINIMUM         41    158 AM  28    1989  41      0       42
  AVERAGE         51                        56     -5       52

PRECIPITATION (IN)
  YESTERDAY        0.13          0.99 1997   0.09   0.04     0.14
  MONTH TO DATE    2.27                      1.79   0.48     2.14
  SINCE OCT 1      7.51                      7.62  -0.11     6.70
  SINCE JAN 1      4.66                      5.24  -0.58     4.77

SNOWFALL (IN)
  YESTERDAY        0.0           T    1975   0.1   -0.1      0.0
  MONTH TO DATE    T                         2.2   -2.2      0.0
  SINCE MAR 1      2.1                      17.4  -15.3      7.0
  SINCE JUL 1     25.7                      39.7  -14.0     37.4
  SNOW DEPTH       0

DEGREE DAYS
 HEATING
  YESTERDAY       14                         9      5       13
  MONTH TO DATE  351                       297     54      386
  SINCE MAR 1   1725                      1778    -53     1828
  SINCE JUL 1   7410                      7358     52     7410

 COOLING
  YESTERDAY        0                         0      0        0
  MONTH TO DATE    0                         0      0        0
  SINCE MAR 1      0                         0      0        0
  SINCE JAN 1      0                         0      0        0
..................................................................


WIND (MPH)
  HIGHEST WIND SPEED    12   HIGHEST WIND DIRECTION    NW (320)
  HIGHEST GUST SPEED    14   HIGHEST GUST DIRECTION    NW (320)
  AVERAGE WIND SPEED     4.0


SKY COVER
  AVERAGE SKY COVER 0.7


WEATHER CONDITIONS
 THE FOLLOWING WEATHER WAS RECORDED YESTERDAY.
  LIGHT RAIN
  FOG


RELATIVE HUMIDITY (PERCENT)
 HIGHEST    93
 LOWEST     51
 AVERAGE    72

..........................................................


THE BOZEMAN/GALLATIN FIELD MT CLIMATE NORMALS FOR TODAY
                         NORMAL    RECORD    YEAR
 MAXIMUM TEMPERATURE (F)   71        86      1988
 MINIMUM TEMPERATURE (F)   42        25      1950


SUNRISE AND SUNSET
MAY 25 2016...........SUNRISE   543 AM MDT   SUNSET   901 PM MDT
MAY 26 2016...........SUNRISE   542 AM MDT   SUNSET   902 PM MDT


-  INDICATES NEGATIVE NUMBERS.
R  INDICATES RECORD WAS SET OR TIED.
MM INDICATES DATA IS MISSING.
T  INDICATES TRACE AMOUNT.




$$
