000
CDUS45 KTFX 161020
CLIBZN


CLIMATE REPORT
NATIONAL WEATHER SERVICE GREAT FALLS MT
319 AM MST MON JAN 16 2017


...................................

...THE BOZEMAN/GALLATIN FIELD MT CLIMATE SUMMARY FOR JANUARY 15 2017...

CLIMATE NORMAL PERIOD 1981 TO 2010
CLIMATE RECORD PERIOD 1935 TO 2017


WEATHER ITEM   OBSERVED TIME   RECORD YEAR NORMAL DEPARTURE LAST
                VALUE   (LST)  VALUE       VALUE  FROM      YEAR
                                                  NORMAL
..................................................................
TEMPERATURE (F)
 YESTERDAY
  MAXIMUM         16    326 PM  55    1974  36    -20       28
  MINIMUM        -13   1200 AM -34    1947  11    -24        8
  AVERAGE          2                        24    -22       18

PRECIPITATION (IN)
  YESTERDAY        0.00          0.32 1956   0.02  -0.02     0.00
  MONTH TO DATE    0.15                      0.24  -0.09     0.05
  SINCE OCT 1      3.48                      2.62   0.86     2.90
  SINCE JAN 1      0.15                      0.24  -0.09     0.05

SNOWFALL (IN)
  YESTERDAY        0.0           6.9  1977   0.1   -0.1      0.0
  MONTH TO DATE    6.1                       1.9    4.2      1.5
  SINCE DEC 1     20.2                       7.9   12.3     11.0
  SINCE JUL 1     24.1                      15.3    8.8     17.6
  SNOW DEPTH       8

DEGREE DAYS
 HEATING
  YESTERDAY       63                        41     22       47
  MONTH TO DATE  941                       637    304      748
  SINCE DEC 1   2536                      1991    545     2088
  SINCE JUL 1   4313                      3872    441     4052

 COOLING
  YESTERDAY        0                         0      0        0
  MONTH TO DATE    0                         0      0        0
  SINCE DEC 1      0                         0      0        0
  SINCE JAN 1      0                         0      0        0
..................................................................


WIND (MPH)
  HIGHEST WIND SPEED    10   HIGHEST WIND DIRECTION    SE (150)
  HIGHEST GUST SPEED    11   HIGHEST GUST DIRECTION    SE (150)
  AVERAGE WIND SPEED     3.5


SKY COVER
  AVERAGE SKY COVER 0.0


WEATHER CONDITIONS
 THE FOLLOWING WEATHER WAS RECORDED YESTERDAY.
  FOG
  HAZE


RELATIVE HUMIDITY (PERCENT)
 HIGHEST    95
 LOWEST     59
 AVERAGE    77

..........................................................


THE BOZEMAN/GALLATIN FIELD MT CLIMATE NORMALS FOR TODAY
                         NORMAL    RECORD    YEAR
 MAXIMUM TEMPERATURE (F)   36        56      1974
 MINIMUM TEMPERATURE (F)   11       -31      1957


SUNRISE AND SUNSET
JANUARY 16 2017.......SUNRISE   801 AM MST   SUNSET   508 PM MST
JANUARY 17 2017.......SUNRISE   800 AM MST   SUNSET   510 PM MST


-  INDICATES NEGATIVE NUMBERS.
R  INDICATES RECORD WAS SET OR TIED.
MM INDICATES DATA IS MISSING.
T  INDICATES TRACE AMOUNT.




$$
