000
CDUS45 KTFX 160744
CLIBZN


CLIMATE REPORT
NATIONAL WEATHER SERVICE GREAT FALLS MT
144 AM MDT TUE SEP 16 2014


...................................

...THE BOZEMAN/GALLATIN FIELD MT CLIMATE SUMMARY FOR SEPTEMBER 15 2014...

CLIMATE NORMAL PERIOD 1981 TO 2010
CLIMATE RECORD PERIOD 1935 TO 2014


WEATHER ITEM   OBSERVED TIME   RECORD YEAR NORMAL DEPARTURE
                VALUE   (LST)  VALUE       VALUE  FROM
                                                  NORMAL
...............................................................
TEMPERATURE (F)
 YESTERDAY
  MAXIMUM         78    449 PM  97    2000  75      3
  MINIMUM         33    627 AM  26    1970  41     -8
  AVERAGE         56                        58     -2

PRECIPITATION (IN)
  YESTERDAY        0.00          0.99 1977   0.04  -0.04
  MONTH TO DATE    0.27                      0.52  -0.25
  SINCE OCT 1     13.63                     13.40   0.23
  SINCE JAN 1     12.58                     11.02   1.56

SNOWFALL (IN)
  YESTERDAY        0.0           1.0  1965   0.0    0.0
  MONTH TO DATE    T                         0.1   -0.1
  SINCE SEP 1      T                         0.1   -0.1
  SINCE JUL 1      T                         0.1   -0.1
  SNOW DEPTH       0

DEGREE DAYS
 HEATING
  YESTERDAY        9                                1
  MONTH TO DATE  197                              116
  SINCE SEP 1    197                              116
  SINCE JUL 1    283                              135

 COOLING
  YESTERDAY        0                               -1
  MONTH TO DATE    0                              -19
  SINCE SEP 1      0                              -19
  SINCE JAN 1    182                             -183
...............................................................


WIND (MPH)
  HIGHEST WIND SPEED    13   HIGHEST WIND DIRECTION     S (160)
  HIGHEST GUST SPEED    14   HIGHEST GUST DIRECTION     S (160)
  AVERAGE WIND SPEED     3.3



WEATHER CONDITIONS
 THE FOLLOWING WEATHER WAS RECORDED YESTERDAY.
  HAZE


RELATIVE HUMIDITY (PERCENT)
 HIGHEST    92
 LOWEST     17
 AVERAGE    55

..........................................................


THE BOZEMAN/GALLATIN FIELD MT CLIMATE NORMALS FOR TODAY
                         NORMAL    RECORD    YEAR
 MAXIMUM TEMPERATURE (F)   75        92      2009
 MINIMUM TEMPERATURE (F)   40        27      1965


SUNRISE AND SUNSET
SEPTEMBER 16 2014.....SUNRISE   704 AM MDT   SUNSET   734 PM MDT
SEPTEMBER 17 2014.....SUNRISE   705 AM MDT   SUNSET   732 PM MDT


-  INDICATES NEGATIVE NUMBERS.
R  INDICATES RECORD WAS SET OR TIED.
MM INDICATES DATA IS MISSING.
T  INDICATES TRACE AMOUNT.




$$
