000
CDUS45 KTFX 222230
CLIBZN


CLIMATE REPORT
NATIONAL WEATHER SERVICE GREAT FALLS MT
430 PM MDT FRI SEP 22 2017


...................................

...THE BOZEMAN/GALLATIN FIELD MT CLIMATE SUMMARY FOR SEPTEMBER 22 2017...
VALID TODAY AS OF 0400 PM LOCAL TIME.

CLIMATE NORMAL PERIOD 1981 TO 2010
CLIMATE RECORD PERIOD 1935 TO 2017


WEATHER ITEM   OBSERVED TIME   RECORD YEAR NORMAL DEPARTURE LAST
                VALUE   (LST)  VALUE       VALUE  FROM      YEAR
                                                  NORMAL
..................................................................
TEMPERATURE (F)
 TODAY
  MAXIMUM         44    250 PM  87    1966  72    -28       55
  MINIMUM         38   1113 AM  22    1960  38      0       47
  AVERAGE         41                        55    -14       51

PRECIPITATION (IN)
  TODAY            0.08          0.58 1951   0.04   0.04     0.26
  MONTH TO DATE    1.41                      0.79   0.62     1.08
  SINCE OCT 1     13.13                     13.67  -0.54    12.72
  SINCE JAN 1      9.80                     11.29  -1.49     9.87

SNOWFALL (IN)
  TODAY           MM             2.0  1951   0.0   MM        0.0
  MONTH TO DATE    T                         0.1   -0.1      0.0
  SINCE SEP 1      T                         0.1   -0.1      0.0
  SINCE JUL 1      T                         0.1   -0.1      0.0

DEGREE DAYS
 HEATING
  TODAY           24                        10     14       14
  MONTH TO DATE  189                       144     45      230
  SINCE SEP 1    189                       144     45      230
  SINCE JUL 1    200                       211    -11      339

 COOLING
  TODAY            0                         0      0        0
  MONTH TO DATE   27                        20      7       10
  SINCE SEP 1     27                        20      7       10
  SINCE JAN 1    327                       366    -39      232
..................................................................


WIND (MPH)
  HIGHEST WIND SPEED    17   HIGHEST WIND DIRECTION     W (270)
  HIGHEST GUST SPEED    21   HIGHEST GUST DIRECTION     W (270)
  AVERAGE WIND SPEED     8.9


SKY COVER
  AVERAGE SKY COVER 1.0


WEATHER CONDITIONS
 THE FOLLOWING WEATHER WAS RECORDED TODAY.
  LIGHT RAIN
  FOG


RELATIVE HUMIDITY (PERCENT)
 HIGHEST   100           100 AM
 LOWEST     76           200 PM
 AVERAGE    88

..........................................................


THE BOZEMAN/GALLATIN FIELD MT CLIMATE NORMALS FOR TOMORROW
                         NORMAL    RECORD    YEAR
 MAXIMUM TEMPERATURE (F)   71        89      1966
 MINIMUM TEMPERATURE (F)   38        20      2000


SUNRISE AND SUNSET
SEPTEMBER 22 2017.....SUNRISE   712 AM MDT   SUNSET   721 PM MDT
SEPTEMBER 23 2017.....SUNRISE   713 AM MDT   SUNSET   720 PM MDT


-  INDICATES NEGATIVE NUMBERS.
R  INDICATES RECORD WAS SET OR TIED.
MM INDICATES DATA IS MISSING.
T  INDICATES TRACE AMOUNT.




$$
