000
CDUS45 KTFX 171200
CLIBZN


CLIMATE REPORT
NATIONAL WEATHER SERVICE GREAT FALLS MT
500 AM MST FRI NOV 17 2017


...................................

...THE BOZEMAN/GALLATIN FIELD MT CLIMATE SUMMARY FOR NOVEMBER 16 2017...

CLIMATE NORMAL PERIOD 1981 TO 2010
CLIMATE RECORD PERIOD 1935 TO 2017


WEATHER ITEM   OBSERVED TIME   RECORD YEAR NORMAL DEPARTURE LAST
                VALUE   (LST)  VALUE       VALUE  FROM      YEAR
                                                  NORMAL
..................................................................
TEMPERATURE (F)
 YESTERDAY
  MAXIMUM         48   1148 AM  62    2007  45      3       43
                                      1953
  MINIMUM         27   1227 AM -36    1959  19      8       27
  AVERAGE         38                        32      6       35

PRECIPITATION (IN)
  YESTERDAY        0.00          0.30 1975   0.03  -0.03     0.06
  MONTH TO DATE    1.50                      0.43   1.07     0.39
  SINCE OCT 1      1.91                      1.53   0.38     2.84
  SINCE JAN 1     12.01                     13.14  -1.13    12.73

SNOWFALL (IN)
  YESTERDAY        0.0           5.0  1962   0.2   -0.2      0.2
  MONTH TO DATE   15.5                       2.2   13.3      0.2
  SINCE SEP 1     15.8                       4.4   11.4      3.2
  SINCE JUL 1     15.8                       4.4   11.4      3.2
  SNOW DEPTH       0

DEGREE DAYS
 HEATING
  YESTERDAY       27                        33     -6       30
  MONTH TO DATE  688                       464    224      347
  SINCE SEP 1   1701                      1294    407     1212
  SINCE JUL 1   1712                      1361    351     1321

 COOLING
  YESTERDAY        0                         0      0        0
  MONTH TO DATE    0                         0      0        0
  SINCE SEP 1     27                        22      5       10
  SINCE JAN 1    327                       368    -41      232
..................................................................


WIND (MPH)
  HIGHEST WIND SPEED    21   HIGHEST WIND DIRECTION     W (290)
  HIGHEST GUST SPEED    25   HIGHEST GUST DIRECTION     W (280)
  AVERAGE WIND SPEED     5.0


SKY COVER
  AVERAGE SKY COVER 0.6


WEATHER CONDITIONS
 THE FOLLOWING WEATHER WAS RECORDED YESTERDAY.
  NO SIGNIFICANT WEATHER WAS OBSERVED.


RELATIVE HUMIDITY (PERCENT)
 HIGHEST    92
 LOWEST     58
 AVERAGE    75

..........................................................


THE BOZEMAN/GALLATIN FIELD MT CLIMATE NORMALS FOR TODAY
                         NORMAL    RECORD    YEAR
 MAXIMUM TEMPERATURE (F)   44        66      1976
 MINIMUM TEMPERATURE (F)   19       -15      1955


SUNRISE AND SUNSET
NOVEMBER 17 2017......SUNRISE   728 AM MST   SUNSET   451 PM MST
NOVEMBER 18 2017......SUNRISE   729 AM MST   SUNSET   450 PM MST


-  INDICATES NEGATIVE NUMBERS.
R  INDICATES RECORD WAS SET OR TIED.
MM INDICATES DATA IS MISSING.
T  INDICATES TRACE AMOUNT.




$$
