000
CDUS45 KTFX 271016
CLIBZN


CLIMATE REPORT
NATIONAL WEATHER SERVICE GREAT FALLS MT
414 AM MDT SAT AUG 27 2016


...................................

...THE BOZEMAN/GALLATIN FIELD MT CLIMATE SUMMARY FOR AUGUST 26 2016...

CLIMATE NORMAL PERIOD 1981 TO 2010
CLIMATE RECORD PERIOD 1935 TO 2016


WEATHER ITEM   OBSERVED TIME   RECORD YEAR NORMAL DEPARTURE LAST
                VALUE   (LST)  VALUE       VALUE  FROM      YEAR
                                                  NORMAL
..................................................................
TEMPERATURE (F)
 YESTERDAY
  MAXIMUM         74    412 PM 101    2010  84    -10       89
  MINIMUM         37    612 AM  29    1992  47    -10       47
  AVERAGE         56                        66    -10       68

PRECIPITATION (IN)
  YESTERDAY        0.00          0.74 1977   0.04  -0.04     0.00
  MONTH TO DATE    1.11                      0.90   0.21     0.60
  SINCE OCT 1     11.64                     12.70  -1.06    10.87
  SINCE JAN 1      8.79                     10.32  -1.53     8.94

SNOWFALL (IN)
  YESTERDAY        0.0           0.0  1999   0.0    0.0      0.0
                                      1994
  MONTH TO DATE    0.0                       0.0    0.0      0.0
  SINCE JUN 1      0.0                       0.0    0.0      0.0
  SINCE JUL 1      0.0                       0.0    0.0      0.0
  SNOW DEPTH       0

DEGREE DAYS
 HEATING
  YESTERDAY        9                         2      7        0
  MONTH TO DATE   65                        25     40       62
  SINCE JUN 1    206                       194     12      165
  SINCE JUL 1    107                        53     54       93

 COOLING
  YESTERDAY        0                         3     -3        3
  MONTH TO DATE   39                       126    -87       68
  SINCE JUN 1    209                       330   -121      216
  SINCE JAN 1    209                       334   -125      216
..................................................................


WIND (MPH)
  HIGHEST WIND SPEED    14   HIGHEST WIND DIRECTION     S (160)
  HIGHEST GUST SPEED    14   HIGHEST GUST DIRECTION     S (160)
  AVERAGE WIND SPEED     4.4


SKY COVER
  AVERAGE SKY COVER 0.1


WEATHER CONDITIONS
 THE FOLLOWING WEATHER WAS RECORDED YESTERDAY.
  NO SIGNIFICANT WEATHER WAS OBSERVED.


RELATIVE HUMIDITY (PERCENT)
 HIGHEST    79
 LOWEST     23
 AVERAGE    51

..........................................................


THE BOZEMAN/GALLATIN FIELD MT CLIMATE NORMALS FOR TODAY
                         NORMAL    RECORD    YEAR
 MAXIMUM TEMPERATURE (F)   84        95      2011
                                             1971
 MINIMUM TEMPERATURE (F)   47        30      1976


SUNRISE AND SUNSET
AUGUST 27 2016........SUNRISE   640 AM MDT   SUNSET   811 PM MDT
AUGUST 28 2016........SUNRISE   641 AM MDT   SUNSET   809 PM MDT


-  INDICATES NEGATIVE NUMBERS.
R  INDICATES RECORD WAS SET OR TIED.
MM INDICATES DATA IS MISSING.
T  INDICATES TRACE AMOUNT.




$$
