000
CDUS45 KTFX 301017
CLIBZN


CLIMATE REPORT
NATIONAL WEATHER SERVICE GREAT FALLS MT
416 AM MDT TUE JUN 30 2015


...................................

...THE BOZEMAN/GALLATIN FIELD MT CLIMATE SUMMARY FOR JUNE 29 2015...

CLIMATE NORMAL PERIOD 1981 TO 2010
CLIMATE RECORD PERIOD 1935 TO 2015


WEATHER ITEM   OBSERVED TIME   RECORD YEAR NORMAL DEPARTURE LAST
                VALUE   (LST)  VALUE       VALUE  FROM      YEAR
                                                  NORMAL
..................................................................
TEMPERATURE (F)
 YESTERDAY
  MAXIMUM         99    145 PM 100    2007  82     17       74
  MINIMUM         56    525 AM  34    1947  49      7       42
  AVERAGE         78                        66     12       58

PRECIPITATION (IN)
  YESTERDAY        T             0.94 1973   0.06  -0.06     0.00
  MONTH TO DATE    0.57                      2.35  -1.78     4.08
  SINCE OCT 1      8.46                     10.63  -2.17    10.05
  SINCE JAN 1      6.53                      8.25  -1.72     9.00

SNOWFALL (IN)
  YESTERDAY        0.0           T    1968   0.0    0.0      0.0
                                      1994
  MONTH TO DATE    0.0                       0.3   -0.3      0.0
  SINCE JUN 1      0.0                       0.3   -0.3      0.0
  SINCE JUL 1     37.4                      40.2   -2.8     32.3
  SNOW DEPTH       0

DEGREE DAYS
 HEATING
  YESTERDAY        0                         2     -2        7
  MONTH TO DATE   72                       139    -67      227
  SINCE JUN 1     72                       139    -67      227
  SINCE JUL 1   7536                      7556    -20     8288

 COOLING
  YESTERDAY       13                         3     10        0
  MONTH TO DATE   60                        36     24        0
  SINCE JUN 1     60                        36     24        0
  SINCE JAN 1     60                        40     20        0
..................................................................


WIND (MPH)
  HIGHEST WIND SPEED    37   HIGHEST WIND DIRECTION    SW (230)
  HIGHEST GUST SPEED    50   HIGHEST GUST DIRECTION    SW (230)
  AVERAGE WIND SPEED     7.1


SKY COVER
  AVERAGE SKY COVER 0.1


WEATHER CONDITIONS
 THE FOLLOWING WEATHER WAS RECORDED YESTERDAY.
  THUNDERSTORM
  LIGHT RAIN
  HAZE


RELATIVE HUMIDITY (PERCENT)
 HIGHEST    73
 LOWEST     17
 AVERAGE    45

..........................................................


THE BOZEMAN/GALLATIN FIELD MT CLIMATE NORMALS FOR TODAY
                         NORMAL    RECORD    YEAR
 MAXIMUM TEMPERATURE (F)   83       100      1990
 MINIMUM TEMPERATURE (F)   49        31      1988


SUNRISE AND SUNSET
JUNE 30 2015..........SUNRISE   538 AM MDT   SUNSET   918 PM MDT
JULY  1 2015..........SUNRISE   539 AM MDT   SUNSET   918 PM MDT


-  INDICATES NEGATIVE NUMBERS.
R  INDICATES RECORD WAS SET OR TIED.
MM INDICATES DATA IS MISSING.
T  INDICATES TRACE AMOUNT.




$$
