000
CDUS45 KTFX 270725
CLIBZN


CLIMATE REPORT
NATIONAL WEATHER SERVICE GREAT FALLS MT
125 AM MDT SAT MAY 27 2017


...................................

...THE BOZEMAN/GALLATIN FIELD MT CLIMATE SUMMARY FOR MAY 26 2017...

CLIMATE NORMAL PERIOD 1981 TO 2010
CLIMATE RECORD PERIOD 1935 TO 2017


WEATHER ITEM   OBSERVED TIME   RECORD YEAR NORMAL DEPARTURE LAST
                VALUE   (LST)  VALUE       VALUE  FROM      YEAR
                                                  NORMAL
..................................................................
TEMPERATURE (F)
 YESTERDAY
  MAXIMUM         63    457 PM  90    1969  71     -8       66
  MINIMUM         31    526 AM  23    1975  42    -11       43
  AVERAGE         47                        56     -9       55

PRECIPITATION (IN)
  YESTERDAY        T             0.50 1940   0.09  -0.09     0.01
  MONTH TO DATE    1.72                      1.97  -0.25     2.28
  SINCE OCT 1      8.88                      7.80   1.08     7.52
  SINCE JAN 1      5.55                      5.42   0.13     4.67

SNOWFALL (IN)
  YESTERDAY        0.0           T    1973   0.1   -0.1      0.0
                                      1995
  MONTH TO DATE    1.0                       2.3   -1.3       T
  SINCE MAR 1      5.3                      17.5  -12.2      2.1
  SINCE JUL 1     44.5                      39.8    4.7     25.7
  SNOW DEPTH       0

DEGREE DAYS
 HEATING
  YESTERDAY       18                         9      9       10
  MONTH TO DATE  373                       315     58      374
  SINCE MAR 1   1741                      1796    -55     1748
  SINCE JUL 1   7934                      7376    558     7433

 COOLING
  YESTERDAY        0                         0      0        0
  MONTH TO DATE    0                         0      0        0
  SINCE MAR 1      0                         0      0        0
  SINCE JAN 1      0                         0      0        0
..................................................................


WIND (MPH)
  HIGHEST WIND SPEED    18   HIGHEST WIND DIRECTION     W (290)
  HIGHEST GUST SPEED    24   HIGHEST GUST DIRECTION     W (280)
  AVERAGE WIND SPEED     5.7


SKY COVER
  AVERAGE SKY COVER 0.4


WEATHER CONDITIONS
 THE FOLLOWING WEATHER WAS RECORDED YESTERDAY.
  LIGHT RAIN


RELATIVE HUMIDITY (PERCENT)
 HIGHEST    96
 LOWEST     34
 AVERAGE    65

..........................................................


THE BOZEMAN/GALLATIN FIELD MT CLIMATE NORMALS FOR TODAY
                         NORMAL    RECORD    YEAR
 MAXIMUM TEMPERATURE (F)   71        86      1966
 MINIMUM TEMPERATURE (F)   42        29      1973


SUNRISE AND SUNSET
MAY 27 2017...........SUNRISE   541 AM MDT   SUNSET   903 PM MDT
MAY 28 2017...........SUNRISE   541 AM MDT   SUNSET   904 PM MDT


-  INDICATES NEGATIVE NUMBERS.
R  INDICATES RECORD WAS SET OR TIED.
MM INDICATES DATA IS MISSING.
T  INDICATES TRACE AMOUNT.




$$
