000
CDUS45 KTFX 270936
CLIBZN


CLIMATE REPORT
NATIONAL WEATHER SERVICE GREAT FALLS MT
232 AM MST SAT DEC 27 2014


...................................

...THE BOZEMAN/GALLATIN FIELD MT CLIMATE SUMMARY FOR DECEMBER 26 2014...

CLIMATE NORMAL PERIOD 1981 TO 2010
CLIMATE RECORD PERIOD 1935 TO 2014


WEATHER ITEM   OBSERVED TIME   RECORD YEAR NORMAL DEPARTURE
                VALUE   (LST)  VALUE       VALUE  FROM
                                                  NORMAL
...............................................................
TEMPERATURE (F)
 YESTERDAY
  MAXIMUM         21    122 PM  60    1980  33    -12
  MINIMUM          0   1159 PM -27    1996   8     -8
  AVERAGE         11                        21    -10

PRECIPITATION (IN)
  YESTERDAY        T             0.32 1971   0.01  -0.01
  MONTH TO DATE    0.53                      0.44   0.09
  SINCE OCT 1      1.87                      2.30  -0.43
  SINCE JAN 1     15.48                     13.91   1.57

SNOWFALL (IN)
  YESTERDAY        T             4.0  1960   0.1   -0.1
  MONTH TO DATE    7.1                       5.2    1.9
  SINCE DEC 1      7.1                       5.2    1.9
  SINCE JUL 1     22.7                      12.6   10.1
  SNOW DEPTH       6

DEGREE DAYS
 HEATING
  YESTERDAY       54                               10
  MONTH TO DATE  976                             -161
  SINCE DEC 1    976                             -161
  SINCE JUL 1   3103                               85

 COOLING
  YESTERDAY        0                                0
  MONTH TO DATE    0                                0
  SINCE DEC 1      0                                0
  SINCE JAN 1    187                             -181
...............................................................


WIND (MPH)
  HIGHEST WIND SPEED     8   HIGHEST WIND DIRECTION     S (190)
  HIGHEST GUST SPEED     8   HIGHEST GUST DIRECTION     N (350)
  AVERAGE WIND SPEED     2.8



WEATHER CONDITIONS
 THE FOLLOWING WEATHER WAS RECORDED YESTERDAY.
  LIGHT SNOW
  FOG
  FOG W/VISIBILITY <= 1/4 MILE


RELATIVE HUMIDITY (PERCENT)
 HIGHEST   100
 LOWEST     80
 AVERAGE    90

..........................................................


THE BOZEMAN/GALLATIN FIELD MT CLIMATE NORMALS FOR TODAY
                         NORMAL    RECORD    YEAR
 MAXIMUM TEMPERATURE (F)   33        63      1980
 MINIMUM TEMPERATURE (F)    8       -26      1941


SUNRISE AND SUNSET
DECEMBER 27 2014......SUNRISE   805 AM MST   SUNSET   447 PM MST
DECEMBER 28 2014......SUNRISE   805 AM MST   SUNSET   447 PM MST


-  INDICATES NEGATIVE NUMBERS.
R  INDICATES RECORD WAS SET OR TIED.
MM INDICATES DATA IS MISSING.
T  INDICATES TRACE AMOUNT.




$$
