000
CDUS45 KTFX 010737
CLIBZN


CLIMATE REPORT
NATIONAL WEATHER SERVICE GREAT FALLS MT
135 AM MDT SAT OCT 1 2016


...................................

...THE BOZEMAN/GALLATIN FIELD MT CLIMATE SUMMARY FOR SEPTEMBER 30 2016...

CLIMATE NORMAL PERIOD 1981 TO 2010
CLIMATE RECORD PERIOD 1935 TO 2016


WEATHER ITEM   OBSERVED TIME   RECORD YEAR NORMAL DEPARTURE LAST
                VALUE   (LST)  VALUE       VALUE  FROM      YEAR
                                                  NORMAL
..................................................................
TEMPERATURE (F)
 YESTERDAY
  MAXIMUM         78    412 PM  90    1963  68     10       80
  MINIMUM         41    645 AM  15    1985  36      5       34
  AVERAGE         60                        52      8       57

PRECIPITATION (IN)
  YESTERDAY        0.00          0.87 1977   0.04  -0.04     0.00
  MONTH TO DATE    1.10                      1.11  -0.01     1.05
  SINCE OCT 1     12.74                     13.99  -1.25    12.05
  SINCE JAN 1      9.89                     11.61  -1.72    10.12

SNOWFALL (IN)
  YESTERDAY        0.0           5.0  1977   0.0    0.0      0.0
  MONTH TO DATE    0.0                       0.3   -0.3      0.0
  SINCE SEP 1      0.0                       0.3   -0.3      0.0
  SINCE JUL 1      0.0                       0.3   -0.3      0.0
  SNOW DEPTH       0

DEGREE DAYS
 HEATING
  YESTERDAY        5                        13     -8        8
  MONTH TO DATE  307                       239     68      222
  SINCE SEP 1    307                       238     69      222
  SINCE JUL 1    416                       305    111      321

 COOLING
  YESTERDAY        0                         0      0        0
  MONTH TO DATE   10                        22    -12        9
  SINCE SEP 1     10                        22    -12        9
  SINCE JAN 1    232                       368   -136      243
..................................................................


WIND (MPH)
  HIGHEST WIND SPEED    18   HIGHEST WIND DIRECTION    SE (140)
  HIGHEST GUST SPEED    20   HIGHEST GUST DIRECTION    SE (140)
  AVERAGE WIND SPEED     4.9


SKY COVER
  AVERAGE SKY COVER 0.1


WEATHER CONDITIONS
 THE FOLLOWING WEATHER WAS RECORDED YESTERDAY.
  NO SIGNIFICANT WEATHER WAS OBSERVED.


RELATIVE HUMIDITY (PERCENT)
 HIGHEST    89
 LOWEST     28
 AVERAGE    59

..........................................................


THE BOZEMAN/GALLATIN FIELD MT CLIMATE NORMALS FOR TODAY
                         NORMAL    RECORD    YEAR
 MAXIMUM TEMPERATURE (F)   68        89      2011
 MINIMUM TEMPERATURE (F)   35        13      1950


SUNRISE AND SUNSET
OCTOBER  1 2016.......SUNRISE   724 AM MDT   SUNSET   704 PM MDT
OCTOBER  2 2016.......SUNRISE   725 AM MDT   SUNSET   702 PM MDT


-  INDICATES NEGATIVE NUMBERS.
R  INDICATES RECORD WAS SET OR TIED.
MM INDICATES DATA IS MISSING.
T  INDICATES TRACE AMOUNT.




$$
