000
CDUS42 KCAE 230607
CLICAE


CLIMATE REPORT
NATIONAL WEATHER SERVICE COLUMBIA SC
205 AM EDT WED AUG 23 2017


...................................

...THE COLUMBIA METRO AIRPORT SC CLIMATE SUMMARY FOR AUGUST 22 2017...

CLIMATE NORMAL PERIOD 1981 TO 2010
CLIMATE RECORD PERIOD 1887 TO 2017


WEATHER ITEM   OBSERVED TIME   RECORD YEAR NORMAL DEPARTURE LAST
                VALUE   (LST)  VALUE       VALUE  FROM      YEAR
                                                  NORMAL
..................................................................
TEMPERATURE (F)
 YESTERDAY
  MAXIMUM         94    505 PM 106    1983  90      4       91
  MINIMUM         73    621 AM  58    1998  71      2       76
  AVERAGE         84                        80      4       84

PRECIPITATION (IN)
  YESTERDAY        0.00          2.18 1979   0.16  -0.16     0.00
  MONTH TO DATE    1.69                      3.90  -2.21     4.48
  SINCE JUN 1     12.24                     14.05  -1.81     8.66
  SINCE JAN 1     36.52                     30.56   5.96    22.58

SNOWFALL (IN)
  YESTERDAY        0.0          MM      MM   0.0             0.0
  MONTH TO DATE    0.0                       0.0             0.0
  SINCE JUN 1      0.0                       0.0             0.0
  SINCE JUL 1      0.0                       0.0             0.0

DEGREE DAYS
 HEATING
  YESTERDAY        0                         0      0        0
  MONTH TO DATE    0                         0      0        0
  SINCE JUN 1      0                         1     -1        0
  SINCE JUL 1      0                         0      0        0

 COOLING
  YESTERDAY       19                        15      4       19
  MONTH TO DATE  399                       361     38      444
  SINCE JUN 1   1433                      1317    116     1686
  SINCE JAN 1   1962                      1638    324     2125
..................................................................


WIND (MPH)
  HIGHEST WIND SPEED    12   HIGHEST WIND DIRECTION     S (160)
  HIGHEST GUST SPEED    14   HIGHEST GUST DIRECTION    SE (140)
  AVERAGE WIND SPEED     3.8


SKY COVER
  AVERAGE SKY COVER 0.3


WEATHER CONDITIONS
 THE FOLLOWING WEATHER WAS RECORDED YESTERDAY.
  NO SIGNIFICANT WEATHER WAS OBSERVED.


RELATIVE HUMIDITY (PERCENT)
 HIGHEST    93           300 AM
 LOWEST     46           300 PM
 AVERAGE    70

..........................................................


THE COLUMBIA METRO AIRPORT SC CLIMATE NORMALS FOR TODAY
                         NORMAL    RECORD    YEAR
 MAXIMUM TEMPERATURE (F)   90       106      1968
 MINIMUM TEMPERATURE (F)   71        55      1930


SUNRISE AND SUNSET
AUGUST 23 2017........SUNRISE   652 AM EDT   SUNSET   801 PM EDT
AUGUST 24 2017........SUNRISE   653 AM EDT   SUNSET   800 PM EDT


-  INDICATES NEGATIVE NUMBERS.
R  INDICATES RECORD WAS SET OR TIED.
MM INDICATES DATA IS MISSING.
T  INDICATES TRACE AMOUNT.




$$
