680
CDUS42 KCAE 270636
CLICAE


CLIMATE REPORT
NATIONAL WEATHER SERVICE COLUMBIA SC
236 AM EDT MON MAR 27 2017


...................................

...THE COLUMBIA METRO AIRPORT SC CLIMATE SUMMARY FOR MARCH 26 2017...

CLIMATE NORMAL PERIOD 1981 TO 2010
CLIMATE RECORD PERIOD 1887 TO 2017


WEATHER ITEM   OBSERVED TIME   RECORD YEAR NORMAL DEPARTURE LAST
                VALUE   (LST)  VALUE       VALUE  FROM      YEAR
                                                  NORMAL
..................................................................
TEMPERATURE (F)
 YESTERDAY
  MAXIMUM         81   1251 PM  88    1929  71     10       70
  MINIMUM         55    615 AM  25    1983  45     10       64
  AVERAGE         68                        58     10       67

PRECIPITATION (IN)
  YESTERDAY        0.01          2.64 1901   0.12  -0.11     0.12
  MONTH TO DATE    1.84                      3.16  -1.32     1.09
  SINCE MAR 1      1.84                      3.16  -1.32     1.09
  SINCE JAN 1     10.48                     10.35   0.13     7.72

SNOWFALL (IN)
  YESTERDAY        0.0          MM      MM   0.0             0.0
  MONTH TO DATE    T                         0.1             0.0
  SINCE MAR 1      T                         0.1             0.0
  SINCE JUL 1      0.1                       1.5              T

DEGREE DAYS
 HEATING
  YESTERDAY        0                         8     -8        0
  MONTH TO DATE  274                       274      0      135
  SINCE MAR 1    274                       274      0      135
  SINCE JUL 1   1615                      2373   -758     1698

 COOLING
  YESTERDAY        3                         1      2        2
  MONTH TO DATE   17                        14      3       61
  SINCE MAR 1     17                        14      3       61
  SINCE JAN 1     35                        18     17       65
..................................................................


WIND (MPH)
  HIGHEST WIND SPEED    21   HIGHEST WIND DIRECTION     W (250)
  HIGHEST GUST SPEED    25   HIGHEST GUST DIRECTION     S (160)
  AVERAGE WIND SPEED     7.3


SKY COVER
  AVERAGE SKY COVER 0.6


WEATHER CONDITIONS
 THE FOLLOWING WEATHER WAS RECORDED YESTERDAY.
  LIGHT RAIN


RELATIVE HUMIDITY (PERCENT)
 HIGHEST    93           600 AM
 LOWEST     42           100 PM
 AVERAGE    68

..........................................................


THE COLUMBIA METRO AIRPORT SC CLIMATE NORMALS FOR TODAY
                         NORMAL    RECORD    YEAR
 MAXIMUM TEMPERATURE (F)   71        88      1994
 MINIMUM TEMPERATURE (F)   46        23      1955


SUNRISE AND SUNSET
MARCH 27 2017.........SUNRISE   718 AM EDT   SUNSET   742 PM EDT
MARCH 28 2017.........SUNRISE   717 AM EDT   SUNSET   742 PM EDT


-  INDICATES NEGATIVE NUMBERS.
R  INDICATES RECORD WAS SET OR TIED.
MM INDICATES DATA IS MISSING.
T  INDICATES TRACE AMOUNT.




$$
