000
CDUS42 KCAE 312201
CLICAE


CLIMATE REPORT
NATIONAL WEATHER SERVICE COLUMBIA SC
601 PM EDT WED AUG 31 2016


...................................

...THE COLUMBIA METRO AIRPORT SC CLIMATE SUMMARY FOR AUGUST 31 2016...
VALID TODAY AS OF 0500 PM LOCAL TIME.

CLIMATE NORMAL PERIOD 1981 TO 2010
CLIMATE RECORD PERIOD 1887 TO 2016


WEATHER ITEM   OBSERVED TIME   RECORD YEAR NORMAL DEPARTURE LAST
                VALUE   (LST)  VALUE       VALUE  FROM      YEAR
                                                  NORMAL
..................................................................
TEMPERATURE (F)
 TODAY
  MAXIMUM         91   1158 AM 101    1993  89      2       89
  MINIMUM         71    630 AM  56    1891  69      2       70
                                      1887
  AVERAGE         81                        79      2       80

PRECIPITATION (IN)
  TODAY            T             2.49 1987   0.14  -0.14      T
  MONTH TO DATE    4.83                      5.26  -0.43     4.85
  SINCE JUN 1      9.01                     15.41  -6.40    15.17
  SINCE JAN 1     22.93                     31.92  -8.99    31.05

SNOWFALL (IN)
  TODAY            0.0          MM      MM   0.0             0.0
  MONTH TO DATE    0.0                       0.0             0.0
  SINCE JUN 1      0.0                       0.0             0.0
  SINCE JUL 1      0.0                       0.0             0.0

DEGREE DAYS
 HEATING
  TODAY            0                         0      0        0
  MONTH TO DATE    0                         0      0        0
  SINCE JUN 1      0                         1     -1        0
  SINCE JUL 1      0                         0      0        0

 COOLING
  TODAY           16                        14      2       15
  MONTH TO DATE  606                       491    115      551
  SINCE JUN 1   1848                      1447    401     1727
  SINCE JAN 1   2287                      1768    519     2148
..................................................................


WIND (MPH)
  HIGHEST WIND SPEED    17   HIGHEST WIND DIRECTION     E (100)
  HIGHEST GUST SPEED    20   HIGHEST GUST DIRECTION     E (100)
  AVERAGE WIND SPEED     4.8


SKY COVER
  AVERAGE SKY COVER 0.6


WEATHER CONDITIONS
 THE FOLLOWING WEATHER WAS RECORDED TODAY.
  LIGHT RAIN


RELATIVE HUMIDITY (PERCENT)
 HIGHEST    93           600 AM
 LOWEST     52          1200 PM
 AVERAGE    73

..........................................................


THE COLUMBIA METRO AIRPORT SC CLIMATE NORMALS FOR TOMORROW
                         NORMAL    RECORD    YEAR
 MAXIMUM TEMPERATURE (F)   89       100      1957
 MINIMUM TEMPERATURE (F)   69        50      1999


SUNRISE AND SUNSET
AUGUST 31 2016........SUNRISE   658 AM EDT   SUNSET   751 PM EDT
SEPTEMBER  1 2016.....SUNRISE   658 AM EDT   SUNSET   749 PM EDT


-  INDICATES NEGATIVE NUMBERS.
R  INDICATES RECORD WAS SET OR TIED.
MM INDICATES DATA IS MISSING.
T  INDICATES TRACE AMOUNT.




$$
