000
CDUS42 KCAE 210634
CLICAE


CLIMATE REPORT
NATIONAL WEATHER SERVICE COLUMBIA SC
133 AM EST WED FEB 21 2018


...................................

...THE COLUMBIA METRO AIRPORT SC CLIMATE SUMMARY FOR FEBRUARY 20 2018...

CLIMATE NORMAL PERIOD 1981 TO 2010
CLIMATE RECORD PERIOD 1887 TO 2018


WEATHER ITEM   OBSERVED TIME   RECORD YEAR NORMAL DEPARTURE LAST
                VALUE   (LST)  VALUE       VALUE  FROM      YEAR
                                                  NORMAL
..................................................................
TEMPERATURE (F)
 YESTERDAY
  MAXIMUM         82    437 PM  84    2014  62     20       76
  MINIMUM         61    821 AM  12    2015  38     23       40
  AVERAGE         72                        50     22       58

PRECIPITATION (IN)
  YESTERDAY        0.00          1.05 1913   0.13  -0.13     0.00
  MONTH TO DATE    1.24                      2.54  -1.30     1.60
  SINCE DEC 1      6.95                      9.34  -2.39    11.99
  SINCE JAN 1      3.66                      6.12  -2.46     8.64

SNOWFALL (IN)
  YESTERDAY        0.0          MM      MM   0.0             0.0
  MONTH TO DATE    0.0                       0.4             0.0
  SINCE DEC 1      T                         1.3             0.1
  SINCE JUL 1      T                         1.3             0.1

DEGREE DAYS
 HEATING
  YESTERDAY        0                        16    -16        7
  MONTH TO DATE  172                       348   -176      193
  SINCE DEC 1   1321                      1543   -222     1007
  SINCE JUL 1   1699                      1984   -285     1309

 COOLING
  YESTERDAY        7                         0      7        0
  MONTH TO DATE   24                         0     24        5
  SINCE DEC 1     26                         4     22       12
  SINCE JAN 1     26                         1     25        9
..................................................................


WIND (MPH)
  HIGHEST WIND SPEED    15   HIGHEST WIND DIRECTION     S (170)
  HIGHEST GUST SPEED    20   HIGHEST GUST DIRECTION     S (180)
  AVERAGE WIND SPEED     5.6


SKY COVER
  AVERAGE SKY COVER 0.7


WEATHER CONDITIONS
 THE FOLLOWING WEATHER WAS RECORDED YESTERDAY.
  FOG
  FOG W/VISIBILITY <= 1/4 MILE


RELATIVE HUMIDITY (PERCENT)
 HIGHEST   100           200 AM
 LOWEST     51           200 PM
 AVERAGE    76

..........................................................


THE COLUMBIA METRO AIRPORT SC CLIMATE NORMALS FOR TODAY
                         NORMAL    RECORD    YEAR
 MAXIMUM TEMPERATURE (F)   62        81      1997
                                             1976
 MINIMUM TEMPERATURE (F)   38        10      1896


SUNRISE AND SUNSET
FEBRUARY 21 2018......SUNRISE   703 AM EST   SUNSET   614 PM EST
FEBRUARY 22 2018......SUNRISE   701 AM EST   SUNSET   615 PM EST


-  INDICATES NEGATIVE NUMBERS.
R  INDICATES RECORD WAS SET OR TIED.
MM INDICATES DATA IS MISSING.
T  INDICATES TRACE AMOUNT.




$$
