000
CDUS42 KCAE 010620
CLICAE


CLIMATE REPORT
NATIONAL WEATHER SERVICE COLUMBIA SC
220 AM EDT WED JUN 1 2016


...................................

...THE COLUMBIA METRO AIRPORT SC CLIMATE SUMMARY FOR MAY 31 2016...

CLIMATE NORMAL PERIOD 1981 TO 2010
CLIMATE RECORD PERIOD 1887 TO 2016


WEATHER ITEM   OBSERVED TIME   RECORD YEAR NORMAL DEPARTURE LAST
                VALUE   (LST)  VALUE       VALUE  FROM      YEAR
                                                  NORMAL
..................................................................
TEMPERATURE (F)
 YESTERDAY
  MAXIMUM         92    240 PM 101    1953  87      5       91
  MINIMUM         71    647 AM  47    1984  64      7       60
  AVERAGE         82                        76      6       76

PRECIPITATION (IN)
  YESTERDAY        T             3.01 1907   0.12  -0.12      T
  MONTH TO DATE    2.61                      2.97  -0.36     1.71
  SINCE MAR 1      7.29                      9.32  -2.03     8.52
  SINCE JAN 1     13.92                     16.51  -2.59    15.88

SNOWFALL (IN)
  YESTERDAY        0.0          MM      MM   0.0             0.0
  MONTH TO DATE    0.0                       0.0             0.0
  SINCE MAR 1      0.0                       0.1             0.0
  SINCE JUL 1      T                         1.5              T

DEGREE DAYS
 HEATING
  YESTERDAY        0                         0      0        0
  MONTH TO DATE    6                        18    -12        6
  SINCE MAR 1    228                       452   -224      274
  SINCE JUL 1   1791                      2551   -760     2463

 COOLING
  YESTERDAY       17                        11      6       11
  MONTH TO DATE  252                       226     26      278
  SINCE MAR 1    435                       317    118      421
  SINCE JAN 1    439                       321    118      421
..................................................................


WIND (MPH)
  HIGHEST WIND SPEED    17   HIGHEST WIND DIRECTION     N (350)
  HIGHEST GUST SPEED    27   HIGHEST GUST DIRECTION    NW (320)
  AVERAGE WIND SPEED     3.9


SKY COVER
  AVERAGE SKY COVER 0.6


WEATHER CONDITIONS
 THE FOLLOWING WEATHER WAS RECORDED YESTERDAY.
  THUNDERSTORM
  LIGHT RAIN
  FOG


RELATIVE HUMIDITY (PERCENT)
 HIGHEST    93           700 AM
 LOWEST     44           300 PM
 AVERAGE    69

..........................................................


THE COLUMBIA METRO AIRPORT SC CLIMATE NORMALS FOR TODAY
                         NORMAL    RECORD    YEAR
 MAXIMUM TEMPERATURE (F)   87       101      1953
 MINIMUM TEMPERATURE (F)   65        44      1984


SUNRISE AND SUNSET
JUNE  1 2016..........SUNRISE   614 AM EDT   SUNSET   831 PM EDT
JUNE  2 2016..........SUNRISE   614 AM EDT   SUNSET   831 PM EDT


-  INDICATES NEGATIVE NUMBERS.
R  INDICATES RECORD WAS SET OR TIED.
MM INDICATES DATA IS MISSING.
T  INDICATES TRACE AMOUNT.




$$
