000
CDUS42 KCAE 310546
CLICAE


CLIMATE REPORT
NATIONAL WEATHER SERVICE COLUMBIA SC
1246 AM EST SAT JAN 31 2015


...................................

...THE COLUMBIA METRO AIRPORT SC CLIMATE SUMMARY FOR JANUARY 30 2015...

CLIMATE NORMAL PERIOD 1981 TO 2010
CLIMATE RECORD PERIOD 1887 TO 2015


WEATHER ITEM   OBSERVED TIME   RECORD YEAR NORMAL DEPARTURE LAST
                VALUE   (LST)  VALUE       VALUE  FROM      YEAR
                                                  NORMAL
..................................................................
TEMPERATURE (F)
 YESTERDAY
  MAXIMUM         55    424 PM  82    2013  57     -2       41
  MINIMUM         39   1159 PM   7    1966  35      4       13
  AVERAGE         47                        46      1       27

PRECIPITATION (IN)
  YESTERDAY        0.00          2.23 1960   0.12  -0.12     0.00
  MONTH TO DATE    2.60                      3.46  -0.86     3.40
  SINCE DEC 1      6.50                      6.68  -0.18     9.28
  SINCE JAN 1      2.60                      3.46  -0.86     3.40

SNOWFALL (IN)
  YESTERDAY        0.0           1.0  1965   0.1             0.0
  MONTH TO DATE    0.0                       0.8             2.1
  SINCE DEC 1      0.0                       0.9             2.1
  SINCE JUL 1      T                         0.9             2.1

DEGREE DAYS
 HEATING
  YESTERDAY       18                        19     -1       38
  MONTH TO DATE  595                       609    -14      731
  SINCE DEC 1   1053                      1178   -125     1156
  SINCE JUL 1   1558                      1619    -61     1603

 COOLING
  YESTERDAY        0                         0      0        0
  MONTH TO DATE    0                         0      0        0
  SINCE DEC 1      0                         3     -3       14
  SINCE JAN 1      0                         0      0        0
..................................................................


WIND (MPH)
  HIGHEST WIND SPEED    23   HIGHEST WIND DIRECTION    NW (310)
  HIGHEST GUST SPEED    30   HIGHEST GUST DIRECTION    NW (310)
  AVERAGE WIND SPEED     9.4


SKY COVER
  AVERAGE SKY COVER 0.3


WEATHER CONDITIONS
 THE FOLLOWING WEATHER WAS RECORDED YESTERDAY.
  NO SIGNIFICANT WEATHER WAS OBSERVED.


RELATIVE HUMIDITY (PERCENT)
 HIGHEST    59           500 AM
 LOWEST     22           300 PM
 AVERAGE    41

..........................................................


THE COLUMBIA METRO AIRPORT SC CLIMATE NORMALS FOR TODAY
                         NORMAL    RECORD    YEAR
 MAXIMUM TEMPERATURE (F)   57        84      1975
 MINIMUM TEMPERATURE (F)   35        10      1966


SUNRISE AND SUNSET
JANUARY 31 2015.......SUNRISE   722 AM EST   SUNSET   554 PM EST
FEBRUARY  1 2015......SUNRISE   722 AM EST   SUNSET   555 PM EST


-  INDICATES NEGATIVE NUMBERS.
R  INDICATES RECORD WAS SET OR TIED.
MM INDICATES DATA IS MISSING.
T  INDICATES TRACE AMOUNT.




$$
