000
CDUS42 KCAE 300542
CLICAE


CLIMATE REPORT
NATIONAL WEATHER SERVICE COLUMBIA SC
141 AM EDT MON MAR 30 2015


...................................

...THE COLUMBIA METRO AIRPORT SC CLIMATE SUMMARY FOR MARCH 29 2015...

CLIMATE NORMAL PERIOD 1981 TO 2010
CLIMATE RECORD PERIOD 1887 TO 2015


WEATHER ITEM   OBSERVED TIME   RECORD YEAR NORMAL DEPARTURE LAST
                VALUE   (LST)  VALUE       VALUE  FROM      YEAR
                                                  NORMAL
..................................................................
TEMPERATURE (F)
 YESTERDAY
  MAXIMUM         57    606 PM  91    1907  72    -15       78
  MINIMUM         34    644 AM  26    1955  46    -12       54
  AVERAGE         46                        59    -13       66

PRECIPITATION (IN)
  YESTERDAY        0.00          3.22 1991   0.11  -0.11     0.23
  MONTH TO DATE    2.76                      3.50  -0.74     3.93
  SINCE MAR 1      2.76                      3.50  -0.74     3.93
  SINCE JAN 1     10.12                     10.69  -0.57    10.25

SNOWFALL (IN)
  YESTERDAY        0.0          MM      MM   0.0             0.0
  MONTH TO DATE    0.0                       0.1             0.0
  SINCE MAR 1      0.0                       0.1             0.0
  SINCE JUL 1      T                         1.5             4.2

DEGREE DAYS
 HEATING
  YESTERDAY       19                         7     12        0
  MONTH TO DATE  204                       295    -91      373
  SINCE MAR 1    204                       295    -91      373
  SINCE JUL 1   2393                      2394     -1     2457

 COOLING
  YESTERDAY        0                         1     -1        1
  MONTH TO DATE   25                        17      8        1
  SINCE MAR 1     25                        17      8        1
  SINCE JAN 1     25                        21      4        8
..................................................................


WIND (MPH)
  HIGHEST WIND SPEED    13   HIGHEST WIND DIRECTION     E (90)
  HIGHEST GUST SPEED    17   HIGHEST GUST DIRECTION     E (100)
  AVERAGE WIND SPEED     5.7


SKY COVER
  AVERAGE SKY COVER 0.0


WEATHER CONDITIONS
 THE FOLLOWING WEATHER WAS RECORDED YESTERDAY.
  NO SIGNIFICANT WEATHER WAS OBSERVED.


RELATIVE HUMIDITY (PERCENT)
 HIGHEST    54          1100 PM
 LOWEST     14           400 PM
 AVERAGE    34

..........................................................


THE COLUMBIA METRO AIRPORT SC CLIMATE NORMALS FOR TODAY
                         NORMAL    RECORD    YEAR
 MAXIMUM TEMPERATURE (F)   72        91      1907
 MINIMUM TEMPERATURE (F)   46        26      1955


SUNRISE AND SUNSET
MARCH 30 2015.........SUNRISE   715 AM EDT   SUNSET   744 PM EDT
MARCH 31 2015.........SUNRISE   714 AM EDT   SUNSET   744 PM EDT


-  INDICATES NEGATIVE NUMBERS.
R  INDICATES RECORD WAS SET OR TIED.
MM INDICATES DATA IS MISSING.
T  INDICATES TRACE AMOUNT.




$$
