000
CDUS42 KCAE 130701
CLICAE


CLIMATE REPORT
NATIONAL WEATHER SERVICE COLUMBIA SC
301 AM EDT SUN JUL 13 2014


...................................

...THE COLUMBIA METRO AIRPORT SC CLIMATE SUMMARY FOR JULY 12 2014...

CLIMATE NORMAL PERIOD 1981 TO 2010
CLIMATE RECORD PERIOD 1887 TO 2014


WEATHER ITEM   OBSERVED TIME   RECORD YEAR NORMAL DEPARTURE LAST
                VALUE   (LST)  VALUE       VALUE  FROM      YEAR
                                                  NORMAL
..................................................................
TEMPERATURE (F)
 YESTERDAY
  MAXIMUM         94    328 PM 104    1930  93      1       85
  MINIMUM         73    559 AM  58    1898  72      1       72
  AVERAGE         84                        82      2       79

PRECIPITATION (IN)
  YESTERDAY        0.00          1.05 1962   0.17  -0.17     0.44
  MONTH TO DATE    1.51                      1.96  -0.45     4.12
  SINCE JUN 1      2.92                      6.65  -3.73    10.29
  SINCE JAN 1     21.88                     23.16  -1.28    28.91

SNOWFALL (IN)
  YESTERDAY        0.0          MM      MM   0.0             0.0
  MONTH TO DATE    0.0                       0.0             0.0
  SINCE JUN 1      0.0                       0.0             0.0
  SINCE JUL 1      0.0                       0.0             0.0

DEGREE DAYS
 HEATING
  YESTERDAY        0                         0      0        0
  MONTH TO DATE    0                         0      0        0
  SINCE JUN 1      0                         1     -1        0
  SINCE JUL 1      0                         0      0        0

 COOLING
  YESTERDAY       19                        17      2       14
  MONTH TO DATE  223                       204     19      179
  SINCE JUN 1    743                       628    115      613
  SINCE JAN 1   1157                       949    208      933
..................................................................


WIND (MPH)
  HIGHEST WIND SPEED    16   HIGHEST WIND DIRECTION    SE (120)
  HIGHEST GUST SPEED    20   HIGHEST GUST DIRECTION     E (90)
  AVERAGE WIND SPEED     4.3


SKY COVER
  AVERAGE SKY COVER 0.5


WEATHER CONDITIONS
 THE FOLLOWING WEATHER WAS RECORDED YESTERDAY.
  FOG
  HAZE


RELATIVE HUMIDITY (PERCENT)
 HIGHEST    93           400 AM
 LOWEST     39           300 PM
 AVERAGE    66

..........................................................


THE COLUMBIA METRO AIRPORT SC CLIMATE NORMALS FOR TODAY
                         NORMAL    RECORD    YEAR
 MAXIMUM TEMPERATURE (F)   93       104      1986
 MINIMUM TEMPERATURE (F)   72        57      1898


SUNRISE AND SUNSET
JULY 13 2014..........SUNRISE   623 AM EDT   SUNSET   837 PM EDT
JULY 14 2014..........SUNRISE   624 AM EDT   SUNSET   837 PM EDT


-  INDICATES NEGATIVE NUMBERS.
R  INDICATES RECORD WAS SET OR TIED.
MM INDICATES DATA IS MISSING.
T  INDICATES TRACE AMOUNT.




$$
