000
CDUS42 KCAE 242136
CLICAE


CLIMATE REPORT
NATIONAL WEATHER SERVICE COLUMBIA SC
534 PM EDT SAT JUN 24 2017


...................................

...THE COLUMBIA METRO AIRPORT SC CLIMATE SUMMARY FOR JUNE 24 2017...
VALID TODAY AS OF 0500 PM LOCAL TIME.

CLIMATE NORMAL PERIOD 1981 TO 2010
CLIMATE RECORD PERIOD 1887 TO 2017


WEATHER ITEM   OBSERVED TIME   RECORD YEAR NORMAL DEPARTURE LAST
                VALUE   (LST)  VALUE       VALUE  FROM      YEAR
                                                  NORMAL
..................................................................
TEMPERATURE (F)
 TODAY
  MAXIMUM         91   1258 PM 103    2016  92     -1      103
                                      1914
  MINIMUM         77    358 PM  52    1972  70      7       80
  AVERAGE         84                        81      3       92

PRECIPITATION (IN)
  TODAY            0.11          2.00 1908   0.16  -0.05     0.00
  MONTH TO DATE    4.22                      3.75   0.47     2.34
  SINCE JUN 1      4.22                      3.75   0.47     2.34
  SINCE JAN 1     28.50                     20.26   8.24    16.26

SNOWFALL (IN)
  TODAY            0.0          MM      MM   0.0             0.0
  MONTH TO DATE    0.0                       0.0             0.0
  SINCE JUN 1      0.0                       0.0             0.0
  SINCE JUL 1      0.1                       1.5              T

DEGREE DAYS
 HEATING
  TODAY            0                         0      0        0
  MONTH TO DATE    0                         0      0        0
  SINCE JUN 1      0                         0      0        0
  SINCE JUL 1   1665                      2551   -886     1791

 COOLING
  TODAY           19                        16      3       27
  MONTH TO DATE  367                       327     40      429
  SINCE JUN 1    367                       327     40      429
  SINCE JAN 1    896                       648    248      868
..................................................................


WIND (MPH)
  HIGHEST WIND SPEED    21   HIGHEST WIND DIRECTION    SW (210)
  HIGHEST GUST SPEED    26   HIGHEST GUST DIRECTION     S (200)
  AVERAGE WIND SPEED    10.1


SKY COVER
  AVERAGE SKY COVER 0.6


WEATHER CONDITIONS
 THE FOLLOWING WEATHER WAS RECORDED TODAY.
  THUNDERSTORM
  HEAVY RAIN
  RAIN
  LIGHT RAIN
  FOG


RELATIVE HUMIDITY (PERCENT)
 HIGHEST    88           300 PM
 LOWEST     56          1200 PM
 AVERAGE    72

..........................................................


THE COLUMBIA METRO AIRPORT SC CLIMATE NORMALS FOR TOMORROW
                         NORMAL    RECORD    YEAR
 MAXIMUM TEMPERATURE (F)   92       103      1952
 MINIMUM TEMPERATURE (F)   70        54      1889


SUNRISE AND SUNSET
JUNE 24 2017..........SUNRISE   615 AM EDT   SUNSET   839 PM EDT
JUNE 25 2017..........SUNRISE   615 AM EDT   SUNSET   839 PM EDT


-  INDICATES NEGATIVE NUMBERS.
R  INDICATES RECORD WAS SET OR TIED.
MM INDICATES DATA IS MISSING.
T  INDICATES TRACE AMOUNT.




$$
