360
CDUS42 KCAE 260537
CLICAE


CLIMATE REPORT
NATIONAL WEATHER SERVICE COLUMBIA SC
137 AM EDT MON SEP 26 2016


...................................

...THE COLUMBIA METRO AIRPORT SC CLIMATE SUMMARY FOR SEPTEMBER 25 2016...

CLIMATE NORMAL PERIOD 1981 TO 2010
CLIMATE RECORD PERIOD 1887 TO 2016


WEATHER ITEM   OBSERVED TIME   RECORD YEAR NORMAL DEPARTURE LAST
                VALUE   (LST)  VALUE       VALUE  FROM      YEAR
                                                  NORMAL
..................................................................
TEMPERATURE (F)
 YESTERDAY
  MAXIMUM         90    147 PM  97    1961  83      7       80
  MINIMUM         67    629 AM  43    1990  61      6       68
                                      1887
  AVERAGE         79                        72      7       74

PRECIPITATION (IN)
  YESTERDAY        0.00          2.84 1956   0.11  -0.11     0.29
  MONTH TO DATE    6.68                      2.97   3.71     5.82
  SINCE SEP 1      6.68                      2.97   3.71     5.82
  SINCE JAN 1     29.61                     34.89  -5.28    36.87

SNOWFALL (IN)
  YESTERDAY        0.0          MM      MM   0.0             0.0
  MONTH TO DATE    0.0                       0.0             0.0
  SINCE SEP 1      0.0                       0.0             0.0
  SINCE JUL 1      0.0                       0.0             0.0

DEGREE DAYS
 HEATING
  YESTERDAY        0                         1     -1        0
  MONTH TO DATE    0                         2     -2        0
  SINCE SEP 1      0                         2     -2        0
  SINCE JUL 1      0                         2     -2        0

 COOLING
  YESTERDAY       14                         7      7        9
  MONTH TO DATE  373                       267    106      304
  SINCE SEP 1    373                       267    106      304
  SINCE JAN 1   2660                      2035    625     2452
..................................................................


WIND (MPH)
  HIGHEST WIND SPEED    12   HIGHEST WIND DIRECTION    SE (130)
  HIGHEST GUST SPEED    14   HIGHEST GUST DIRECTION    SE (130)
  AVERAGE WIND SPEED     3.5


SKY COVER
  AVERAGE SKY COVER 0.1


WEATHER CONDITIONS
 THE FOLLOWING WEATHER WAS RECORDED YESTERDAY.
  NO SIGNIFICANT WEATHER WAS OBSERVED.


RELATIVE HUMIDITY (PERCENT)
 HIGHEST    93           500 AM
 LOWEST     44           200 PM
 AVERAGE    69

..........................................................


THE COLUMBIA METRO AIRPORT SC CLIMATE NORMALS FOR TODAY
                         NORMAL    RECORD    YEAR
 MAXIMUM TEMPERATURE (F)   82        97      1984
 MINIMUM TEMPERATURE (F)   60        45      1950


SUNRISE AND SUNSET
SEPTEMBER 26 2016.....SUNRISE   716 AM EDT   SUNSET   715 PM EDT
SEPTEMBER 27 2016.....SUNRISE   716 AM EDT   SUNSET   714 PM EDT


-  INDICATES NEGATIVE NUMBERS.
R  INDICATES RECORD WAS SET OR TIED.
MM INDICATES DATA IS MISSING.
T  INDICATES TRACE AMOUNT.




$$
