000
CDUS45 KGJT 172330
CLICAG


CLIMATE REPORT
NATIONAL WEATHER SERVICE GRAND JUNCTION CO
427 PM MST TUE JAN 17 2017


...................................

...THE CRAIG CO CLIMATE SUMMARY FOR JANUARY 17 2017...
VALID TODAY AS OF 0400 PM LOCAL TIME.

CLIMATE NORMAL PERIOD 1981 TO 2010
CLIMATE RECORD PERIOD 9999 TO 9999


WEATHER ITEM   OBSERVED TIME   RECORD YEAR NORMAL DEPARTURE LAST
                VALUE   (LST)  VALUE       VALUE  FROM      YEAR
                                                  NORMAL
..................................................................
TEMPERATURE (F)
 TODAY
  MAXIMUM         22    324 PM  MM      MM  29     -7       33
  MINIMUM         14    902 AM  MM      MM   2     12        3
  AVERAGE         18                        16      2       18

PRECIPITATION (IN)
  TODAY            0.00         MM      MM   0.03  -0.03     0.01
  MONTH TO DATE    1.40                      0.46   0.94     0.67
  SINCE DEC 1      2.60                      1.46   1.14     2.04
  SINCE JAN 1      1.40                      0.46   0.94     0.67

SNOWFALL (IN)
  TODAY           MM            MM      MM  MM     MM       MM
  MONTH TO DATE   MM                        MM     MM       MM
  SINCE DEC 1     MM                        MM     MM       MM
  SINCE JUL 1     MM                        MM     MM       MM
  SNOW DEPTH      MM

DEGREE DAYS
 HEATING
  TODAY           47                        49     -2       47
  MONTH TO DATE  787                       848    -61      977
  SINCE DEC 1   2205                      2319   -114     2574
  SINCE JUL 1   3843                      4404   -561     4251

 COOLING
  TODAY            0                         0      0        0
  MONTH TO DATE    0                         0      0        0
  SINCE DEC 1      0                         0      0        0
  SINCE JAN 1      0                         0      0        0
..................................................................


WIND (MPH)
  HIGHEST WIND SPEED     7   HIGHEST WIND DIRECTION    NW (300)
  HIGHEST GUST SPEED     9   HIGHEST GUST DIRECTION     W (270)
  AVERAGE WIND SPEED     3.0


SKY COVER
  POSSIBLE SUNSHINE  MM
  AVERAGE SKY COVER 0.9


WEATHER CONDITIONS
 THE FOLLOWING WEATHER WAS RECORDED TODAY.
  FOG
  HAZE


RELATIVE HUMIDITY (PERCENT)
 HIGHEST    88          1200 AM
 LOWEST     73           400 PM
 AVERAGE    81

..........................................................


THE CRAIG CO CLIMATE NORMALS FOR TOMORROW
                         NORMAL    RECORD    YEAR
 MAXIMUM TEMPERATURE (F)   30        MM        MM
 MINIMUM TEMPERATURE (F)    2        MM        MM


SUNRISE AND SUNSET
JANUARY 17 2017.......SUNRISE   730 AM MST   SUNSET   511 PM MST
JANUARY 18 2017.......SUNRISE   730 AM MST   SUNSET   512 PM MST


-  INDICATES NEGATIVE NUMBERS.
R  INDICATES RECORD WAS SET OR TIED.
MM INDICATES DATA IS MISSING.
T  INDICATES TRACE AMOUNT.




$$
