000
CDUS41 KCLE 280537
CLICAK


CLIMATE REPORT
NATIONAL WEATHER SERVICE CLEVELAND OH
125 AM EDT TUE JUL 28 2015


...................................

...THE AKRON CANTON OH CLIMATE SUMMARY FOR JULY 27 2015...

CLIMATE NORMAL PERIOD 1981 TO 2010
CLIMATE RECORD PERIOD 1887 TO 2015


WEATHER ITEM   OBSERVED TIME   RECORD YEAR NORMAL DEPARTURE LAST
                VALUE   (LST)  VALUE       VALUE  FROM      YEAR
                                                  NORMAL
..................................................................
TEMPERATURE (F)
 YESTERDAY
  MAXIMUM         89    337 PM  98    1941  82      7       82
  MINIMUM         63    540 AM  47    1946  62      1       63
  AVERAGE         76                        72      4       73

PRECIPITATION (IN)
  YESTERDAY        0.00                      0.13  -0.13     0.17
  MONTH TO DATE    3.85                      3.57   0.28     3.46
  SINCE JUN 1     12.16                      7.40   4.76    12.74
  SINCE JAN 1     28.57                     23.13   5.44    29.37

SNOWFALL (IN)
  YESTERDAY        0.0                       0.0    0.0      0.0
  MONTH TO DATE    0.0                       0.0    0.0      0.0
  SINCE JUN 1      0.0                       0.0    0.0      0.0
  SINCE JUL 1      0.0                       0.0    0.0      0.0
  SNOW DEPTH       0

DEGREE DAYS
 HEATING
  YESTERDAY        0                         0      0        0
  MONTH TO DATE    0                         0      0        2
  SINCE JUN 1     25                        49    -24       17
  SINCE JUL 1      0                         0      0        2

 COOLING
  YESTERDAY       11                         7      4        8
  MONTH TO DATE  191                       189      2      174
  SINCE JUN 1    377                       324     53      357
  SINCE JAN 1    521                       366    155      433
..................................................................


WIND (MPH)
  HIGHEST WIND SPEED    12   HIGHEST WIND DIRECTION    NE (50)
  HIGHEST GUST SPEED    21   HIGHEST GUST DIRECTION    NE (50)
  AVERAGE WIND SPEED     5.4


SKY COVER
  POSSIBLE SUNSHINE  MM
  AVERAGE SKY COVER 0.4


WEATHER CONDITIONS
 THE FOLLOWING WEATHER WAS RECORDED YESTERDAY.
  NO SIGNIFICANT WEATHER WAS OBSERVED.


RELATIVE HUMIDITY (PERCENT)
 HIGHEST    84           600 AM
 LOWEST     36           200 PM
 AVERAGE    60

..........................................................


THE AKRON CANTON OH CLIMATE NORMALS FOR TODAY
                         NORMAL    RECORD    YEAR
 MAXIMUM TEMPERATURE (F)   82        97      1930
 MINIMUM TEMPERATURE (F)   62        49      1937


SUNRISE AND SUNSET
JULY 28 2015..........SUNRISE   618 AM EDT   SUNSET   846 PM EDT
JULY 29 2015..........SUNRISE   619 AM EDT   SUNSET   845 PM EDT


-  INDICATES NEGATIVE NUMBERS.
R  INDICATES RECORD WAS SET OR TIED.
MM INDICATES DATA IS MISSING.
T  INDICATES TRACE AMOUNT.




$$
