000
CDUS41 KCLE 200527
CLICAK


CLIMATE REPORT
NATIONAL WEATHER SERVICE CLEVELAND OH
1226 AM EST TUE FEB 20 2018


...................................

...THE AKRON CANTON OH CLIMATE SUMMARY FOR FEBRUARY 19 2018...

CLIMATE NORMAL PERIOD 1981 TO 2010
CLIMATE RECORD PERIOD 1887 TO 2018


WEATHER ITEM   OBSERVED TIME   RECORD YEAR NORMAL DEPARTURE LAST
                VALUE   (LST)  VALUE       VALUE  FROM      YEAR
                                                  NORMAL
..................................................................
TEMPERATURE (F)
 YESTERDAY
  MAXIMUM         64   1147 PM  65    1939  38     26       64
  MINIMUM         34    144 AM  -9    1936  22     12       36
  AVERAGE         49                        30     19       50

PRECIPITATION (IN)
  YESTERDAY        0.74                      0.08   0.66     0.00
  MONTH TO DATE    3.23                      1.54   1.69     1.41
  SINCE DEC 1      7.32                      6.99   0.33    10.55
  SINCE JAN 1      5.42                      4.15   1.27     7.55

SNOWFALL (IN)
  YESTERDAY        0.0                       0.4   -0.4      0.0
  MONTH TO DATE   11.2                       7.0    4.2      4.2
  SINCE DEC 1     37.4                      29.6    7.8     19.1
  SINCE JUL 1     37.5                      33.0    4.5     21.2
  SNOW DEPTH       0

DEGREE DAYS
 HEATING
  YESTERDAY       16                        35    -19       15
  MONTH TO DATE  659                       702    -43      558
  SINCE DEC 1   3014                      2979     35     2584
  SINCE JUL 1   4004                      4238   -234     3462

 COOLING
  YESTERDAY        0                         0      0        0
  MONTH TO DATE    0                         0      0        0
  SINCE DEC 1      0                         0      0        0
  SINCE JAN 1      0                         0      0        0
..................................................................


WIND (MPH)
  HIGHEST WIND SPEED    20   HIGHEST WIND DIRECTION     S (200)
  HIGHEST GUST SPEED    26   HIGHEST GUST DIRECTION    SW (210)
  AVERAGE WIND SPEED    11.7


SKY COVER
  POSSIBLE SUNSHINE  MM
  AVERAGE SKY COVER 0.9


WEATHER CONDITIONS
 THE FOLLOWING WEATHER WAS RECORDED YESTERDAY.
  RAIN
  LIGHT RAIN
  FOG


RELATIVE HUMIDITY (PERCENT)
 HIGHEST    89          1000 AM
 LOWEST     64           400 AM
 AVERAGE    77

..........................................................


THE AKRON CANTON OH CLIMATE NORMALS FOR TODAY
                         NORMAL    RECORD    YEAR
 MAXIMUM TEMPERATURE (F)   38        67      2016
 MINIMUM TEMPERATURE (F)   22       -10      2015


SUNRISE AND SUNSET
FEBRUARY 20 2018......SUNRISE   713 AM EST   SUNSET   606 PM EST
FEBRUARY 21 2018......SUNRISE   712 AM EST   SUNSET   608 PM EST


-  INDICATES NEGATIVE NUMBERS.
R  INDICATES RECORD WAS SET OR TIED.
MM INDICATES DATA IS MISSING.
T  INDICATES TRACE AMOUNT.




$$
