000
CDUS45 KABQ 200826
CLICAO


CLIMATE REPORT
NATIONAL WEATHER SERVICE ALBUQUERQUE NM
225 AM MDT THU JUL 20 2017


...................................

...THE CLAYTON  NM CLIMATE SUMMARY FOR JULY 19 2017...

CLIMATE NORMAL PERIOD 1981 TO 2010
CLIMATE RECORD PERIOD 1896 TO 2017


WEATHER ITEM   OBSERVED TIME   RECORD YEAR NORMAL DEPARTURE
                VALUE   (LST)  VALUE       VALUE  FROM
                                                  NORMAL
...............................................................
TEMPERATURE (F)
 YESTERDAY
  MAXIMUM         95    240 PM 100    2010  89      6
  MINIMUM         68    510 AM  50    1897  61      7
  AVERAGE         82                        75      7

PRECIPITATION (IN)
  YESTERDAY        0.00          1.90 1921   0.09  -0.09
  MONTH TO DATE    0.35                      1.50  -1.15
  SINCE JUN 1      1.04                      3.63  -2.59
  SINCE JAN 1      8.79                      8.10   0.69

SNOWFALL (IN)
  YESTERDAY        0.0
  MONTH TO DATE    0.0
  SINCE JUN 1      0.0
  SINCE JUL 1      0.0

DEGREE DAYS
 HEATING
  YESTERDAY        0                         0      0
  MONTH TO DATE    0                         0      0
  SINCE JUN 1      2                        23    -21
  SINCE JUL 1      0                         0      0

 COOLING
  YESTERDAY       17                        10      7
  MONTH TO DATE  211                       186     25
  SINCE JUN 1    409                       369     40
  SINCE JAN 1    441                       420     21
...............................................................


WIND (MPH)
  HIGHEST WIND SPEED    25   HIGHEST WIND DIRECTION     S (190)
  HIGHEST GUST SPEED    31   HIGHEST GUST DIRECTION     S (170)
  AVERAGE WIND SPEED    13.8


SKY COVER
  AVERAGE SKY COVER 0.1


WEATHER CONDITIONS
 THE FOLLOWING WEATHER WAS RECORDED YESTERDAY.
  NO SIGNIFICANT WEATHER WAS OBSERVED.


RELATIVE HUMIDITY (PERCENT)
 HIGHEST    57          1200 AM
 LOWEST     18           500 PM
 AVERAGE    38

..........................................................


THE CLAYTON  NM CLIMATE NORMALS FOR TODAY
                         NORMAL    RECORD    YEAR
 MAXIMUM TEMPERATURE (F)   89       100      2005
 MINIMUM TEMPERATURE (F)   61        51      1960
                                             1918


SUNRISE AND SUNSET
JULY 20 2017..........SUNRISE   550 AM MDT   SUNSET   808 PM MDT
JULY 21 2017..........SUNRISE   551 AM MDT   SUNSET   807 PM MDT


-  INDICATES NEGATIVE NUMBERS.
R  INDICATES RECORD WAS SET OR TIED.
MM INDICATES DATA IS MISSING.
T  INDICATES TRACE AMOUNT.




$$
