000
CDUS45 KABQ 290835
CLICAO


CLIMATE REPORT
NATIONAL WEATHER SERVICE ALBUQUERQUE NM
226 AM MDT SAT AUG 29 2015


...................................

...THE CLAYTON  NM CLIMATE SUMMARY FOR AUGUST 28 2015...

CLIMATE NORMAL PERIOD 1981 TO 2010
CLIMATE RECORD PERIOD 1896 TO 2015


WEATHER ITEM   OBSERVED TIME   RECORD YEAR NORMAL DEPARTURE
                VALUE   (LST)  VALUE       VALUE  FROM
                                                  NORMAL
...............................................................
TEMPERATURE (F)
 YESTERDAY
  MAXIMUM         87    155 PM 101    1922  85      2
  MINIMUM         63    519 AM  44    1917  59      4
  AVERAGE         75                        72      3

PRECIPITATION (IN)
  YESTERDAY        0.06          0.81 1911   0.08  -0.02
  MONTH TO DATE    3.95                      2.72   1.23
  SINCE JUN 1     12.75                      7.51   5.24
  SINCE JAN 1     24.28                     11.98  12.30

SNOWFALL (IN)
  YESTERDAY        0.0
  MONTH TO DATE    0.0
  SINCE JUN 1      0.0
  SINCE JUL 1      0.0

DEGREE DAYS
 HEATING
  YESTERDAY        0                         0      0
  MONTH TO DATE    5                         0      5
  SINCE JUN 1      7                        25    -18
  SINCE JUL 1      5                         2      3

 COOLING
  YESTERDAY       10                         7      3
  MONTH TO DATE  265                       238     27
  SINCE JUN 1    850                       724    126
  SINCE JAN 1    855                       775     80
...............................................................


WIND (MPH)
  HIGHEST WIND SPEED    30   HIGHEST WIND DIRECTION     N (340)
  HIGHEST GUST SPEED    44   HIGHEST GUST DIRECTION     N (340)
  AVERAGE WIND SPEED     7.9


SKY COVER
  AVERAGE SKY COVER 0.1


WEATHER CONDITIONS
 THE FOLLOWING WEATHER WAS RECORDED YESTERDAY.
  THUNDERSTORM
  RAIN
  LIGHT RAIN


RELATIVE HUMIDITY (PERCENT)
 HIGHEST    78          1200 AM
 LOWEST     36           200 PM
 AVERAGE    57

..........................................................


THE CLAYTON  NM CLIMATE NORMALS FOR TODAY
                         NORMAL    RECORD    YEAR
 MAXIMUM TEMPERATURE (F)   85        98      1922
 MINIMUM TEMPERATURE (F)   59        43      1928


SUNRISE AND SUNSET
AUGUST 29 2015........SUNRISE   621 AM MDT   SUNSET   725 PM MDT
AUGUST 30 2015........SUNRISE   622 AM MDT   SUNSET   724 PM MDT


-  INDICATES NEGATIVE NUMBERS.
R  INDICATES RECORD WAS SET OR TIED.
MM INDICATES DATA IS MISSING.
T  INDICATES TRACE AMOUNT.

$$
