000
CDUS45 KABQ 270829
CLICAO


CLIMATE REPORT
NATIONAL WEATHER SERVICE ALBUQUERQUE NM
228 AM MDT WED AUG 27 2014


...................................

...THE CLAYTON  NM CLIMATE SUMMARY FOR AUGUST 26 2014...

CLIMATE NORMAL PERIOD 1981 TO 2010
CLIMATE RECORD PERIOD 1896 TO 2014


WEATHER ITEM   OBSERVED TIME   RECORD YEAR NORMAL DEPARTURE
                VALUE   (LST)  VALUE       VALUE  FROM
                                                  NORMAL
...............................................................
TEMPERATURE (F)
 YESTERDAY
  MAXIMUM         89    258 PM  99    2002  85      4
  MINIMUM         63   1159 PM  48    1914  59      4
  AVERAGE         76                        72      4

PRECIPITATION (IN)
  YESTERDAY        1.15R         0.92 1946   0.08   1.07
  MONTH TO DATE    1.77                      2.57  -0.80
  SINCE JUN 1      6.51                      7.36  -0.85
  SINCE JAN 1      8.28                     11.83  -3.55

SNOWFALL (IN)
  YESTERDAY        0.0
  MONTH TO DATE    0.0
  SINCE JUN 1      0.0
  SINCE JUL 1      0.0

DEGREE DAYS
 HEATING
  YESTERDAY        0                         0      0
  MONTH TO DATE    0                         0      0
  SINCE JUN 1     14                        25    -11
  SINCE JUL 1      0                         2     -2

 COOLING
  YESTERDAY       11                         7      4
  MONTH TO DATE  288                       224     64
  SINCE JUN 1    869                       710    159
  SINCE JAN 1    964                       761    203
...............................................................


WIND (MPH)
  HIGHEST WIND SPEED    37   HIGHEST WIND DIRECTION    SE (140)
  HIGHEST GUST SPEED    46   HIGHEST GUST DIRECTION    SE (150)
  AVERAGE WIND SPEED    11.8


SKY COVER
  AVERAGE SKY COVER 0.3


WEATHER CONDITIONS
 THE FOLLOWING WEATHER WAS RECORDED YESTERDAY.
  THUNDERSTORM
  HEAVY RAIN
  RAIN
  LIGHT RAIN
  FOG


RELATIVE HUMIDITY (PERCENT)
 HIGHEST    87           900 PM
 LOWEST     24           300 PM
 AVERAGE    56

..........................................................


THE CLAYTON  NM CLIMATE NORMALS FOR TODAY
                         NORMAL    RECORD    YEAR
 MAXIMUM TEMPERATURE (F)   85        98      1929
 MINIMUM TEMPERATURE (F)   59        47      1992


SUNRISE AND SUNSET
AUGUST 27 2014........SUNRISE   620 AM MDT   SUNSET   728 PM MDT
AUGUST 28 2014........SUNRISE   621 AM MDT   SUNSET   726 PM MDT


-  INDICATES NEGATIVE NUMBERS.
R  INDICATES RECORD WAS SET OR TIED.
MM INDICATES DATA IS MISSING.
T  INDICATES TRACE AMOUNT.




$$
