000
CDUS45 KABQ 250846
CLICAO


CLIMATE REPORT
NATIONAL WEATHER SERVICE ALBUQUERQUE NM
145 AM MST THU DEC 25 2014


...................................

...THE CLAYTON  NM CLIMATE SUMMARY FOR DECEMBER 24 2014...

CLIMATE NORMAL PERIOD 1981 TO 2010
CLIMATE RECORD PERIOD 1896 TO 2014


WEATHER ITEM   OBSERVED TIME   RECORD YEAR NORMAL DEPARTURE
                VALUE   (LST)  VALUE       VALUE  FROM
                                                  NORMAL
...............................................................
TEMPERATURE (F)
 YESTERDAY
  MAXIMUM         44    300 PM  77    1955  47     -3
  MINIMUM         16    641 AM -12    1924  21     -5
  AVERAGE         30                        34     -4

PRECIPITATION (IN)
  YESTERDAY        0.00          0.08 1982   0.01  -0.01
  MONTH TO DATE    0.39                      0.28   0.11
  SINCE DEC 1      0.39                      0.28   0.11
  SINCE JAN 1     13.28                     15.71  -2.43

SNOWFALL (IN)
  YESTERDAY        0.0
  MONTH TO DATE    0.8
  SINCE DEC 1      0.8
  SINCE JUL 1      3.4

DEGREE DAYS
 HEATING
  YESTERDAY       35                        31      4
  MONTH TO DATE  596                       724   -128
  SINCE DEC 1    596                       724   -128
  SINCE JUL 1   1548                      1776   -228

 COOLING
  YESTERDAY        0                         0      0
  MONTH TO DATE    0                         0      0
  SINCE DEC 1      0                         0      0
  SINCE JAN 1   1130                       909    221
...............................................................


WIND (MPH)
  HIGHEST WIND SPEED    22   HIGHEST WIND DIRECTION    SW (240)
  HIGHEST GUST SPEED    28   HIGHEST GUST DIRECTION    SW (230)
  AVERAGE WIND SPEED    13.6


SKY COVER
  AVERAGE SKY COVER 0.0


WEATHER CONDITIONS
 THE FOLLOWING WEATHER WAS RECORDED YESTERDAY.
  NO SIGNIFICANT WEATHER WAS OBSERVED.


RELATIVE HUMIDITY (PERCENT)
 HIGHEST    74           200 AM
 LOWEST     24           100 PM
 AVERAGE    49

..........................................................


THE CLAYTON  NM CLIMATE NORMALS FOR TODAY
                         NORMAL    RECORD    YEAR
 MAXIMUM TEMPERATURE (F)   47        73      1963
                                             1919
 MINIMUM TEMPERATURE (F)   21        -2      1962


SUNRISE AND SUNSET
DECEMBER 25 2014......SUNRISE   702 AM MST   SUNSET   443 PM MST
DECEMBER 26 2014......SUNRISE   703 AM MST   SUNSET   444 PM MST


-  INDICATES NEGATIVE NUMBERS.
R  INDICATES RECORD WAS SET OR TIED.
MM INDICATES DATA IS MISSING.
T  INDICATES TRACE AMOUNT.




$$
