000
CDUS45 KABQ 300837
CLICAO


CLIMATE REPORT
NATIONAL WEATHER SERVICE ALBUQUERQUE NM
235 AM MDT SAT MAY 30 2015


...................................

...THE CLAYTON  NM CLIMATE SUMMARY FOR MAY 29 2015...

CLIMATE NORMAL PERIOD 1981 TO 2010
CLIMATE RECORD PERIOD 1896 TO 2015


WEATHER ITEM   OBSERVED TIME   RECORD YEAR NORMAL DEPARTURE
                VALUE   (LST)  VALUE       VALUE  FROM
                                                  NORMAL
...............................................................
TEMPERATURE (F)
 YESTERDAY
  MAXIMUM         74    117 PM  99    2000  79     -5
  MINIMUM         49    319 AM  29    1947  51     -2
  AVERAGE         62                        65     -3

PRECIPITATION (IN)
  YESTERDAY        0.17          1.71 1971   0.09   0.08
  MONTH TO DATE    6.80                      1.79   5.01
  SINCE MAR 1      8.50                      3.68   4.82
  SINCE JAN 1     11.52                      4.30   7.22

SNOWFALL (IN)
  YESTERDAY        0.0
  MONTH TO DATE    0.0
  SINCE MAR 1      0.9
  SINCE JUL 1     26.1

DEGREE DAYS
 HEATING
  YESTERDAY        3                         2      1
  MONTH TO DATE  201                       150     51
  SINCE MAR 1   1020                      1179   -159
  SINCE JUL 1   4463                      4856   -393

 COOLING
  YESTERDAY        0                         3     -3
  MONTH TO DATE    3                        41    -38
  SINCE MAR 1      3                        47    -44
  SINCE JAN 1      3                        47    -44
...............................................................


WIND (MPH)
  HIGHEST WIND SPEED    23   HIGHEST WIND DIRECTION     N (340)
  HIGHEST GUST SPEED    30   HIGHEST GUST DIRECTION     N (350)
  AVERAGE WIND SPEED    10.9


SKY COVER
  AVERAGE SKY COVER 0.3


WEATHER CONDITIONS
 THE FOLLOWING WEATHER WAS RECORDED YESTERDAY.
  THUNDERSTORM
  HEAVY RAIN
  RAIN
  LIGHT RAIN
  FOG


RELATIVE HUMIDITY (PERCENT)
 HIGHEST    96          1000 PM
 LOWEST     44           100 PM
 AVERAGE    70

..........................................................


THE CLAYTON  NM CLIMATE NORMALS FOR TODAY
                         NORMAL    RECORD    YEAR
 MAXIMUM TEMPERATURE (F)   80        99      2000
 MINIMUM TEMPERATURE (F)   52        38      1947


SUNRISE AND SUNSET
MAY 30 2015...........SUNRISE   537 AM MDT   SUNSET   804 PM MDT
MAY 31 2015...........SUNRISE   536 AM MDT   SUNSET   804 PM MDT


-  INDICATES NEGATIVE NUMBERS.
R  INDICATES RECORD WAS SET OR TIED.
MM INDICATES DATA IS MISSING.
T  INDICATES TRACE AMOUNT.

$$
