000
CDUS45 KABQ 290840
CLICAO


CLIMATE REPORT
NATIONAL WEATHER SERVICE ALBUQUERQUE NM
238 AM MDT MON MAY 29 2017


...................................

...THE CLAYTON  NM CLIMATE SUMMARY FOR MAY 28 2017...

CLIMATE NORMAL PERIOD 1981 TO 2010
CLIMATE RECORD PERIOD 1896 TO 2017


WEATHER ITEM   OBSERVED TIME   RECORD YEAR NORMAL DEPARTURE
                VALUE   (LST)  VALUE       VALUE  FROM
                                                  NORMAL
...............................................................
TEMPERATURE (F)
 YESTERDAY
  MAXIMUM         71    413 PM  95    1974  79     -8
                                      1938
                                      1934
  MINIMUM         47    458 AM  34    1947  51     -4
  AVERAGE         59                        65     -6

PRECIPITATION (IN)
  YESTERDAY        0.00          2.24 1918   0.08  -0.08
  MONTH TO DATE    2.07                      1.70   0.37
  SINCE MAR 1      6.20                      3.59   2.61
  SINCE JAN 1      7.58                      4.21   3.37

SNOWFALL (IN)
  YESTERDAY        0.0
  MONTH TO DATE    0.0
  SINCE MAR 1     13.9
  SINCE JUL 1     25.3

DEGREE DAYS
 HEATING
  YESTERDAY        6                         3      3
  MONTH TO DATE  204                       148     56
  SINCE MAR 1    983                      1177   -194
  SINCE JUL 1   4003                      4854   -851

 COOLING
  YESTERDAY        0                         3     -3
  MONTH TO DATE   12                        38    -26
  SINCE MAR 1     30                        44    -14
  SINCE JAN 1     32                        44    -12
...............................................................


WIND (MPH)
  HIGHEST WIND SPEED    22   HIGHEST WIND DIRECTION    NW (310)
  HIGHEST GUST SPEED    28   HIGHEST GUST DIRECTION    NW (320)
  AVERAGE WIND SPEED    10.4


SKY COVER
  AVERAGE SKY COVER 0.0


WEATHER CONDITIONS
 THE FOLLOWING WEATHER WAS RECORDED YESTERDAY.
  NO SIGNIFICANT WEATHER WAS OBSERVED.


RELATIVE HUMIDITY (PERCENT)
 HIGHEST    82           400 AM
 LOWEST     25           300 PM
 AVERAGE    54

..........................................................


THE CLAYTON  NM CLIMATE NORMALS FOR TODAY
                         NORMAL    RECORD    YEAR
 MAXIMUM TEMPERATURE (F)   79        99      2000
 MINIMUM TEMPERATURE (F)   51        29      1947


SUNRISE AND SUNSET
MAY 29 2017...........SUNRISE   537 AM MDT   SUNSET   803 PM MDT
MAY 30 2017...........SUNRISE   537 AM MDT   SUNSET   804 PM MDT


-  INDICATES NEGATIVE NUMBERS.
R  INDICATES RECORD WAS SET OR TIED.
MM INDICATES DATA IS MISSING.
T  INDICATES TRACE AMOUNT.




$$
