000
CDUS45 KABQ 130831
CLICAO


CLIMATE REPORT
NATIONAL WEATHER SERVICE ALBUQUERQUE NM
229 AM MDT SUN JUL 13 2014


...................................

...THE CLAYTON  NM CLIMATE SUMMARY FOR JULY 12 2014...

CLIMATE NORMAL PERIOD 1981 TO 2010
CLIMATE RECORD PERIOD 1896 TO 2014


WEATHER ITEM   OBSERVED TIME   RECORD YEAR NORMAL DEPARTURE
                VALUE   (LST)  VALUE       VALUE  FROM
                                                  NORMAL
...............................................................
TEMPERATURE (F)
 YESTERDAY
  MAXIMUM         92    225 PM 103    1934  89      3
  MINIMUM         65    529 AM  51    1999  61      4
                                      1920
  AVERAGE         79                        75      4

PRECIPITATION (IN)
  YESTERDAY        0.00          2.20 1989   0.07  -0.07
  MONTH TO DATE    0.06                      0.90  -0.84
  SINCE JUN 1      1.95                      3.03  -1.08
  SINCE JAN 1      3.72                      7.50  -3.78

SNOWFALL (IN)
  YESTERDAY        0.0
  MONTH TO DATE    0.0
  SINCE JUN 1      0.0
  SINCE JUL 1      0.0

DEGREE DAYS
 HEATING
  YESTERDAY        0                         0      0
  MONTH TO DATE    0                         0      0
  SINCE JUN 1     14                        23     -9
  SINCE JUL 1      0                         0      0

 COOLING
  YESTERDAY       14                        10      4
  MONTH TO DATE  140                       116     24
  SINCE JUN 1    385                       299     86
  SINCE JAN 1    480                       350    130
...............................................................


WIND (MPH)
  HIGHEST WIND SPEED    22   HIGHEST WIND DIRECTION     N (350)
  HIGHEST GUST SPEED    33   HIGHEST GUST DIRECTION     S (190)
  AVERAGE WIND SPEED    14.2


SKY COVER
  AVERAGE SKY COVER 0.0


WEATHER CONDITIONS
 THE FOLLOWING WEATHER WAS RECORDED YESTERDAY.
  NO SIGNIFICANT WEATHER WAS OBSERVED.


RELATIVE HUMIDITY (PERCENT)
 HIGHEST    73           400 AM
 LOWEST     21           400 PM
 AVERAGE    47

..........................................................


THE CLAYTON  NM CLIMATE NORMALS FOR TODAY
                         NORMAL    RECORD    YEAR
 MAXIMUM TEMPERATURE (F)   89       102      1913
 MINIMUM TEMPERATURE (F)   61        50      1987
                                             1922


SUNRISE AND SUNSET
JULY 13 2014..........SUNRISE   545 AM MDT   SUNSET   811 PM MDT
JULY 14 2014..........SUNRISE   546 AM MDT   SUNSET   811 PM MDT


-  INDICATES NEGATIVE NUMBERS.
R  INDICATES RECORD WAS SET OR TIED.
MM INDICATES DATA IS MISSING.
T  INDICATES TRACE AMOUNT.

$$
