000
CDUS45 KABQ 240832
CLICAO


CLIMATE REPORT
NATIONAL WEATHER SERVICE ALBUQUERQUE NM
131 AM MST MON NOV 24 2014


...................................

...THE CLAYTON  NM CLIMATE SUMMARY FOR NOVEMBER 23 2014...

CLIMATE NORMAL PERIOD 1981 TO 2010
CLIMATE RECORD PERIOD 1896 TO 2014


WEATHER ITEM   OBSERVED TIME   RECORD YEAR NORMAL DEPARTURE
                VALUE   (LST)  VALUE       VALUE  FROM
                                                  NORMAL
...............................................................
TEMPERATURE (F)
 YESTERDAY
  MAXIMUM         55    138 AM  76    2006  54      1
  MINIMUM         29    725 PM   1    1957  27      2
  AVERAGE         42                        40      2

PRECIPITATION (IN)
  YESTERDAY        0.03          0.56 2004   0.01   0.02
  MONTH TO DATE    0.57                      0.37   0.20
  SINCE SEP 1      4.36                      3.15   1.21
  SINCE JAN 1     12.89                     15.35  -2.46

SNOWFALL (IN)
  YESTERDAY        0.1
  MONTH TO DATE    2.4
  SINCE SEP 1      2.4
  SINCE JUL 1      2.4

DEGREE DAYS
 HEATING
  YESTERDAY       23                        25     -2
  MONTH TO DATE  559                       457    102
  SINCE SEP 1    820                       861    -41
  SINCE JUL 1    820                       867    -47

 COOLING
  YESTERDAY        0                         0      0
  MONTH TO DATE    0                         0      0
  SINCE SEP 1    126                       112     14
  SINCE JAN 1   1130                       909    221
...............................................................


WIND (MPH)
  HIGHEST WIND SPEED    33   HIGHEST WIND DIRECTION     N (360)
  HIGHEST GUST SPEED    42   HIGHEST GUST DIRECTION     N (10)
  AVERAGE WIND SPEED    18.3


SKY COVER
  AVERAGE SKY COVER 0.5


WEATHER CONDITIONS
 THE FOLLOWING WEATHER WAS RECORDED YESTERDAY.
  LIGHT SNOW
  FOG


RELATIVE HUMIDITY (PERCENT)
 HIGHEST    89          1100 AM
 LOWEST     26          1200 AM
 AVERAGE    58

..........................................................


THE CLAYTON  NM CLIMATE NORMALS FOR TODAY
                         NORMAL    RECORD    YEAR
 MAXIMUM TEMPERATURE (F)   53        80      1942
 MINIMUM TEMPERATURE (F)   26         7      1938


SUNRISE AND SUNSET
NOVEMBER 24 2014......SUNRISE   639 AM MST   SUNSET   439 PM MST
NOVEMBER 25 2014......SUNRISE   640 AM MST   SUNSET   439 PM MST


-  INDICATES NEGATIVE NUMBERS.
R  INDICATES RECORD WAS SET OR TIED.
MM INDICATES DATA IS MISSING.
T  INDICATES TRACE AMOUNT.




$$
