000
CDUS45 KABQ 220910
CLICAO


CLIMATE REPORT
NATIONAL WEATHER SERVICE ALBUQUERQUE NM
210 AM MST SAT NOV 22 2014


...................................

...THE CLAYTON  NM CLIMATE SUMMARY FOR NOVEMBER 21 2014...

CLIMATE NORMAL PERIOD 1981 TO 2010
CLIMATE RECORD PERIOD 1896 TO 2014


WEATHER ITEM   OBSERVED TIME   RECORD YEAR NORMAL DEPARTURE
                VALUE   (LST)  VALUE       VALUE  FROM
                                                  NORMAL
...............................................................
TEMPERATURE (F)
 YESTERDAY
  MAXIMUM         63   1237 PM  80    1921  55      8
  MINIMUM         25    340 AM   5    1947  28     -3
  AVERAGE         44                        41      3

PRECIPITATION (IN)
  YESTERDAY        0.00          0.29 1992   0.01  -0.01
  MONTH TO DATE    0.54                      0.35   0.19
  SINCE SEP 1      4.33                      3.13   1.20
  SINCE JAN 1     12.86                     15.33  -2.47

SNOWFALL (IN)
  YESTERDAY        0.0
  MONTH TO DATE    2.3
  SINCE SEP 1      2.3
  SINCE JUL 1      2.3

DEGREE DAYS
 HEATING
  YESTERDAY       21                        24     -3
  MONTH TO DATE  522                       408    114
  SINCE SEP 1    783                       812    -29
  SINCE JUL 1    783                       818    -35

 COOLING
  YESTERDAY        0                         0      0
  MONTH TO DATE    0                         0      0
  SINCE SEP 1    126                       112     14
  SINCE JAN 1   1130                       909    221
...............................................................


WIND (MPH)
  HIGHEST WIND SPEED    22   HIGHEST WIND DIRECTION     S (200)
  HIGHEST GUST SPEED    25   HIGHEST GUST DIRECTION     S (200)
  AVERAGE WIND SPEED    10.0


SKY COVER
  AVERAGE SKY COVER 0.0


WEATHER CONDITIONS
 THE FOLLOWING WEATHER WAS RECORDED YESTERDAY.
  NO SIGNIFICANT WEATHER WAS OBSERVED.


RELATIVE HUMIDITY (PERCENT)
 HIGHEST    81           400 AM
 LOWEST     22          1200 PM
 AVERAGE    52

..........................................................


THE CLAYTON  NM CLIMATE NORMALS FOR TODAY
                         NORMAL    RECORD    YEAR
 MAXIMUM TEMPERATURE (F)   54        79      1998
                                             1924
 MINIMUM TEMPERATURE (F)   27        -4      1929


SUNRISE AND SUNSET
NOVEMBER 22 2014......SUNRISE   637 AM MST   SUNSET   440 PM MST
NOVEMBER 23 2014......SUNRISE   638 AM MST   SUNSET   440 PM MST


-  INDICATES NEGATIVE NUMBERS.
R  INDICATES RECORD WAS SET OR TIED.
MM INDICATES DATA IS MISSING.
T  INDICATES TRACE AMOUNT.




$$
