000
CDUS45 KABQ 210830
CLICAO


CLIMATE REPORT
NATIONAL WEATHER SERVICE ALBUQUERQUE NM
130 AM MST TUE FEB 21 2017


...................................

...THE CLAYTON  NM CLIMATE SUMMARY FOR FEBRUARY 20 2017...

CLIMATE NORMAL PERIOD 1981 TO 2010
CLIMATE RECORD PERIOD 1896 TO 2017


WEATHER ITEM   OBSERVED TIME   RECORD YEAR NORMAL DEPARTURE
                VALUE   (LST)  VALUE       VALUE  FROM
                                                  NORMAL
...............................................................
TEMPERATURE (F)
 YESTERDAY
  MAXIMUM         66    248 PM  76    1981  52     14
                                      1930
  MINIMUM         34    232 AM  -4    1918  24     10
  AVERAGE         50                        38     12

PRECIPITATION (IN)
  YESTERDAY        0.00          0.62 1990   0.01  -0.01
  MONTH TO DATE    0.25                      0.22   0.03
  SINCE DEC 1      1.59                      0.86   0.73
  SINCE JAN 1      1.38                      0.50   0.88

SNOWFALL (IN)
  YESTERDAY        0.0
  MONTH TO DATE    1.0
  SINCE DEC 1     11.4
  SINCE JUL 1     11.4

DEGREE DAYS
 HEATING
  YESTERDAY       15                        27    -12
  MONTH TO DATE  375                       565   -190
  SINCE DEC 1   2189                      2419   -230
  SINCE JUL 1   2857                      3471   -614

 COOLING
  YESTERDAY        0                         0      0
  MONTH TO DATE    2                         0      2
  SINCE DEC 1      2                         0      2
  SINCE JAN 1      2                         0      2
...............................................................


WIND (MPH)
  HIGHEST WIND SPEED    37   HIGHEST WIND DIRECTION     N (340)
  HIGHEST GUST SPEED    47   HIGHEST GUST DIRECTION     N (340)
  AVERAGE WIND SPEED    13.8


SKY COVER
  AVERAGE SKY COVER 0.1


WEATHER CONDITIONS
 THE FOLLOWING WEATHER WAS RECORDED YESTERDAY.
  NO SIGNIFICANT WEATHER WAS OBSERVED.


RELATIVE HUMIDITY (PERCENT)
 HIGHEST    70           200 AM
 LOWEST     10           300 PM
 AVERAGE    40

..........................................................


THE CLAYTON  NM CLIMATE NORMALS FOR TODAY
                         NORMAL    RECORD    YEAR
 MAXIMUM TEMPERATURE (F)   52        75      1927
 MINIMUM TEMPERATURE (F)   25         3      1955


SUNRISE AND SUNSET
FEBRUARY 21 2017......SUNRISE   633 AM MST   SUNSET   540 PM MST
FEBRUARY 22 2017......SUNRISE   632 AM MST   SUNSET   541 PM MST


-  INDICATES NEGATIVE NUMBERS.
R  INDICATES RECORD WAS SET OR TIED.
MM INDICATES DATA IS MISSING.
T  INDICATES TRACE AMOUNT.




$$
