000
CDUS45 KABQ 050833
CLICAO


CLIMATE REPORT
NATIONAL WEATHER SERVICE ALBUQUERQUE NM
232 AM MDT THU MAY 5 2016


...................................

...THE CLAYTON  NM CLIMATE SUMMARY FOR MAY 4 2016...

CLIMATE NORMAL PERIOD 1981 TO 2010
CLIMATE RECORD PERIOD 1896 TO 2016


WEATHER ITEM   OBSERVED TIME   RECORD YEAR NORMAL DEPARTURE
                VALUE   (LST)  VALUE       VALUE  FROM
                                                  NORMAL
...............................................................
TEMPERATURE (F)
 YESTERDAY
  MAXIMUM         76    358 PM  90    2014  72      4
                                      2012
  MINIMUM         41   1219 AM  26    1899  44     -3
  AVERAGE         59                        58      1

PRECIPITATION (IN)
  YESTERDAY        0.00          1.21 2001   0.05  -0.05
  MONTH TO DATE    0.18                      0.17   0.01
  SINCE MAR 1      2.28                      2.06   0.22
  SINCE JAN 1      2.72                      2.68   0.04

SNOWFALL (IN)
  YESTERDAY        0.0
  MONTH TO DATE    0.5
  SINCE MAR 1      2.1
  SINCE JUL 1     25.5

DEGREE DAYS
 HEATING
  YESTERDAY        6                         8     -2
  MONTH TO DATE   64                        32     32
  SINCE MAR 1    937                      1061   -124
  SINCE JUL 1   4187                      4738   -551

 COOLING
  YESTERDAY        0                         1     -1
  MONTH TO DATE    0                         3     -3
  SINCE MAR 1      0                         9     -9
  SINCE JAN 1      0                         9     -9
...............................................................


WIND (MPH)
  HIGHEST WIND SPEED    16   HIGHEST WIND DIRECTION    SE (150)
  HIGHEST GUST SPEED    21   HIGHEST GUST DIRECTION    SE (140)
  AVERAGE WIND SPEED     9.3


SKY COVER
  AVERAGE SKY COVER 0.0


WEATHER CONDITIONS
 THE FOLLOWING WEATHER WAS RECORDED YESTERDAY.
  HAZE


RELATIVE HUMIDITY (PERCENT)
 HIGHEST    70          1200 AM
 LOWEST     21           300 PM
 AVERAGE    46

..........................................................


THE CLAYTON  NM CLIMATE NORMALS FOR TODAY
                         NORMAL    RECORD    YEAR
 MAXIMUM TEMPERATURE (F)   73        93      1934
 MINIMUM TEMPERATURE (F)   44        27      1917


SUNRISE AND SUNSET
MAY  5 2016...........SUNRISE   554 AM MDT   SUNSET   745 PM MDT
MAY  6 2016...........SUNRISE   553 AM MDT   SUNSET   745 PM MDT


-  INDICATES NEGATIVE NUMBERS.
R  INDICATES RECORD WAS SET OR TIED.
MM INDICATES DATA IS MISSING.
T  INDICATES TRACE AMOUNT.




$$
