000
CDUS45 KABQ 300828
CLICAO


CLIMATE REPORT
NATIONAL WEATHER SERVICE ALBUQUERQUE NM
227 AM MDT MON MAR 30 2015


...................................

...THE CLAYTON  NM CLIMATE SUMMARY FOR MARCH 29 2015...

CLIMATE NORMAL PERIOD 1981 TO 2010
CLIMATE RECORD PERIOD 1896 TO 2015


WEATHER ITEM   OBSERVED TIME   RECORD YEAR NORMAL DEPARTURE
                VALUE   (LST)  VALUE       VALUE  FROM
                                                  NORMAL
...............................................................
TEMPERATURE (F)
 YESTERDAY
  MAXIMUM         69    207 PM  81    2012  62      7
                                      1943
  MINIMUM         48   1129 PM   9    1987  33     15
  AVERAGE         59                        48     11

PRECIPITATION (IN)
  YESTERDAY        0.00          0.57 1918   0.03  -0.03
  MONTH TO DATE    0.41                      0.89  -0.48
  SINCE MAR 1      0.41                      0.89  -0.48
  SINCE JAN 1      3.43                      1.51   1.92

SNOWFALL (IN)
  YESTERDAY        0.0
  MONTH TO DATE    0.9
  SINCE MAR 1      0.9
  SINCE JUL 1     26.1

DEGREE DAYS
 HEATING
  YESTERDAY        6                        18    -12
  MONTH TO DATE  500                       610   -110
  SINCE MAR 1    500                       610   -110
  SINCE JUL 1   3943                      4287   -344

 COOLING
  YESTERDAY        0                         0      0
  MONTH TO DATE    0                         0      0
  SINCE MAR 1      0                         0      0
  SINCE JAN 1      0                         0      0
...............................................................


WIND (MPH)
  HIGHEST WIND SPEED    32   HIGHEST WIND DIRECTION     N (10)
  HIGHEST GUST SPEED    39   HIGHEST GUST DIRECTION     N (10)
  AVERAGE WIND SPEED    14.6


SKY COVER
  AVERAGE SKY COVER 0.3


WEATHER CONDITIONS
 THE FOLLOWING WEATHER WAS RECORDED YESTERDAY.
  HAZE


RELATIVE HUMIDITY (PERCENT)
 HIGHEST    36          1100 PM
 LOWEST     18           100 PM
 AVERAGE    27

..........................................................


THE CLAYTON  NM CLIMATE NORMALS FOR TODAY
                         NORMAL    RECORD    YEAR
 MAXIMUM TEMPERATURE (F)   62        87      2010
 MINIMUM TEMPERATURE (F)   33         9      1987


SUNRISE AND SUNSET
MARCH 30 2015.........SUNRISE   642 AM MDT   SUNSET   713 PM MDT
MARCH 31 2015.........SUNRISE   640 AM MDT   SUNSET   714 PM MDT


-  INDICATES NEGATIVE NUMBERS.
R  INDICATES RECORD WAS SET OR TIED.
MM INDICATES DATA IS MISSING.
T  INDICATES TRACE AMOUNT.




$$
