000
CDUS41 KCAR 250527
CLICAR


CLIMATE REPORT
NATIONAL WEATHER SERVICE CARIBOU, ME
126 AM EDT SUN SEP 25 2016


...................................

...THE CARIBOU ME CLIMATE SUMMARY FOR SEPTEMBER 24 2016...

CLIMATE NORMAL PERIOD 1981 TO 2010
CLIMATE RECORD PERIOD 1939 TO 2016


WEATHER ITEM   OBSERVED TIME   RECORD YEAR NORMAL DEPARTURE LAST
                VALUE   (LST)  VALUE       VALUE  FROM      YEAR
                                                  NORMAL
..................................................................
TEMPERATURE (F)
 YESTERDAY
  MAXIMUM         55    102 PM  80    1958  62     -7       63
  MINIMUM         38    601 AM  27    1963  42     -4       38
                                      1953
                                      1939
  AVERAGE         47                        52     -5       51

PRECIPITATION (IN)
  YESTERDAY        0.00          1.33 1967   0.11  -0.11     0.00
  MONTH TO DATE    2.47                      2.64  -0.17     2.12
  SINCE SEP 1      2.47                      2.64  -0.17     2.12
  SINCE JAN 1     33.58                     27.38   6.20    24.59

SNOWFALL (IN)
  YESTERDAY        0.0           0.0  2002   0.0    0.0      0.0
                                      2001
  MONTH TO DATE    0.0                       0.0    0.0      0.0
  SINCE SEP 1      0.0                       0.0    0.0      0.0
  SINCE JUL 1      0.0                       0.0    0.0      0.0
  SNOW DEPTH       0

DEGREE DAYS
 HEATING
  YESTERDAY       18                        13      5       14
  MONTH TO DATE  106                       223   -117       82
  SINCE SEP 1    106                       223   -117       82
  SINCE JUL 1    186                       377   -191      159

 COOLING
  YESTERDAY        0                         0      0        0
  MONTH TO DATE   22                        10     12       50
  SINCE SEP 1     22                        10     12       50
  SINCE JAN 1    275                       179     96      253
..................................................................


WIND (MPH)
  HIGHEST WIND SPEED    20   HIGHEST WIND DIRECTION    NW (330)
  HIGHEST GUST SPEED    28   HIGHEST GUST DIRECTION    NW (330)
  AVERAGE WIND SPEED     8.2


SKY COVER
  POSSIBLE SUNSHINE  MM
  AVERAGE SKY COVER 0.4


WEATHER CONDITIONS
 THE FOLLOWING WEATHER WAS RECORDED YESTERDAY.
  FOG


RELATIVE HUMIDITY (PERCENT)
 HIGHEST    92           300 AM
 LOWEST     46          1200 PM
 AVERAGE    69

..........................................................


THE CARIBOU ME CLIMATE NORMALS FOR TODAY
                         NORMAL    RECORD    YEAR
 MAXIMUM TEMPERATURE (F)   61        83      2007
 MINIMUM TEMPERATURE (F)   41        24      1939


SUNRISE AND SUNSET
SEPTEMBER 25 2016.....SUNRISE   623 AM EDT   SUNSET   623 PM EDT
SEPTEMBER 26 2016.....SUNRISE   625 AM EDT   SUNSET   621 PM EDT


-  INDICATES NEGATIVE NUMBERS.
R  INDICATES RECORD WAS SET OR TIED.
MM INDICATES DATA IS MISSING.
T  INDICATES TRACE AMOUNT.

********************************************************************

THE CARIBOU ME 4-INCH UNDER SOD SOIL TEMPERATURE FOR SEP 24 2016:

MAXIMUM TEMPERATURE: 62 F
MINIMUM TEMPERATURE: 58 F

$$
