000
CDUS41 KCAR 250528
CLICAR


CLIMATE REPORT
NATIONAL WEATHER SERVICE CARIBOU, ME
128 AM EDT FRI APR 25 2014


...................................

...THE CARIBOU ME CLIMATE SUMMARY FOR APRIL 24 2014...

CLIMATE NORMAL PERIOD 1981 TO 2010
CLIMATE RECORD PERIOD 1939 TO 2014


WEATHER ITEM   OBSERVED TIME   RECORD YEAR NORMAL DEPARTURE LAST
                VALUE   (LST)  VALUE       VALUE  FROM      YEAR
                                                  NORMAL
..................................................................
TEMPERATURE (F)
 YESTERDAY
  MAXIMUM         35    101 PM  80    1942  53    -18       56
  MINIMUM         33   1159 PM  20    2004  33      0       42
  AVERAGE         34                        43     -9       49

PRECIPITATION (IN)
  YESTERDAY        0.80          1.28 1970   0.08   0.72     0.02
  MONTH TO DATE    4.37                      2.12   2.25     1.32
  SINCE MAR 1      7.81                      4.63   3.18     3.06
  SINCE JAN 1     14.03                      9.55   4.48     8.43

SNOWFALL (IN)
  YESTERDAY        3.3 R         2.4  1994   0.1    3.2      0.0
  MONTH TO DATE    9.2                       6.9    2.3      4.3
  SINCE MAR 1     51.3                      25.2   26.1     19.5
  SINCE JUL 1    150.7                     107.7   43.0    106.9
  SNOW DEPTH       2

DEGREE DAYS
 HEATING
  YESTERDAY       31                        22      9       16
  MONTH TO DATE  683                       672     11      684
  SINCE MAR 1   2223                      1926    297     1769
  SINCE JUL 1   8877                      8647    230     7917

 COOLING
  YESTERDAY        0                         0      0        0
  MONTH TO DATE    0                         0      0        0
  SINCE MAR 1      0                         0      0        0
  SINCE JAN 1      0                         0      0        0
..................................................................


WIND (MPH)
  HIGHEST WIND SPEED    21   HIGHEST WIND DIRECTION     N (10)
  HIGHEST GUST SPEED    26   HIGHEST GUST DIRECTION    NW (330)
  AVERAGE WIND SPEED    13.0


SKY COVER
  POSSIBLE SUNSHINE  MM
  AVERAGE SKY COVER 1.0


WEATHER CONDITIONS
 THE FOLLOWING WEATHER WAS RECORDED YESTERDAY.
  LIGHT RAIN
  LIGHT SNOW
  FOG


RELATIVE HUMIDITY (PERCENT)
 HIGHEST    96           800 AM
 LOWEST     89          1200 AM
 AVERAGE    93

..........................................................


THE CARIBOU ME CLIMATE NORMALS FOR TODAY
                         NORMAL    RECORD    YEAR
 MAXIMUM TEMPERATURE (F)   53        77      2009
 MINIMUM TEMPERATURE (F)   34        17      2004


SUNRISE AND SUNSET
APRIL 25 2014.........SUNRISE   527 AM EDT   SUNSET   734 PM EDT
APRIL 26 2014.........SUNRISE   525 AM EDT   SUNSET   735 PM EDT


-  INDICATES NEGATIVE NUMBERS.
R  INDICATES RECORD WAS SET OR TIED.
MM INDICATES DATA IS MISSING.
T  INDICATES TRACE AMOUNT.




$$
