549
CDUS41 KCAR 290527
CLICAR


CLIMATE REPORT
NATIONAL WEATHER SERVICE CARIBOU, ME
126 AM EDT FRI JUL 29 2016


...................................

...THE CARIBOU ME CLIMATE SUMMARY FOR JULY 28 2016...

CLIMATE NORMAL PERIOD 1981 TO 2010
CLIMATE RECORD PERIOD 1939 TO 2016


WEATHER ITEM   OBSERVED TIME   RECORD YEAR NORMAL DEPARTURE LAST
                VALUE   (LST)  VALUE       VALUE  FROM      YEAR
                                                  NORMAL
..................................................................
TEMPERATURE (F)
 YESTERDAY
  MAXIMUM         78   1214 PM  91    1970  76      2       84
                                      1959
                                      1949
  MINIMUM         62    506 AM  43    1987  56      6       59
                                      1981
                                      1945
  AVERAGE         70                        66      4       72

PRECIPITATION (IN)
  YESTERDAY        0.27          1.43 1968   0.13   0.14      T
  MONTH TO DATE    5.64                      3.72   1.92     3.15
  SINCE JUN 1      9.29                      7.20   2.09     7.40
  SINCE JAN 1     25.22                     20.62   4.60    18.25

SNOWFALL (IN)
  YESTERDAY        0.0           0.0  2002   0.0    0.0      0.0
                                      2001
  MONTH TO DATE    0.0                       0.0    0.0      0.0
  SINCE JUN 1      0.0                       0.0    0.0      0.0
  SINCE JUL 1      0.0                       0.0    0.0      0.0
  SNOW DEPTH       0

DEGREE DAYS
 HEATING
  YESTERDAY        0                         2     -2        0
  MONTH TO DATE   48                        58    -10       65
  SINCE JUN 1    192                       223    -31      277
  SINCE JUL 1     48                        58    -10       65

 COOLING
  YESTERDAY        5                         3      2        7
  MONTH TO DATE  102                        70     32       43
  SINCE JUN 1    147                       104     43       49
  SINCE JAN 1    155                       109     46       70
..................................................................


WIND (MPH)
  HIGHEST WIND SPEED     9   HIGHEST WIND DIRECTION    SE (150)
  HIGHEST GUST SPEED    12   HIGHEST GUST DIRECTION    NW (320)
  AVERAGE WIND SPEED     1.9


SKY COVER
  POSSIBLE SUNSHINE  MM
  AVERAGE SKY COVER 0.3


WEATHER CONDITIONS
 THE FOLLOWING WEATHER WAS RECORDED YESTERDAY.
  THUNDERSTORM
  HEAVY RAIN
  LIGHT RAIN
  FOG
  FOG W/VISIBILITY <= 1/4 MILE
  HAZE


RELATIVE HUMIDITY (PERCENT)
 HIGHEST   100           900 PM
 LOWEST     68           900 AM
 AVERAGE    84

..........................................................


THE CARIBOU ME CLIMATE NORMALS FOR TODAY
                         NORMAL    RECORD    YEAR
 MAXIMUM TEMPERATURE (F)   76        89      1990
                                             1970
 MINIMUM TEMPERATURE (F)   55        43      1996
                                             1987


SUNRISE AND SUNSET
JULY 29 2016..........SUNRISE   509 AM EDT   SUNSET   807 PM EDT
JULY 30 2016..........SUNRISE   510 AM EDT   SUNSET   806 PM EDT


-  INDICATES NEGATIVE NUMBERS.
R  INDICATES RECORD WAS SET OR TIED.
MM INDICATES DATA IS MISSING.
T  INDICATES TRACE AMOUNT.

-------------------------------------------------------------------------

THE CARIBOU ME 4-INCH UNDER SOD SOIL TEMP FOR JULY 28 2016:

MAXIMUM SOIL TEMPERATURE: 82F
MINIMUM SOIL TEMPERATURE: 72F


$$
