000
CDUS41 KCAR 210527
CLICAR


CLIMATE REPORT
NATIONAL WEATHER SERVICE CARIBOU, ME
126 AM EDT SAT OCT 21 2017


...................................

...THE CARIBOU ME CLIMATE SUMMARY FOR OCTOBER 20 2017...

CLIMATE NORMAL PERIOD 1981 TO 2010
CLIMATE RECORD PERIOD 1939 TO 2017


WEATHER ITEM   OBSERVED TIME   RECORD YEAR NORMAL DEPARTURE LAST
                VALUE   (LST)  VALUE       VALUE  FROM      YEAR
                                                  NORMAL
..................................................................
TEMPERATURE (F)
 YESTERDAY
  MAXIMUM         58    140 PM  74    1963  50      8       57
  MINIMUM         39   1058 PM  18    1972  33      6       34
  AVERAGE         49                        42      7       46

PRECIPITATION (IN)
  YESTERDAY        0.00          1.92 1966   0.11  -0.11     0.02
  MONTH TO DATE    1.66                      2.26  -0.60     1.08
  SINCE SEP 1      4.79                      5.58  -0.79     3.56
  SINCE JAN 1     30.65                     30.32   0.33    34.67

SNOWFALL (IN)
  YESTERDAY        0.0           1.8  1959   0.1   -0.1      0.0
  MONTH TO DATE    0.0                       0.6   -0.6      0.0
  SINCE SEP 1      0.0                       0.7   -0.7      0.0
  SINCE JUL 1      0.0                       0.7   -0.7      0.0
  SNOW DEPTH       0

DEGREE DAYS
 HEATING
  YESTERDAY       16                        23     -7       19
  MONTH TO DATE  273                       393   -120      312
  SINCE SEP 1    419                       706   -287      517
  SINCE JUL 1    543                       860   -317      597

 COOLING
  YESTERDAY        0                         0      0        0
  MONTH TO DATE    0                         0      0        0
  SINCE SEP 1     34                        11     23       22
  SINCE JAN 1    221                       180     41      275
..................................................................


WIND (MPH)
  HIGHEST WIND SPEED    22   HIGHEST WIND DIRECTION    NW (310)
  HIGHEST GUST SPEED    31   HIGHEST GUST DIRECTION    NW (300)
  AVERAGE WIND SPEED     8.4


SKY COVER
  POSSIBLE SUNSHINE  MM
  AVERAGE SKY COVER 0.2


WEATHER CONDITIONS
 THE FOLLOWING WEATHER WAS RECORDED YESTERDAY.
  NO SIGNIFICANT WEATHER WAS OBSERVED.


RELATIVE HUMIDITY (PERCENT)
 HIGHEST    76          1100 PM
 LOWEST     40          1000 AM
 AVERAGE    58

..........................................................


THE CARIBOU ME CLIMATE NORMALS FOR TODAY
                         NORMAL    RECORD    YEAR
 MAXIMUM TEMPERATURE (F)   50        72      1979
 MINIMUM TEMPERATURE (F)   33        15      1972


SUNRISE AND SUNSET
OCTOBER 21 2017.......SUNRISE   659 AM EDT   SUNSET   534 PM EDT
OCTOBER 22 2017.......SUNRISE   700 AM EDT   SUNSET   532 PM EDT


-  INDICATES NEGATIVE NUMBERS.
R  INDICATES RECORD WAS SET OR TIED.
MM INDICATES DATA IS MISSING.
T  INDICATES TRACE AMOUNT.




$$
