870
CDAK48 PAFC 270044 RRA
CLICDB

CLIMATE REPORT
NATIONAL WEATHER SERVICE ANCHORAGE, AK
443 PM AKDT MON SEP 26 2016


...................................

...THE COLD BAY CLIMATE SUMMARY FOR SEPTEMBER 26 2016...
VALID TODAY AS OF 0400 PM LOCAL TIME.

CLIMATE NORMAL PERIOD 1981 TO 2010
CLIMATE RECORD PERIOD 1942 TO 2016


WEATHER ITEM   OBSERVED TIME   RECORD YEAR NORMAL DEPARTURE LAST
                VALUE   (LST)  VALUE       VALUE  FROM      YEAR
                                                  NORMAL
..................................................................
TEMPERATURE (F)
 TODAY
  MAXIMUM         53        MM  59    1977  51      2       MM
  MINIMUM         44        MM  28    2008  41      3       MM
  AVERAGE         49                        46      3       MM

PRECIPITATION (IN)
  TODAY            0.34          0.94 2013   0.17   0.17     0.12
  MONTH TO DATE    3.84                      4.07  -0.23     3.53
  SINCE SEP 1      3.84                      4.07  -0.23     3.53
  SINCE JAN 1     23.13                     26.81  -3.68    21.41

SNOWFALL (IN)
  TODAY            0.0          MM      MM   0.0    0.0     MM
  MONTH TO DATE    0.0                       0.0    0.0      0.0
  SINCE SEP 1      0.0                       0.0    0.0      0.0
  SINCE JUL 1      0.0                       0.0    0.0      0.0
  SNOW DEPTH       0

DEGREE DAYS
 HEATING
  TODAY           16                        19     -3       MM
  MONTH TO DATE  325                       427   -102      311
  SINCE SEP 1    325                       427   -102      311
  SINCE JUL 1    796                      1266   -470     1035

 COOLING
  TODAY            0                         0      0       MM
  MONTH TO DATE    0                         0      0        0
  SINCE SEP 1      0                         0      0        0
  SINCE JAN 1      0                         0      0        0
..................................................................


WIND (MPH)
  RESULTANT WIND SPEED  12   RESULTANT WIND DIRECTION  SW (240)
  HIGHEST WIND SPEED    20   HIGHEST WIND DIRECTION     W (250)
  HIGHEST GUST SPEED    38   HIGHEST GUST DIRECTION     W (290)
  AVERAGE WIND SPEED    14.4



WEATHER CONDITIONS
 THE FOLLOWING WEATHER WAS RECORDED TODAY.
  LIGHT RAIN
  FOG


RELATIVE HUMIDITY (PERCENT)
 HIGHEST    93
 LOWEST     76
 AVERAGE    85

..........................................................


THE COLD BAY CLIMATE NORMALS FOR TOMORROW
                         NORMAL    RECORD    YEAR
 MAXIMUM TEMPERATURE (F)   50        62      2015
 MINIMUM TEMPERATURE (F)   40        30      1954


SUNRISE AND SUNSET
SEPTEMBER 26 2016.....SUNRISE   845 AM AKDT  SUNSET   837 PM AKDT
SEPTEMBER 27 2016.....SUNRISE   847 AM AKDT  SUNSET   835 PM AKDT

CIVIL TWILIGHT
SEPTEMBER 26 2016       START   713 AM AKDT     END   828 PM AKDT
SEPTEMBER 27 2016       START   716 AM AKDT     END   825 PM AKDT



-  INDICATES NEGATIVE NUMBERS.
R  INDICATES RECORD WAS SET OR TIED.
MM INDICATES DATA IS MISSING.
T  INDICATES TRACE AMOUNT.




$$
&&
------------------------------------------------------
AMOUNT OF DAYLIGHT TODAY  (HOUR:MIN)........11:49
GAIN/LOSS SINCE YESTERDAY (HOUR:MIN:SEC)....-0:05:39
