000
CDAK48 PACD 021119
CLICDB

CLIMATE REPORT
NATIONAL WEATHER SERVICE COLD BAY, AK
220 AM AKST MON MAR 2 2015

...................................
...THE COLD BAY AP CLIMATE SUMMARY FOR MARCH 1 2015...

CLIMATE NORMAL PERIOD  1981 TO  2010
CLIMATE RECORD PERIOD  1942 TO  2015

WEATHER ITEM   OBSERVED TIME    RECORD YEAR NORMAL DEPARTURE LAST
               VALUE    (LST)   VALUE       VALUE  FROM      YEAR
                                                   NORMAL
...................................................................
TEMPERATURE
YESTERDAY
 MAXIMUM            46  0818 PM    51  1967     35      11     44
 MINIMUM            35  1213 AM    -3  1956     25      10     39
 AVERAGE            41                          30      11     42

PRECIPITATION
(INCHES)
 YESTERDAY        0.02           2.06  1976   0.10   -0.08   0.00
 MONTH TO DATE    0.02                        0.10   -0.08   0.00
 SINCE MAR 1      0.02                        0.10   -0.08   0.00
 SINCE JAN 1      2.53                        6.24   -3.71   8.45

SNOWFALL
(INCHES)
 YESTERDAY         0.0            2.2  2007    0.4    -0.4    0.0
 MONTH TO DATE     0.0                         0.4    -0.4    0.0
 SINCE MAR 1       0.0                         0.4    -0.4    0.0
 SINCE JUL 1       8.7                        52.6   -43.9   29.1
 SNOW DEPTH (IN)     0                                          0

DEGREE DAYS
 HEATING
  YESTERDAY         24                          35     -11     23
  MONTH TO DATE     24                          35     -11     23
  SINCE MAR 1       24                          35     -11     23
  SINCE JUL 1     5397                        6259    -862   5167

 COOLING
  YESTERDAY          0                           0       0      0
  MONTH TO DATE      0                           0       0      0
  SINCE MAR 1        0                           0       0      0
  SINCE JAN 1        0                           0       0      0
...................................................................

WIND (MPH)
 HIGHEST WIND SPEED    37     HIGHEST WIND DIRECTION    140
 HIGHEST GUST SPEED    45     HIGHEST GUST DIRECTION    140
 AVERAGE WIND SPEED  24.0


WEATHER CONDITIONS
 THE FOLLOWING WEATHER WAS RECORDED YESTERDAY.
  RAIN

...................................................................

THE COLD BAY CLIMATE NORMALS FOR TODAY
                           NORMAL    RECORD   YEAR
 MAXIMUM TEMPERATURE (F)     35        56     1974
 MINIMUM TEMPERATURE (F)     25        -5     1956

SUNRISE AND SUNSET
 MAR 2 2015..........SUNRISE  8:39 AM      SUNSET  7:29 PM
 MAR 3 2015..........SUNRISE  8:37 AM      SUNSET  7:31 PM

-  INDICATES NEGATIVE NUMBERS.
R  INDICATES RECORD HAS BEEN SET OR TIED.
MM INDICATES DATA IS MISSING.
T  INDICATES TRACE OF PRECIPITATION.

&&
-------------------------------------------------------------------

AMOUNT OF DAYLIGHT TODAY  (HOUR:MIN)........10 HOURS 50 MINUTES
GAIN SINCE YESTERDAY (HOUR:MIN:SEC).........+0:04:30

$$

RCS MAR 15
