000
CDAK48 PAFC 240054
CLICDB


CLIMATE REPORT
NATIONAL WEATHER SERVICE ANCHORAGE, AK
454 PM AKDT MON OCT 23 2017


...................................

...THE COLD BAY CLIMATE SUMMARY FOR OCTOBER 23 2017...
VALID TODAY AS OF 0400 PM LOCAL TIME.

CLIMATE NORMAL PERIOD 1981 TO 2010
CLIMATE RECORD PERIOD 1942 TO 2017


WEATHER ITEM   OBSERVED TIME   RECORD YEAR NORMAL DEPARTURE LAST
                VALUE   (LST)  VALUE       VALUE  FROM      YEAR
                                                  NORMAL
..................................................................
TEMPERATURE (F)
 TODAY
  MAXIMUM         39    240 PM  53    2004  44     -5       49
  MINIMUM         21R  1259 AM  24    1967  34    -13       39
  AVERAGE         30                        39     -9       44

PRECIPITATION (IN)
  TODAY            0.01          2.17 1978   0.15  -0.14     0.22
  MONTH TO DATE    2.74                      3.57  -0.83     4.34
  SINCE SEP 1      5.86                      8.30  -2.44    10.15
  SINCE JAN 1     25.42                     31.04  -5.62    29.45

SNOWFALL (IN)
  TODAY            0.1           2.2  1968   0.2   -0.1      0.0
  MONTH TO DATE    2.1                       1.3    0.8      1.5
  SINCE SEP 1      2.1                       1.3    0.8      1.5
  SINCE JUL 1      2.1                       1.3    0.8      1.5
  SNOW DEPTH       0

DEGREE DAYS
 HEATING
  TODAY           35                        26      9       21
  MONTH TO DATE  514                       543    -29      435
  SINCE SEP 1   1015                      1050    -35      843
  SINCE JUL 1   1766                      1889   -123     1314

 COOLING
  TODAY            0                         0      0        0
  MONTH TO DATE    0                         0      0        0
  SINCE SEP 1      0                         0      0        0
  SINCE JAN 1      0                         0      0        0
..................................................................


WIND (MPH)
  RESULTANT WIND SPEED   7   RESULTANT WIND DIRECTION  SW (210)
  HIGHEST WIND SPEED    16   HIGHEST WIND DIRECTION     W (250)
  HIGHEST GUST SPEED    20   HIGHEST GUST DIRECTION     W (260)
  AVERAGE WIND SPEED     8.0



WEATHER CONDITIONS
 THE FOLLOWING WEATHER WAS RECORDED TODAY.
  LIGHT SNOW
  FOG


RELATIVE HUMIDITY (PERCENT)
 HIGHEST   100
 LOWEST     48
 AVERAGE    74

..........................................................


THE COLD BAY CLIMATE NORMALS FOR TOMORROW
                         NORMAL    RECORD    YEAR
 MAXIMUM TEMPERATURE (F)   43        52      2016
                                             1980
 MINIMUM TEMPERATURE (F)   34        21      1999


SUNRISE AND SUNSET
OCTOBER 23 2017.......SUNRISE   938 AM AKDT  SUNSET   731 PM AKDT
OCTOBER 24 2017.......SUNRISE   940 AM AKDT  SUNSET   729 PM AKDT


-  INDICATES NEGATIVE NUMBERS.
R  INDICATES RECORD WAS SET OR TIED.
MM INDICATES DATA IS MISSING.
T  INDICATES TRACE AMOUNT.




$$
