000
CDAK48 PACD 020000
CLICDB

CLIMATE REPORT
NATIONAL WEATHER SERVICE COLD BAY, AK
300 PM AKST SUN FEB 1 2015

...................................
...THE COLD BAY AP CLIMATE SUMMARY FOR FEBRUARY 1 2015...
VALID TODAY AS OF 2:00 PM LOCAL TIME

CLIMATE NORMAL PERIOD  1981 TO  2010
CLIMATE RECORD PERIOD  1942 TO  2013

WEATHER ITEM   OBSERVED TIME    RECORD YEAR NORMAL DEPARTURE LAST
               VALUE    (LST)   VALUE       VALUE  FROM      YEAR
                                                   NORMAL
...................................................................
TEMPERATURE
TODAY
 MAXIMUM            46R 1238 PM    46  2015     33      13     38
 MINIMUM            31  1011 AM    -4  1954     24       7     29
 AVERAGE            39                          28      11     34

PRECIPITATION
(INCHES)
 TODAY               T           0.70  2000   0.11   -0.11   0.02
 MONTH TO DATE       T                        0.11   -0.11   0.02
 SINCE DEC 1      4.33                        7.73   -3.40   8.66
 SINCE JAN 1      1.41                        3.27   -1.86   4.35

SNOWFALL
(INCHES)
 TODAY             0.0            8.9  2006    0.5    -0.5    0.2
 MONTH TO DATE     0.0                         0.5    -0.5    0.2
 SINCE DEC 1       3.8                        27.2   -23.4   12.5
 SINCE JUL 1       7.7                        39.8   -32.1   16.1
 SNOW DEPTH (IN)     0                                          1

DEGREE DAYS
 HEATING
  TODAY             26                          37     -11     31
  MONTH TO DATE     26                          37     -11     31
  SINCE DEC 1     2037                        2227    -190   1704
  SINCE JUL 1     4549                        5253    -704   4220

 COOLING
  TODAY              0                           0       0      0
  MONTH TO DATE      0                           0       0      0
  SINCE DEC 1        0                           0       0      0
  SINCE JAN 1        0                           0       0      0
...................................................................

WIND (MPH)
 HIGHEST WIND SPEED    23     HIGHEST WIND DIRECTION     90
 HIGHEST GUST SPEED    30     HIGHEST GUST DIRECTION     90
 AVERAGE WIND SPEED    MM

SKY COVER
  POSSIBLE SUNSHINE  MM            AVERAGE SKY COVER MM

WEATHER CONDITIONS
 THE FOLLOWING WEATHER WAS RECORDED TODAY.
 RAIN


RELATIVE HUMIDITY
 HIGHEST RH     MM PERCENT       MM
 LOWEST  RH     MM PERCENT       MM
 AVERAGE RH     MM PERCENT       MM
...................................................................

THE COLD BAY CLIMATE NORMALS FOR TOMORROW
                        NORMAL    RECORD   YEAR
 MAXIMUM TEMPERATURE      33        45     1996
 MINIMUM TEMPERATURE      24        -4     2006

SUNRISE AND SUNSET
 FEB 1 2015..........SUNRISE  9:43 AM      SUNSET  6:28 PM
 FEB 2 2015..........SUNRISE  9:41 AM      SUNSET  6:30 PM

-  INDICATES NEGATIVE NUMBERS.
R  INDICATES RECORD HAS BEEN SET OR TIED.
MM INDICATES DATA IS MISSING.
T  INDICATES TRACE OF PRECIPITATION.

&&
-------------------------------------------------------------------

AMOUNT OF DAYLIGHT TODAY  (HOUR:MIN)........8 HOURS 45 MINUTES
GAIN SINCE YESTERDAY (HOUR:MIN:SEC).........+0:03:55

$$

DT FEB 15
