000
CDAK48 PACD 231135
CLICDB

CLIMATE REPORT
NATIONAL WEATHER SERVICE COLD BAY, AK
235 AM AKST SUN NOV 23 2014

...................................
...THE COLD BAY AP CLIMATE SUMMARY FOR NOVEMBER 22 2014...

CLIMATE NORMAL PERIOD  1981 TO  2010
CLIMATE RECORD PERIOD  1942 TO  2014

WEATHER ITEM   OBSERVED TIME    RECORD YEAR NORMAL DEPARTURE LAST
               VALUE    (LST)   VALUE       VALUE  FROM      YEAR
                                                   NORMAL
...................................................................
TEMPERATURE
YESTERDAY
 MAXIMUM            44  0133 PM    54  1946     38       6     33
 MINIMUM            34  0825 AM    15  1986     29       5     21
 AVERAGE            39                          34       5     27

PRECIPITATION
(INCHES)
 YESTERDAY        0.02           1.54  2010   0.18   -0.16   0.17
 MONTH TO DATE    4.15                        3.59    0.56   3.93
 SINCE SEP 1     11.70                       13.08   -1.38  14.63
 SINCE JAN 1     30.11                       35.82   -5.71  41.55

SNOWFALL
(INCHES)
 YESTERDAY         0.0            3.5  1998    0.4    -0.4    2.6
 MONTH TO DATE     1.5                         6.9    -5.4    3.0
 SINCE SEP 1       3.9                         9.3    -5.4    3.0
 SINCE JUL 1       3.9                         9.3    -5.4    3.0
 SNOW DEPTH (IN)     0                                          T

DEGREE DAYS
 HEATING
  YESTERDAY         26                          31      -5     38
  MONTH TO DATE    569                         658     -89    540
  SINCE SEP 1     1753                        1927    -174   1579
  SINCE JUL 1     2295                        2771    -476   2250

 COOLING
  YESTERDAY          0                           0       0      0
  MONTH TO DATE      0                           0       0      0
  SINCE SEP 1        0                           0       0      0
  SINCE JAN 1        0                           0       0      0
...................................................................

WIND (MPH)
 HIGHEST WIND SPEED    14     HIGHEST WIND DIRECTION    340
 HIGHEST GUST SPEED    17     HIGHEST GUST DIRECTION    350
 AVERAGE WIND SPEED   9.2


WEATHER CONDITIONS
 THE FOLLOWING WEATHER WAS RECORDED YESTERDAY.
  FOG
  RAIN

...................................................................

THE COLD BAY CLIMATE NORMALS FOR TODAY
                           NORMAL    RECORD   YEAR
 MAXIMUM TEMPERATURE (F)     38        54     1981
 MINIMUM TEMPERATURE (F)     29        13     1998

SUNRISE AND SUNSET
 NOV 23 2014..........SUNRISE  9:40 AM      SUNSET  5:35 PM
 NOV 24 2014..........SUNRISE  9:42 AM      SUNSET  5:34 PM

-  INDICATES NEGATIVE NUMBERS.
R  INDICATES RECORD HAS BEEN SET OR TIED.
MM INDICATES DATA IS MISSING.
T  INDICATES TRACE OF PRECIPITATION.

&&
-------------------------------------------------------------------

AMOUNT OF DAYLIGHT TODAY  (HOUR:MIN)........7 HOURS 55 MINUTES
LOSS SINCE YESTERDAY (HOUR:MIN:SEC).........-0:03:08

$$

RCS NOV 14
