000
CDAK48 PAFC 240056
CLICDB


CLIMATE REPORT
NATIONAL WEATHER SERVICE ANCHORAGE, AK
355 PM AKST TUE JAN 23 2018


...................................

...THE COLD BAY CLIMATE SUMMARY FOR JANUARY 23 2018...
VALID TODAY AS OF 0300 PM LOCAL TIME.

CLIMATE NORMAL PERIOD 1981 TO 2010
CLIMATE RECORD PERIOD 1942 TO 2018


WEATHER ITEM   OBSERVED TIME   RECORD YEAR NORMAL DEPARTURE LAST
                VALUE   (LST)  VALUE       VALUE  FROM      YEAR
                                                  NORMAL
..................................................................
TEMPERATURE (F)
 TODAY
  MAXIMUM         33        MM  45    1963  33      0       38
  MINIMUM         23   1200 AM  -1    1956  23      0       32
  AVERAGE         28                        28      0       35

PRECIPITATION (IN)
  TODAY            0.12          1.85 1963   0.10   0.02     0.63
  MONTH TO DATE    2.85                      2.36   0.49     3.22
  SINCE SEP 1     20.41                     21.29  -0.88    25.59
  SINCE JAN 1      2.85                      2.36   0.49     3.22

SNOWFALL (IN)
  TODAY            1.2           2.2  1965   0.5    0.7      0.5
  MONTH TO DATE    8.7                      10.6   -1.9      7.0
  SINCE SEP 1     31.7                      35.8   -4.1     23.8
  SINCE JUL 1     31.7                      35.8   -4.1     23.8
  SNOW DEPTH       3

DEGREE DAYS
 HEATING
  TODAY           37                        37      0       30
  MONTH TO DATE  736                       843   -107      907
  SINCE DEC 1   1706                      1894   -188     1887
  SINCE JUL 1   4429                      4914   -485     4237

 COOLING
  TODAY            0                         0      0        0
  MONTH TO DATE    0                         0      0        0
  SINCE DEC 1      0                         0      0        0
  SINCE JAN 1      0                         0      0        0
..................................................................


WIND (MPH)
  RESULTANT WIND SPEED  22   RESULTANT WIND DIRECTION   N (350)
  HIGHEST WIND SPEED    38   HIGHEST WIND DIRECTION     N (350)
  HIGHEST GUST SPEED    44   HIGHEST GUST DIRECTION     N (350)
  AVERAGE WIND SPEED    22.9



WEATHER CONDITIONS
 THE FOLLOWING WEATHER WAS RECORDED TODAY.
  HEAVY SNOW
  LIGHT SNOW
  FOG
  FOG W/VISIBILITY <= 1/4 MILE


RELATIVE HUMIDITY (PERCENT)
 HIGHEST   100
 LOWEST     68
 AVERAGE    84

..........................................................


THE COLD BAY CLIMATE NORMALS FOR TOMORROW
                         NORMAL    RECORD    YEAR
 MAXIMUM TEMPERATURE (F)   33        46      2008
 MINIMUM TEMPERATURE (F)   23        -5      1956


SUNRISE AND SUNSET
JANUARY 23 2018.......SUNRISE   957 AM AKST  SUNSET   609 PM AKST
JANUARY 24 2018.......SUNRISE   955 AM AKST  SUNSET   611 PM AKST


-  INDICATES NEGATIVE NUMBERS.
R  INDICATES RECORD WAS SET OR TIED.
MM INDICATES DATA IS MISSING.
T  INDICATES TRACE AMOUNT.




$$
