220
CDAK48 PACD 221224
CLICDB

CLIMATE REPORT
NATIONAL WEATHER SERVICE COLD BAY, AK
424 AM AKDT FRI MAY 22 2015

...................................
...THE COLD BAY AP CLIMATE SUMMARY FOR MAY 21 2015...

CLIMATE NORMAL PERIOD  1981 TO  2010
CLIMATE RECORD PERIOD  1942 TO  2015

WEATHER ITEM   OBSERVED TIME    RECORD YEAR NORMAL DEPARTURE LAST
               VALUE    (LST)   VALUE       VALUE  FROM      YEAR
                                                   NORMAL
...................................................................
TEMPERATURE
YESTERDAY
 MAXIMUM            46  0250 PM    62  1992     47      -1     45
 MINIMUM            39  0350 AM    24  1973     36       3     40
 AVERAGE            43                          41       2     43

PRECIPITATION
(INCHES)
 YESTERDAY        0.02           0.88  1978   0.09   -0.07   0.02
 MONTH TO DATE    2.85                        1.67    1.18   0.13
 SINCE MAR 1      7.96                        6.79    1.17   3.39
 SINCE JAN 1     10.47                       12.93   -2.46  11.84

SNOWFALL
(INCHES)
 YESTERDAY         0.0            1.2  1970    0.0     0.0    0.0
 MONTH TO DATE       T                         1.2    -1.2      T
 SINCE MAR 1      13.6                        20.8    -7.2    8.2
 SINCE JUL 1      22.3                        73.0   -50.7   37.3
 SNOW DEPTH (IN)     0                                          0

DEGREE DAYS
 HEATING
  YESTERDAY         22                          24      -2     22
  MONTH TO DATE    476                         538     -62    437
  SINCE MAR 1     2324                        2547    -223   2174
  SINCE JUL 1     7697                        8771   -1074   7318

 COOLING
  YESTERDAY          0                           0       0      0
  MONTH TO DATE      0                           0       0      0
  SINCE MAR 1        0                           0       0      0
  SINCE JAN 1        0                           0       0      0
...................................................................

WIND (MPH)
 HIGHEST WIND SPEED    16     HIGHEST WIND DIRECTION    150
 HIGHEST GUST SPEED    19     HIGHEST GUST DIRECTION    150
 AVERAGE WIND SPEED   5.8

WEATHER CONDITIONS
 THE FOLLOWING WEATHER WAS RECORDED YESTERDAY.
  RAIN

...................................................................

THE COLD BAY CLIMATE NORMALS FOR TODAY
                           NORMAL    RECORD   YEAR
 MAXIMUM TEMPERATURE (F)     47        58     2003
 MINIMUM TEMPERATURE (F)     36        18     1973

SUNRISE AND SUNSET
 MAY 22 2015..........SUNRISE  6:31 AM      SUNSET 11:06 PM
 MAY 23 2015..........SUNRISE  6:30 AM      SUNSET 11:08 PM

-  INDICATES NEGATIVE NUMBERS.
R  INDICATES RECORD HAS BEEN SET OR TIED.
MM INDICATES DATA IS MISSING.
T  INDICATES TRACE OF PRECIPITATION.

&&
-------------------------------------------------------------------

AMOUNT OF DAYLIGHT TODAY  (HOUR:MIN)........16 HOURS 35 MINUTES
GAIN SINCE YESTERDAY (HOUR:MIN:SEC).........+0:03:09

$$
DK MAY 15
