000
CDAK48 PACD 291206
CLICDB

CLIMATE REPORT
NATIONAL WEATHER SERVICE COLD BAY, AK
406 AM AKDT MON AUG 29 2016

...................................
...THE COLD BAY AP CLIMATE SUMMARY FOR AUGUST 28 2016...

CLIMATE NORMAL PERIOD  1981 TO  2010
CLIMATE RECORD PERIOD  1955 TO  2016

WEATHER ITEM   OBSERVED TIME    RECORD YEAR NORMAL DEPARTURE LAST
               VALUE    (LST)   VALUE       VALUE  FROM      YEAR
                                                   NORMAL
...................................................................
TEMPERATURE
YESTERDAY
 MAXIMUM           R64  0531 PM    64  2016     56       8     56
 MINIMUM            52  0643 AM    32  1999     47       5     50
 AVERAGE            58                          52       6     53

PRECIPITATION
(INCHES)
 YESTERDAY        0.00           1.62  2000   0.13   -0.13   0.04
 MONTH TO DATE    3.14                        3.27   -0.13   1.22
 SINCE JUN 1      6.89                        8.47   -1.58   4.80
 SINCE JAN 1     19.31                       22.33   -3.02  17.65

SNOWFALL
(INCHES)
 YESTERDAY         0.0            0.0  2016    0.0     0.0    0.0
 MONTH TO DATE     0.0                         0.0     0.0    0.0
 SINCE JUN 1       0.0                         0.0     0.0    0.0
 SINCE JUL 1       0.0                         0.0     0.0    0.0
 SNOW DEPTH (IN)     0                                          0

DEGREE DAYS
 HEATING
  YESTERDAY          7                          13      -6     12
  MONTH TO DATE    236                         364    -128    334
  SINCE JUN 1     1014                        1364    -350   1194
  SINCE JUL 1      547                         802    -255    734

 COOLING
  YESTERDAY          0                           0       0      0
  MONTH TO DATE      0                           0       0      0
  SINCE JUN 1        0                           0       0      0
  SINCE JAN 1        0                           0       0      0
...................................................................

WIND (MPH)
 HIGHEST WIND SPEED    16     HIGHEST WIND DIRECTION    300
 HIGHEST GUST SPEED    20     HIGHEST GUST DIRECTION    310
 AVERAGE WIND SPEED   9.1

WEATHER CONDITIONS
 THE FOLLOWING WEATHER WAS RECORDED YESTERDAY.
  FOG
...................................................................

THE COLD BAY CLIMATE NORMALS FOR TODAY
                           NORMAL    RECORD   YEAR
 MAXIMUM TEMPERATURE (F)     56        67     1997
 MINIMUM TEMPERATURE (F)     47        36     1970

SUNRISE AND SUNSET
 AUG 29 2016..........SUNRISE  7:53 AM      SUNSET  9:50 PM
 AUG 30 2016..........SUNRISE  7:55 AM      SUNSET  9:47 PM

-  INDICATES NEGATIVE NUMBERS.
R  INDICATES RECORD HAS BEEN SET OR TIED.
MM INDICATES DATA IS MISSING.
T  INDICATES TRACE OF PRECIPITATION.

&&
-------------------------------------------------------------------

AMOUNT OF DAYLIGHT TODAY  (HOUR:MIN)........13 HOURS 57 MINUTES
LOSS SINCE YESTERDAY  (HOUR:MIN:SEC)........-0:04:22

$$
DAB AUG 16
