000
CDAK48 PACD 241211
CLICDB

CLIMATE REPORT
NATIONAL WEATHER SERVICE COLD BAY, AK
411 AM AKDT FRI OCT 24 2014

...................................
...THE COLD BAY AP CLIMATE SUMMARY FOR OCTOBER 23 2014...

CLIMATE NORMAL PERIOD  1981 TO  2010
CLIMATE RECORD PERIOD  1942 TO  2014

WEATHER ITEM   OBSERVED TIME    RECORD YEAR NORMAL DEPARTURE LAST
               VALUE    (LST)   VALUE       VALUE  FROM      YEAR
                                                   NORMAL
...................................................................
TEMPERATURE
YESTERDAY
 MAXIMUM            47  0351 PM    53  2004     44       3     49
 MINIMUM            37  0713 AM    24  1967     34       3     40
 AVERAGE            42                          39       3     45

PRECIPITATION
(INCHES)
 YESTERDAY        0.02           2.17  1978   0.15   -0.13   0.19
 MONTH TO DATE    1.12                        3.57   -2.45   4.08
 SINCE SEP 1      6.59                        8.30   -1.71   8.99
 SINCE JAN 1     25.00                       31.04   -6.04  35.91

SNOWFALL
(INCHES)
 YESTERDAY         0.0            2.2  1968    0.2    -0.2    0.0
 MONTH TO DATE     2.4                         1.3     1.1    0.0
 SINCE SEP 1       2.4                         1.3     1.1    0.0
 SINCE JUL 1       2.4                         1.3     1.1    0.0
 SNOW DEPTH (IN)     0                                          0

DEGREE DAYS
 HEATING
  YESTERDAY         23                          26      -3     20
  MONTH TO DATE    567                         543      24    417
  SINCE SEP 1      987                        1050     -63    875
  SINCE JUL 1     1529                        1894    -365   1546

 COOLING
  YESTERDAY          0                           0       0      0
  MONTH TO DATE      0                           0       0      0
  SINCE SEP 1        0                           0       0      0
  SINCE JAN 1        0                           0       0      0
...................................................................

WIND (MPH)
 HIGHEST WIND SPEED    24     HIGHEST WIND DIRECTION    310
 HIGHEST GUST SPEED    30     HIGHEST GUST DIRECTION    250
 AVERAGE WIND SPEED  16.8

WEATHER CONDITIONS
 THE FOLLOWING WEATHER WAS RECORDED YESTERDAY.
 FOG
 RAIN
...................................................................

THE COLD BAY CLIMATE NORMALS FOR TODAY
                           NORMAL    RECORD   YEAR
 MAXIMUM TEMPERATURE (F)     43        52     1980
 MINIMUM TEMPERATURE (F)     34        21     1999

SUNRISE AND SUNSET
 OCT 24 2014..........SUNRISE  9:40 AM      SUNSET  7:30 PM
 OCT 25 2014..........SUNRISE  9:42 AM      SUNSET  7:28 PM

-  INDICATES NEGATIVE NUMBERS.
R  INDICATES RECORD HAS BEEN SET OR TIED.
MM INDICATES DATA IS MISSING.
T  INDICATES TRACE OF PRECIPITATION.

&&
-------------------------------------------------------------------

AMOUNT OF DAYLIGHT TODAY  (HOUR:MIN)........9 HOURS 50 MINUTES
LOSS SINCE YESTERDAY (HOUR:MIN:SEC)....-0:04:19

$$
STACY
