000
CDUS45 KSLC 251237
CLICDC


CLIMATE REPORT
NATIONAL WEATHER SERVICE SALT LAKE CITY UT
636 AM MDT TUE JUL 25 2017


...................................

...THE CEDAR CITY UT CLIMATE SUMMARY FOR JULY 24 2017...

CLIMATE NORMAL PERIOD 1981 TO 2010
CLIMATE RECORD PERIOD 1928 TO 2017


WEATHER ITEM   OBSERVED TIME   RECORD YEAR NORMAL DEPARTURE LAST
                VALUE   (LST)  VALUE       VALUE  FROM      YEAR
                                                  NORMAL
..................................................................
TEMPERATURE (F)
 YESTERDAY
  MAXIMUM         91   1247 PM  98    1975  90      1       96
  MINIMUM         63   1159 PM  49    1979  57      6       61
  AVERAGE         77                        74      3       79

PRECIPITATION (IN)
  YESTERDAY        0.15          1.09 2013   0.03   0.12     0.04
  MONTH TO DATE    0.43                      0.57  -0.14     0.69
  SINCE OCT 1      8.68                      9.25  -0.57     8.92
  SINCE JAN 1      5.85                      6.14  -0.29     5.36

DEGREE DAYS
 HEATING
  YESTERDAY        0                         0      0        0
  MONTH TO DATE    0                         0      0        0
  SINCE JUN 1     23                        76    -53        4
  SINCE JUL 1      0                         0      0        0

 COOLING
  YESTERDAY       12                         9      3       14
  MONTH TO DATE  288                       192     96      229
  SINCE JUN 1    483                       285    198      465
  SINCE JAN 1    488                       293    195      468
..................................................................


WIND (MPH)
  RESULTANT WIND SPEED   4   RESULTANT WIND DIRECTION   S (190)
  HIGHEST WIND SPEED    28   HIGHEST WIND DIRECTION    SE (130)
  HIGHEST GUST SPEED    36   HIGHEST GUST DIRECTION    SE (130)
  AVERAGE WIND SPEED     7.5



WEATHER CONDITIONS
 THE FOLLOWING WEATHER WAS RECORDED YESTERDAY.
  THUNDERSTORM
  RAIN
  LIGHT RAIN
  FOG


RELATIVE HUMIDITY (PERCENT)
 HIGHEST    87           900 PM
 LOWEST     23          1200 PM
 AVERAGE    55

..........................................................


THE CEDAR CITY UT CLIMATE NORMALS FOR TODAY
                         NORMAL    RECORD    YEAR
 MAXIMUM TEMPERATURE (F)   90       103      1980
 MINIMUM TEMPERATURE (F)   57        48      2015


SUNRISE AND SUNSET
JULY 25 2017..........SUNRISE   631 AM MDT   SUNSET   847 PM MDT
JULY 26 2017..........SUNRISE   631 AM MDT   SUNSET   846 PM MDT


-  INDICATES NEGATIVE NUMBERS.
R  INDICATES RECORD WAS SET OR TIED.
MM INDICATES DATA IS MISSING.
T  INDICATES TRACE AMOUNT.




$$
