000
CDUS45 KSLC 300027
CLICDC


CLIMATE REPORT
NATIONAL WEATHER SERVICE SALT LAKE CITY UT
627 PM MDT TUE JUL 29 2014


...................................

...THE CEDAR CITY UT CLIMATE SUMMARY FOR JULY 29 2014...
VALID TODAY AS OF 0500 PM LOCAL TIME.

CLIMATE NORMAL PERIOD 1981 TO 2010
CLIMATE RECORD PERIOD 1928 TO 2014


WEATHER ITEM   OBSERVED TIME   RECORD YEAR NORMAL DEPARTURE LAST
                VALUE   (LST)  VALUE       VALUE  FROM      YEAR
                                                  NORMAL
..................................................................
TEMPERATURE (F)
 TODAY
  MAXIMUM         82   1052 AM  99    2000  90     -8       84
  MINIMUM         61    447 AM  46    1948  57      4       53
  AVERAGE         72                        74     -2       69

PRECIPITATION (IN)
  TODAY            0.07          0.68 1985   0.04   0.03     0.00
  MONTH TO DATE    0.26                      0.76  -0.50     5.25
  SINCE OCT 1      5.63                      9.44  -3.81    12.03
  SINCE JAN 1      3.69                      6.33  -2.64     9.32

DEGREE DAYS
 HEATING
  TODAY            0                         0      0        0
  MONTH TO DATE    0                         0      0        0
  SINCE JUN 1     27                        76    -49       11
  SINCE JUL 1      0                         0      0        0

 COOLING
  TODAY            7                         9     -2        4
  MONTH TO DATE  282                       237     45      288
  SINCE JUN 1    382                       330     52      439
  SINCE JAN 1    407                       338     69      441
..................................................................


WIND (MPH)
  RESULTANT WIND SPEED   5   RESULTANT WIND DIRECTION   S (170)
  HIGHEST WIND SPEED    26   HIGHEST WIND DIRECTION     W (280)
  HIGHEST GUST SPEED    32   HIGHEST GUST DIRECTION     W (290)
  AVERAGE WIND SPEED     6.3



WEATHER CONDITIONS
 THE FOLLOWING WEATHER WAS RECORDED TODAY.
  THUNDERSTORM
  RAIN
  LIGHT RAIN
  FOG


RELATIVE HUMIDITY (PERCENT)
 HIGHEST    73          1200 AM
 LOWEST     36          1100 AM
 AVERAGE    55

..........................................................


THE CEDAR CITY UT CLIMATE NORMALS FOR TOMORROW
                         NORMAL    RECORD    YEAR
 MAXIMUM TEMPERATURE (F)   90        98      2002
 MINIMUM TEMPERATURE (F)   57        47      1950


SUNRISE AND SUNSET
JULY 29 2014..........SUNRISE   634 AM MDT   SUNSET   844 PM MDT
JULY 30 2014..........SUNRISE   634 AM MDT   SUNSET   843 PM MDT


-  INDICATES NEGATIVE NUMBERS.
R  INDICATES RECORD WAS SET OR TIED.
MM INDICATES DATA IS MISSING.
T  INDICATES TRACE AMOUNT.




$$
