000
CDUS45 KSLC 241229
CLICDC


CLIMATE REPORT
NATIONAL WEATHER SERVICE SALT LAKE CITY UT
629 AM MDT WED AUG 24 2016


...................................

...THE CEDAR CITY UT CLIMATE SUMMARY FOR AUGUST 23 2016...

CLIMATE NORMAL PERIOD 1981 TO 2010
CLIMATE RECORD PERIOD 1928 TO 2016


WEATHER ITEM   OBSERVED TIME   RECORD YEAR NORMAL DEPARTURE LAST
                VALUE   (LST)  VALUE       VALUE  FROM      YEAR
                                                  NORMAL
..................................................................
TEMPERATURE (F)
 YESTERDAY
  MAXIMUM         83    309 PM  95    2011  86     -3       90
  MINIMUM         54    439 AM  36    1968  54      0       54
  AVERAGE         69                        70     -1       72

PRECIPITATION (IN)
  YESTERDAY        T             0.79 1961   0.03  -0.03     0.00
  MONTH TO DATE    1.06                      0.88   0.18     0.73
  SINCE OCT 1     10.39                     10.40  -0.01    10.79
  SINCE JAN 1      6.83                      7.29  -0.46     8.66

DEGREE DAYS
 HEATING
  YESTERDAY        0                         0      0        0
  MONTH TO DATE    0                         0      0        0
  SINCE JUN 1      4                        79    -75       26
  SINCE JUL 1      0                         3     -3        1

 COOLING
  YESTERDAY        4                         5     -1        7
  MONTH TO DATE  196                       160     36      171
  SINCE JUN 1    764                       505    259      563
  SINCE JAN 1    767                       513    254      565
..................................................................


WIND (MPH)
  RESULTANT WIND SPEED   6   RESULTANT WIND DIRECTION  SW (210)
  HIGHEST WIND SPEED    23   HIGHEST WIND DIRECTION    NE (40)
  HIGHEST GUST SPEED    28   HIGHEST GUST DIRECTION    NE (40)
  AVERAGE WIND SPEED     8.7



WEATHER CONDITIONS
 THE FOLLOWING WEATHER WAS RECORDED YESTERDAY.
  THUNDERSTORM


RELATIVE HUMIDITY (PERCENT)
 HIGHEST    83           300 AM
 LOWEST     24           400 PM
 AVERAGE    54

..........................................................


THE CEDAR CITY UT CLIMATE NORMALS FOR TODAY
                         NORMAL    RECORD    YEAR
 MAXIMUM TEMPERATURE (F)   86        97      2011
 MINIMUM TEMPERATURE (F)   53        41      1968


SUNRISE AND SUNSET
AUGUST 24 2016........SUNRISE   656 AM MDT   SUNSET   812 PM MDT
AUGUST 25 2016........SUNRISE   657 AM MDT   SUNSET   811 PM MDT


-  INDICATES NEGATIVE NUMBERS.
R  INDICATES RECORD WAS SET OR TIED.
MM INDICATES DATA IS MISSING.
T  INDICATES TRACE AMOUNT.




$$
