000
CDUS45 KSLC 250031
CLICDC


CLIMATE REPORT
NATIONAL WEATHER SERVICE SALT LAKE CITY UT
631 PM MDT SAT SEP 24 2016


...................................

...THE CEDAR CITY UT CLIMATE SUMMARY FOR SEPTEMBER 24 2016...
VALID TODAY AS OF 0500 PM LOCAL TIME.

CLIMATE NORMAL PERIOD 1981 TO 2010
CLIMATE RECORD PERIOD 1928 TO 2016


WEATHER ITEM   OBSERVED TIME   RECORD YEAR NORMAL DEPARTURE LAST
                VALUE   (LST)  VALUE       VALUE  FROM      YEAR
                                                  NORMAL
..................................................................
TEMPERATURE (F)
 TODAY
  MAXIMUM         67    231 PM  88    2015  75     -8       88
                                      2001
  MINIMUM         35    659 AM  27    2006  41     -6       47
  AVERAGE         51                        58     -7       68

PRECIPITATION (IN)
  TODAY            0.00          2.09 1967   0.02  -0.02     0.00
  MONTH TO DATE    0.63                      0.51   0.12     0.88
  SINCE OCT 1     11.43                     11.16   0.27    11.92
  SINCE JAN 1      7.87                      8.05  -0.18     9.79

DEGREE DAYS
 HEATING
  TODAY           14                         7      7        0
  MONTH TO DATE   76                        85     -9       28
  SINCE SEP 1     76                        85     -9       28
  SINCE JUL 1     80                        94    -14       29

 COOLING
  TODAY            0                         0      0        3
  MONTH TO DATE   31                        36     -5       64
  SINCE SEP 1     31                        36     -5       64
  SINCE JAN 1    824                       585    239      687
..................................................................


WIND (MPH)
  RESULTANT WIND SPEED   4   RESULTANT WIND DIRECTION  NE (30)
  HIGHEST WIND SPEED    20   HIGHEST WIND DIRECTION     N (360)
  HIGHEST GUST SPEED    26   HIGHEST GUST DIRECTION     N (10)
  AVERAGE WIND SPEED     6.8



WEATHER CONDITIONS
 THE FOLLOWING WEATHER WAS RECORDED TODAY.
  NO SIGNIFICANT WEATHER WAS OBSERVED.


RELATIVE HUMIDITY (PERCENT)
 HIGHEST    89           700 AM
 LOWEST     28           300 PM
 AVERAGE    59

..........................................................


THE CEDAR CITY UT CLIMATE NORMALS FOR TOMORROW
                         NORMAL    RECORD    YEAR
 MAXIMUM TEMPERATURE (F)   75        87      2015
                                             2010
 MINIMUM TEMPERATURE (F)   41        26      1958


SUNRISE AND SUNSET
SEPTEMBER 24 2016.....SUNRISE   722 AM MDT   SUNSET   725 PM MDT
SEPTEMBER 25 2016.....SUNRISE   723 AM MDT   SUNSET   724 PM MDT


-  INDICATES NEGATIVE NUMBERS.
R  INDICATES RECORD WAS SET OR TIED.
MM INDICATES DATA IS MISSING.
T  INDICATES TRACE AMOUNT.




$$
