000
CDUS45 KSLC 121236
CLICDC


CLIMATE REPORT
NATIONAL WEATHER SERVICE SALT LAKE CITY UT
535 AM MST FRI FEB 12 2016


...................................

...THE CEDAR CITY UT CLIMATE SUMMARY FOR FEBRUARY 11 2016...

CLIMATE NORMAL PERIOD 1981 TO 2010
CLIMATE RECORD PERIOD 1928 TO 2016


WEATHER ITEM   OBSERVED TIME   RECORD YEAR NORMAL DEPARTURE LAST
                VALUE   (LST)  VALUE       VALUE  FROM      YEAR
                                                  NORMAL
..................................................................
TEMPERATURE (F)
 YESTERDAY
  MAXIMUM         43    430 PM  60    1970  45     -2       56
  MINIMUM         13    330 AM  -5    1999  20     -7       21
  AVERAGE         28                        32     -4       39

PRECIPITATION (IN)
  YESTERDAY        0.00          0.52 1963   0.03  -0.03     0.00
  MONTH TO DATE    0.33                      0.35  -0.02     0.00
  SINCE OCT 1      4.99                      4.32   0.67     2.66
  SINCE JAN 1      1.43                      1.21   0.22     0.53

DEGREE DAYS
 HEATING
  YESTERDAY       37                        33      4       26
  MONTH TO DATE  496                       369    127      214
  SINCE DEC 1   2748                      2602    146     2162
  SINCE JUL 1   3980                      4044    -64     3353

 COOLING
  YESTERDAY        0                         0      0        0
  MONTH TO DATE    0                         0      0        0
  SINCE DEC 1      0                         0      0        0
  SINCE JAN 1      0                         0      0        0
..................................................................


WIND (MPH)
  RESULTANT WIND SPEED   2   RESULTANT WIND DIRECTION  NE (40)
  HIGHEST WIND SPEED     9   HIGHEST WIND DIRECTION     S (180)
  HIGHEST GUST SPEED     9   HIGHEST GUST DIRECTION     S (190)
  AVERAGE WIND SPEED     2.0



WEATHER CONDITIONS
 THE FOLLOWING WEATHER WAS RECORDED YESTERDAY.
  FOG


RELATIVE HUMIDITY (PERCENT)
 HIGHEST    92           300 AM
 LOWEST     55           200 PM
 AVERAGE    74

..........................................................


THE CEDAR CITY UT CLIMATE NORMALS FOR TODAY
                         NORMAL    RECORD    YEAR
 MAXIMUM TEMPERATURE (F)   45        61      2015
                                             2014
                                             1996
 MINIMUM TEMPERATURE (F)   20        -7      1965


SUNRISE AND SUNSET
FEBRUARY 12 2016......SUNRISE   726 AM MST   SUNSET   608 PM MST
FEBRUARY 13 2016......SUNRISE   725 AM MST   SUNSET   609 PM MST


-  INDICATES NEGATIVE NUMBERS.
R  INDICATES RECORD WAS SET OR TIED.
MM INDICATES DATA IS MISSING.
T  INDICATES TRACE AMOUNT.




$$
