000
CDUS45 KSLC 191245
CLICDC


CLIMATE REPORT
NATIONAL WEATHER SERVICE SALT LAKE CITY UT
545 AM MST FRI JAN 19 2018


...................................

...THE CEDAR CITY UT CLIMATE SUMMARY FOR JANUARY 18 2018...

CLIMATE NORMAL PERIOD 1981 TO 2010
CLIMATE RECORD PERIOD 1928 TO 2018


WEATHER ITEM   OBSERVED TIME   RECORD YEAR NORMAL DEPARTURE LAST
                VALUE   (LST)  VALUE       VALUE  FROM      YEAR
                                                  NORMAL
..................................................................
TEMPERATURE (F)
 YESTERDAY
  MAXIMUM         56    221 PM  66    1971  42     14       47
  MINIMUM         24    234 AM -11    1949  17      7       14
  AVERAGE         40                        29     11       31

PRECIPITATION (IN)
  YESTERDAY        0.00          0.45 1952   0.03  -0.03     0.00
  MONTH TO DATE    0.37                      0.51  -0.14     0.42
  SINCE OCT 1      0.92                      3.62  -2.70     3.25
  SINCE JAN 1      0.37                      0.51  -0.14     0.42

DEGREE DAYS
 HEATING
  YESTERDAY       25                        36    -11       34
  MONTH TO DATE  488                       655   -167      601
  SINCE DEC 1   1484                      1775   -291     1714
  SINCE JUL 1   2683                      3217   -534     2811

 COOLING
  YESTERDAY        0                         0      0        0
  MONTH TO DATE    0                         0      0        0
  SINCE DEC 1      0                         0      0        0
  SINCE JAN 1      0                         0      0        0
..................................................................


WIND (MPH)
  RESULTANT WIND SPEED   6   RESULTANT WIND DIRECTION   S (200)
  HIGHEST WIND SPEED    23   HIGHEST WIND DIRECTION     S (200)
  HIGHEST GUST SPEED    29   HIGHEST GUST DIRECTION    SW (220)
  AVERAGE WIND SPEED     8.1



WEATHER CONDITIONS
 THE FOLLOWING WEATHER WAS RECORDED YESTERDAY.
  NO SIGNIFICANT WEATHER WAS OBSERVED.


RELATIVE HUMIDITY (PERCENT)
 HIGHEST    92           200 AM
 LOWEST     32           300 PM
 AVERAGE    62

..........................................................


THE CEDAR CITY UT CLIMATE NORMALS FOR TODAY
                         NORMAL    RECORD    YEAR
 MAXIMUM TEMPERATURE (F)   42        65      1994
 MINIMUM TEMPERATURE (F)   17       -13      1949


SUNRISE AND SUNSET
JANUARY 19 2018.......SUNRISE   745 AM MST   SUNSET   542 PM MST
JANUARY 20 2018.......SUNRISE   744 AM MST   SUNSET   543 PM MST


-  INDICATES NEGATIVE NUMBERS.
R  INDICATES RECORD WAS SET OR TIED.
MM INDICATES DATA IS MISSING.
T  INDICATES TRACE AMOUNT.




$$
