000
CDUS45 KSLC 091226
CLICDC


CLIMATE REPORT
NATIONAL WEATHER SERVICE SALT LAKE CITY UT
626 AM MDT WED JUL 9 2014


...................................

...THE CEDAR CITY UT CLIMATE SUMMARY FOR JULY 8 2014...

CLIMATE NORMAL PERIOD 1981 TO 2010
CLIMATE RECORD PERIOD 1928 TO 2014


WEATHER ITEM   OBSERVED TIME   RECORD YEAR NORMAL DEPARTURE LAST
                VALUE   (LST)  VALUE       VALUE  FROM      YEAR
                                                  NORMAL
..................................................................
TEMPERATURE (F)
 YESTERDAY
  MAXIMUM         93    310 PM 102    1985  90      3       94
  MINIMUM         60    130 AM  44    1959  55      5       54
  AVERAGE         77                        72      5       74

PRECIPITATION (IN)
  YESTERDAY        T             0.58 2011   0.02  -0.02     0.00
  MONTH TO DATE    0.19                      0.13   0.06     0.59
  SINCE OCT 1      5.56                      8.81  -3.25     7.37
  SINCE JAN 1      3.62                      5.70  -2.08     4.66

DEGREE DAYS
 HEATING
  YESTERDAY        0                         0      0        0
  MONTH TO DATE    0                         0      0        0
  SINCE JUN 1     27                        76    -49       11
  SINCE JUL 1      0                         0      0        0

 COOLING
  YESTERDAY       12                         8      4        9
  MONTH TO DATE   79                        55     24       95
  SINCE JUN 1    179                       148     31      246
  SINCE JAN 1    204                       156     48      248
..................................................................


WIND (MPH)
  RESULTANT WIND SPEED   4   RESULTANT WIND DIRECTION   S (200)
  HIGHEST WIND SPEED    22   HIGHEST WIND DIRECTION    SE (140)
  HIGHEST GUST SPEED    31   HIGHEST GUST DIRECTION     S (190)
  AVERAGE WIND SPEED     7.9



WEATHER CONDITIONS
 THE FOLLOWING WEATHER WAS RECORDED YESTERDAY.
  HAZE


RELATIVE HUMIDITY (PERCENT)
 HIGHEST    64           100 AM
 LOWEST     18           300 PM
 AVERAGE    41

..........................................................


THE CEDAR CITY UT CLIMATE NORMALS FOR TODAY
                         NORMAL    RECORD    YEAR
 MAXIMUM TEMPERATURE (F)   90       102      1976
 MINIMUM TEMPERATURE (F)   56        45      1959


SUNRISE AND SUNSET
JULY  9 2014..........SUNRISE   619 AM MDT   SUNSET   856 PM MDT
JULY 10 2014..........SUNRISE   619 AM MDT   SUNSET   856 PM MDT


-  INDICATES NEGATIVE NUMBERS.
R  INDICATES RECORD WAS SET OR TIED.
MM INDICATES DATA IS MISSING.
T  INDICATES TRACE AMOUNT.




$$
