059
CDUS45 KSLC 231233
CLICDC


CLIMATE REPORT
NATIONAL WEATHER SERVICE SALT LAKE CITY UT
633 AM MDT SAT SEP 23 2017


...................................

...THE CEDAR CITY UT CLIMATE SUMMARY FOR SEPTEMBER 22 2017...

CLIMATE NORMAL PERIOD 1981 TO 2010
CLIMATE RECORD PERIOD 1928 TO 2017


WEATHER ITEM   OBSERVED TIME   RECORD YEAR NORMAL DEPARTURE LAST
                VALUE   (LST)  VALUE       VALUE  FROM      YEAR
                                                  NORMAL
..................................................................
TEMPERATURE (F)
 YESTERDAY
  MAXIMUM         62    358 PM  90    1979  76    -14       73
  MINIMUM         36    714 AM  25    2004  42     -6       41
  AVERAGE         49                        59    -10       57

PRECIPITATION (IN)
  YESTERDAY        0.03          1.63 1967   0.03   0.00     0.27
  MONTH TO DATE    1.23                      0.47   0.76     0.63
  SINCE OCT 1     11.67                     11.12   0.55    11.43
  SINCE JAN 1      8.84                      8.01   0.83     7.87

DEGREE DAYS
 HEATING
  YESTERDAY       16                         6     10        8
  MONTH TO DATE   65                        71     -6       46
  SINCE SEP 1     65                        71     -6       46
  SINCE JUL 1     65                        80    -15       50

 COOLING
  YESTERDAY        0                         0      0        0
  MONTH TO DATE   73                        36     37       31
  SINCE SEP 1     73                        36     37       31
  SINCE JAN 1    865                       585    280      824
..................................................................


WIND (MPH)
  RESULTANT WIND SPEED   3   RESULTANT WIND DIRECTION  NW (300)
  HIGHEST WIND SPEED    17   HIGHEST WIND DIRECTION    SW (220)
  HIGHEST GUST SPEED    24   HIGHEST GUST DIRECTION    SW (210)
  AVERAGE WIND SPEED     5.4



WEATHER CONDITIONS
 THE FOLLOWING WEATHER WAS RECORDED YESTERDAY.
  LIGHT RAIN
  FOG
  FOG W/VISIBILITY <= 1/4 MILE


RELATIVE HUMIDITY (PERCENT)
 HIGHEST   100          1200 AM
 LOWEST     21           500 PM
 AVERAGE    61

..........................................................


THE CEDAR CITY UT CLIMATE NORMALS FOR TODAY
                         NORMAL    RECORD    YEAR
 MAXIMUM TEMPERATURE (F)   76        89      2001
 MINIMUM TEMPERATURE (F)   42        25      2006


SUNRISE AND SUNSET
SEPTEMBER 23 2017.....SUNRISE   721 AM MDT   SUNSET   727 PM MDT
SEPTEMBER 24 2017.....SUNRISE   722 AM MDT   SUNSET   726 PM MDT


-  INDICATES NEGATIVE NUMBERS.
R  INDICATES RECORD WAS SET OR TIED.
MM INDICATES DATA IS MISSING.
T  INDICATES TRACE AMOUNT.




$$
