000
CDUS45 KSLC 171245
CLICDC


CLIMATE REPORT
NATIONAL WEATHER SERVICE SALT LAKE CITY UT
545 AM MST FRI NOV 17 2017


...................................

...THE CEDAR CITY UT CLIMATE SUMMARY FOR NOVEMBER 16 2017...

CLIMATE NORMAL PERIOD 1981 TO 2010
CLIMATE RECORD PERIOD 1928 TO 2017


WEATHER ITEM   OBSERVED TIME   RECORD YEAR NORMAL DEPARTURE LAST
                VALUE   (LST)  VALUE       VALUE  FROM      YEAR
                                                  NORMAL
..................................................................
TEMPERATURE (F)
 YESTERDAY
  MAXIMUM         63   1108 AM  71    1999  52     11       64
                                      1995
  MINIMUM         38    230 AM   1    2014  23     15       31
                                      1955
  AVERAGE         51                        37     14       48

PRECIPITATION (IN)
  YESTERDAY        0.00          0.48 1969   0.03  -0.03      T
  MONTH TO DATE    T                         0.53  -0.53     0.03
  SINCE OCT 1      0.03                      1.87  -1.84     0.67
  SINCE JAN 1      9.03                     10.07  -1.04     8.59

DEGREE DAYS
 HEATING
  YESTERDAY       14                        28    -14       17
  MONTH TO DATE  280                       392   -112      259
  SINCE SEP 1    911                      1002    -91      679
  SINCE JUL 1    911                      1011   -100      683

 COOLING
  YESTERDAY        0                         0      0        0
  MONTH TO DATE    0                         0      0        0
  SINCE SEP 1     73                        39     34       33
  SINCE JAN 1    865                       588    277      826
..................................................................


WIND (MPH)
  RESULTANT WIND SPEED  15   RESULTANT WIND DIRECTION  SW (210)
  HIGHEST WIND SPEED    33   HIGHEST WIND DIRECTION     S (200)
  HIGHEST GUST SPEED    43   HIGHEST GUST DIRECTION     S (200)
  AVERAGE WIND SPEED    17.9



WEATHER CONDITIONS
 THE FOLLOWING WEATHER WAS RECORDED YESTERDAY.
  NO SIGNIFICANT WEATHER WAS OBSERVED.


RELATIVE HUMIDITY (PERCENT)
 HIGHEST    42           700 AM
 LOWEST     34          1200 AM
 AVERAGE    38

..........................................................


THE CEDAR CITY UT CLIMATE NORMALS FOR TODAY
                         NORMAL    RECORD    YEAR
 MAXIMUM TEMPERATURE (F)   51        71      2007
 MINIMUM TEMPERATURE (F)   23        -6      1964


SUNRISE AND SUNSET
NOVEMBER 17 2017......SUNRISE   715 AM MST   SUNSET   520 PM MST
NOVEMBER 18 2017......SUNRISE   716 AM MST   SUNSET   519 PM MST


-  INDICATES NEGATIVE NUMBERS.
R  INDICATES RECORD WAS SET OR TIED.
MM INDICATES DATA IS MISSING.
T  INDICATES TRACE AMOUNT.




$$
