000
CDUS45 KSLC 301232
CLICDC


CLIMATE REPORT
NATIONAL WEATHER SERVICE SALT LAKE CITY UT
631 AM MDT MON MAY 30 2016


...................................

...THE CEDAR CITY UT CLIMATE SUMMARY FOR MAY 29 2016...

CLIMATE NORMAL PERIOD 1981 TO 2010
CLIMATE RECORD PERIOD 1928 TO 2016


WEATHER ITEM   OBSERVED TIME   RECORD YEAR NORMAL DEPARTURE LAST
                VALUE   (LST)  VALUE       VALUE  FROM      YEAR
                                                  NORMAL
..................................................................
TEMPERATURE (F)
 YESTERDAY
  MAXIMUM         82    243 PM  96    1984  77      5       78
  MINIMUM         43    412 AM  28    1953  42      1       48
  AVERAGE         63                        60      3       63

PRECIPITATION (IN)
  YESTERDAY        T             0.41 2004   0.02  -0.02      T
                                      1988
  MONTH TO DATE    0.33                      0.72  -0.39     3.12
  SINCE OCT 1      7.94                      8.10  -0.16     8.94
  SINCE JAN 1      4.38                      4.99  -0.61     6.81

DEGREE DAYS
 HEATING
  YESTERDAY        2                         6     -4        2
  MONTH TO DATE  289                       280      9      332
  SINCE MAR 1   1454                      1604   -150     1500
  SINCE JUL 1   5868                      6166   -298     5338

 COOLING
  YESTERDAY        0                         1     -1        0
  MONTH TO DATE    3                         3      0        0
  SINCE MAR 1      3                         3      0        0
  SINCE JAN 1      3                         3      0        0
..................................................................


WIND (MPH)
  RESULTANT WIND SPEED   3   RESULTANT WIND DIRECTION  SW (210)
  HIGHEST WIND SPEED    23   HIGHEST WIND DIRECTION    SW (220)
  HIGHEST GUST SPEED    33   HIGHEST GUST DIRECTION     E (80)
  AVERAGE WIND SPEED     6.8



WEATHER CONDITIONS
 THE FOLLOWING WEATHER WAS RECORDED YESTERDAY.
  THUNDERSTORM
  LIGHT RAIN


RELATIVE HUMIDITY (PERCENT)
 HIGHEST    65           500 AM
 LOWEST      9           200 PM
 AVERAGE    37

..........................................................


THE CEDAR CITY UT CLIMATE NORMALS FOR TODAY
                         NORMAL    RECORD    YEAR
 MAXIMUM TEMPERATURE (F)   77        94      2002
 MINIMUM TEMPERATURE (F)   43        31      2007
                                             2006


SUNRISE AND SUNSET
MAY 30 2016...........SUNRISE   613 AM MDT   SUNSET   847 PM MDT
MAY 31 2016...........SUNRISE   613 AM MDT   SUNSET   848 PM MDT


-  INDICATES NEGATIVE NUMBERS.
R  INDICATES RECORD WAS SET OR TIED.
MM INDICATES DATA IS MISSING.
T  INDICATES TRACE AMOUNT.




$$
