473
CDUS45 KSLC 281225
CLICDC


CLIMATE REPORT
NATIONAL WEATHER SERVICE SALT LAKE CITY UT
625 AM MDT THU JUL 28 2016


...................................

...THE CEDAR CITY UT CLIMATE SUMMARY FOR JULY 27 2016...

CLIMATE NORMAL PERIOD 1981 TO 2010
CLIMATE RECORD PERIOD 1928 TO 2016


WEATHER ITEM   OBSERVED TIME   RECORD YEAR NORMAL DEPARTURE LAST
                VALUE   (LST)  VALUE       VALUE  FROM      YEAR
                                                  NORMAL
..................................................................
TEMPERATURE (F)
 YESTERDAY
  MAXIMUM        101R   256 PM  99    1980  90     11       88
  MINIMUM         61    528 AM  45    2005  57      4       57
  AVERAGE         81                        74      7       73

PRECIPITATION (IN)
  YESTERDAY        0.00          2.25 2013   0.04  -0.04     0.00
  MONTH TO DATE    0.69                      0.68   0.01     0.40
  SINCE OCT 1      8.92                      9.36  -0.44    10.06
  SINCE JAN 1      5.36                      6.25  -0.89     7.93

DEGREE DAYS
 HEATING
  YESTERDAY        0                         0      0        0
  MONTH TO DATE    0                         0      0        1
  SINCE JUN 1      4                        76    -72       26
  SINCE JUL 1      0                         0      0        1

 COOLING
  YESTERDAY       16                         9      7        8
  MONTH TO DATE  276                       219     57      175
  SINCE JUN 1    512                       312    200      362
  SINCE JAN 1    515                       320    195      364
..................................................................


WIND (MPH)
  RESULTANT WIND SPEED   2   RESULTANT WIND DIRECTION   E (100)
  HIGHEST WIND SPEED    15   HIGHEST WIND DIRECTION    SE (120)
  HIGHEST GUST SPEED    22   HIGHEST GUST DIRECTION     E (110)
  AVERAGE WIND SPEED     6.0



WEATHER CONDITIONS
 THE FOLLOWING WEATHER WAS RECORDED YESTERDAY.
  NO SIGNIFICANT WEATHER WAS OBSERVED.


RELATIVE HUMIDITY (PERCENT)
 HIGHEST    48           600 AM
 LOWEST      6           200 PM
 AVERAGE    27

..........................................................


THE CEDAR CITY UT CLIMATE NORMALS FOR TODAY
                         NORMAL    RECORD    YEAR
 MAXIMUM TEMPERATURE (F)   90        99      1994
 MINIMUM TEMPERATURE (F)   57        47      2015


SUNRISE AND SUNSET
JULY 28 2016..........SUNRISE   633 AM MDT   SUNSET   844 PM MDT
JULY 29 2016..........SUNRISE   634 AM MDT   SUNSET   843 PM MDT


-  INDICATES NEGATIVE NUMBERS.
R  INDICATES RECORD WAS SET OR TIED.
MM INDICATES DATA IS MISSING.
T  INDICATES TRACE AMOUNT.




$$
