000
CDUS45 KCYS 140738
CLICDR


CLIMATE REPORT
NATIONAL WEATHER SERVICE CHEYENNE WY
134 AM MDT MON JUL 14 2014


...................................

...THE CHADRON NE AIRPORT CLIMATE SUMMARY FOR JULY 13 2014...

CLIMATE NORMAL PERIOD 1981 TO 2010
CLIMATE RECORD PERIOD 1895 TO 2014


WEATHER ITEM   OBSERVED TIME   RECORD YEAR NORMAL DEPARTURE LAST
                VALUE   (LST)  VALUE       VALUE  FROM      YEAR
                                                  NORMAL
..................................................................
TEMPERATURE (F)
 YESTERDAY
  MAXIMUM         93    321 PM 106    2003  90      3       95
  MINIMUM         53    425 AM  41    2008  57     -4       65
                                      1950
  AVERAGE         73                        74     -1       80

PRECIPITATION (IN)
  YESTERDAY        0.00          1.83 1957   0.07  -0.07     0.00
  MONTH TO DATE    0.20                      0.95  -0.75     1.09
  SINCE JAN 1     11.33                     11.13   0.20     9.93

DEGREE DAYS
 HEATING
  YESTERDAY        0                         0      0        0
  MONTH TO DATE    7                         5      2        0
  SINCE JUN 1     90                        86      4       58
  SINCE JUL 1      7                         5      2        0

 COOLING
  YESTERDAY        8                         9     -1       15
  MONTH TO DATE  101                       101      0      152
  SINCE JUN 1    155                       209    -54      264
  SINCE JAN 1    186                       229    -43      292
..................................................................


WIND (MPH)
  HIGHEST WIND SPEED    15   HIGHEST WIND DIRECTION    NE (60)
  HIGHEST GUST SPEED    18   HIGHEST GUST DIRECTION     E (70)
  AVERAGE WIND SPEED     5.7


SKY COVER
  AVERAGE SKY COVER 0.1


WEATHER CONDITIONS
 THE FOLLOWING WEATHER WAS RECORDED YESTERDAY.
  THUNDERSTORM


RELATIVE HUMIDITY (PERCENT)
 HIGHEST   100           200 AM
 LOWEST     23           200 PM
 AVERAGE    62

..........................................................


THE CHADRON NE AIRPORT CLIMATE NORMALS FOR TODAY
                         NORMAL    RECORD    YEAR
 MAXIMUM TEMPERATURE (F)   90       104      2006
                                             1931
 MINIMUM TEMPERATURE (F)   58        41      1952


SUNRISE AND SUNSET
JULY 14 2014..........SUNRISE   527 AM MDT   SUNSET   830 PM MDT
JULY 15 2014..........SUNRISE   527 AM MDT   SUNSET   829 PM MDT


-  INDICATES NEGATIVE NUMBERS.
R  INDICATES RECORD WAS SET OR TIED.
MM INDICATES DATA IS MISSING.
T  INDICATES TRACE AMOUNT.




$$
