000
CDUS45 KCYS 282128
CLICDR


CLIMATE REPORT
NATIONAL WEATHER SERVICE CHEYENNE WY
328 PM MDT THU JUL 28 2016


...................................

...THE CHADRON NE AIRPORT CLIMATE SUMMARY FOR JULY 28 2016...
VALID AS OF 0300 PM LOCAL TIME.

CLIMATE NORMAL PERIOD 1981 TO 2010
CLIMATE RECORD PERIOD 1895 TO 2016


WEATHER ITEM   OBSERVED TIME   RECORD YEAR NORMAL DEPARTURE LAST
                VALUE   (LST)  VALUE       VALUE  FROM      YEAR
                                                  NORMAL
..................................................................
TEMPERATURE (F)
 TODAY
  MAXIMUM         81    159 PM 106    2006  91    -10       82
  MINIMUM         61    416 AM  44    1971  59      2       47
  AVERAGE         71                        75     -4       65

PRECIPITATION (IN)
  TODAY            0.33          1.18 1925   0.06   0.27     0.00
  MONTH TO DATE    1.47                      1.94  -0.47     2.34
  SINCE JAN 1     10.42                     12.12  -1.70    15.29

DEGREE DAYS
 HEATING
  TODAY            0                         0      0        0
  MONTH TO DATE    0                         5     -5        3
  SINCE JUN 1     13                        86    -73       12
  SINCE JUL 1      0                         5     -5        3

 COOLING
  TODAY            6                        10     -4        0
  MONTH TO DATE  306                       246     60      209
  SINCE JUN 1    555                       354    201      342
  SINCE JAN 1    563                       374    189      342
..................................................................


WIND (MPH)
  HIGHEST WIND SPEED    28   HIGHEST WIND DIRECTION    SE (150)
  HIGHEST GUST SPEED    32   HIGHEST GUST DIRECTION    SE (150)
  AVERAGE WIND SPEED     6.8


SKY COVER
  AVERAGE SKY COVER 0.6


WEATHER CONDITIONS
 THE FOLLOWING WEATHER WAS RECORDED TODAY.
  THUNDERSTORM
  RAIN
  LIGHT RAIN
  FOG


RELATIVE HUMIDITY (PERCENT)
 HIGHEST    87           200 AM
 LOWEST     42           200 PM
 AVERAGE    65

..........................................................


THE CHADRON NE AIRPORT CLIMATE NORMALS FOR TOMORROW
                         NORMAL    RECORD    YEAR
 MAXIMUM TEMPERATURE (F)   91       106      2006
                                             1980
 MINIMUM TEMPERATURE (F)   59        43      2015
                                             2004


SUNRISE AND SUNSET
JULY 28 2016..........SUNRISE   540 AM MDT   SUNSET   817 PM MDT
JULY 29 2016..........SUNRISE   541 AM MDT   SUNSET   816 PM MDT


-  INDICATES NEGATIVE NUMBERS.
R  INDICATES RECORD WAS SET OR TIED.
MM INDICATES DATA IS MISSING.
T  INDICATES TRACE AMOUNT.




$$
