000
CDUS45 KCYS 270730
CLICDR


CLIMATE REPORT
NATIONAL WEATHER SERVICE CHEYENNE WY
129 AM MDT WED MAY 27 2015


...................................

...THE CHADRON NE AIRPORT CLIMATE SUMMARY FOR MAY 26 2015...

CLIMATE NORMAL PERIOD 1981 TO 2010
CLIMATE RECORD PERIOD 1895 TO 2015


WEATHER ITEM   OBSERVED TIME   RECORD YEAR NORMAL DEPARTURE LAST
                VALUE   (LST)  VALUE       VALUE  FROM      YEAR
                                                  NORMAL
..................................................................
TEMPERATURE (F)
 YESTERDAY
  MAXIMUM         71    410 PM  98    1969  74     -3       79
  MINIMUM         54    745 AM  32    1989  45      9       53
                                      1975
  AVERAGE         63                        59      4       66

PRECIPITATION (IN)
  YESTERDAY        0.06          1.75 1955   0.09  -0.03     0.01
  MONTH TO DATE    5.15                      2.25   2.90     3.49
  SINCE JAN 1      7.77                      6.43   1.34     7.79

DEGREE DAYS
 HEATING
  YESTERDAY        2                         7     -5        0
  MONTH TO DATE  359                       274     85      290
  SINCE MAR 1   1574                      1785   -211     1734
  SINCE JUL 1   6519                      7037   -518     7208

 COOLING
  YESTERDAY        0                         1     -1        1
  MONTH TO DATE    0                        10    -10        3
  SINCE MAR 1      0                        12    -12        4
  SINCE JAN 1      0                        12    -12        4
..................................................................


WIND (MPH)
  HIGHEST WIND SPEED    13   HIGHEST WIND DIRECTION    SE (140)
  HIGHEST GUST SPEED    24   HIGHEST GUST DIRECTION     E (100)
  AVERAGE WIND SPEED     5.2


SKY COVER
  AVERAGE SKY COVER 0.5


WEATHER CONDITIONS
 THE FOLLOWING WEATHER WAS RECORDED YESTERDAY.
  THUNDERSTORM
  LIGHT RAIN
  FOG


RELATIVE HUMIDITY (PERCENT)
 HIGHEST   100           100 AM
 LOWEST     47           300 PM
 AVERAGE    74

..........................................................


THE CHADRON NE AIRPORT CLIMATE NORMALS FOR TODAY
                         NORMAL    RECORD    YEAR
 MAXIMUM TEMPERATURE (F)   74        98      1969
 MINIMUM TEMPERATURE (F)   45        33      1951
                                             1947


SUNRISE AND SUNSET
MAY 27 2015...........SUNRISE   520 AM MDT   SUNSET   820 PM MDT
MAY 28 2015...........SUNRISE   519 AM MDT   SUNSET   821 PM MDT


-  INDICATES NEGATIVE NUMBERS.
R  INDICATES RECORD WAS SET OR TIED.
MM INDICATES DATA IS MISSING.
T  INDICATES TRACE AMOUNT.




$$
