000
CDUS45 KCYS 012133
CLICDR


CLIMATE REPORT
NATIONAL WEATHER SERVICE CHEYENNE WY
333 PM MDT WED JUL 1 2015


...................................

...THE CHADRON NE AIRPORT CLIMATE SUMMARY FOR JULY 1 2015...
VALID AS OF 0300 PM LOCAL TIME.

CLIMATE NORMAL PERIOD 1981 TO 2010
CLIMATE RECORD PERIOD 1895 TO 2015


WEATHER ITEM   OBSERVED TIME   RECORD YEAR NORMAL DEPARTURE LAST
                VALUE   (LST)  VALUE       VALUE  FROM      YEAR
                                                  NORMAL
..................................................................
TEMPERATURE (F)
 TODAY
  MAXIMUM         90    157 PM 107    1990  87      3       75
  MINIMUM         62    422 AM  38    1945  55      7       48
  AVERAGE         76                        71      5       62

PRECIPITATION (IN)
  TODAY            0.00          1.26 1922   0.07  -0.07     0.00
  MONTH TO DATE    0.00                      0.07  -0.07     0.00
  SINCE JAN 1     12.95                     10.25   2.70    11.13

DEGREE DAYS
 HEATING
  TODAY            0                         1     -1        3
  MONTH TO DATE    0                         1     -1        3
  SINCE JUN 1      9                        82    -73       86
  SINCE JUL 1      0                         1     -1        3

 COOLING
  TODAY           11                         7      4        0
  MONTH TO DATE   11                         7      4        0
  SINCE JUN 1    144                       115     29       54
  SINCE JAN 1    144                       135      9       85
..................................................................


WIND (MPH)
  HIGHEST WIND SPEED    17   HIGHEST WIND DIRECTION     N (20)
  HIGHEST GUST SPEED    24   HIGHEST GUST DIRECTION     N (10)
  AVERAGE WIND SPEED     6.6


SKY COVER
  AVERAGE SKY COVER 0.0


WEATHER CONDITIONS
 THE FOLLOWING WEATHER WAS RECORDED TODAY.
  NO SIGNIFICANT WEATHER WAS OBSERVED.


RELATIVE HUMIDITY (PERCENT)
 HIGHEST    93          1200 AM
 LOWEST     34          1100 AM
 AVERAGE    64

..........................................................


THE CHADRON NE AIRPORT CLIMATE NORMALS FOR TOMORROW
                         NORMAL    RECORD    YEAR
 MAXIMUM TEMPERATURE (F)   87       109      1990
 MINIMUM TEMPERATURE (F)   55        39      1945


SUNRISE AND SUNSET
JULY  1 2015..........SUNRISE   518 AM MDT   SUNSET   835 PM MDT
JULY  2 2015..........SUNRISE   518 AM MDT   SUNSET   835 PM MDT


-  INDICATES NEGATIVE NUMBERS.
R  INDICATES RECORD WAS SET OR TIED.
MM INDICATES DATA IS MISSING.
T  INDICATES TRACE AMOUNT.




$$
