000
CDUS45 KCYS 240727
CLICDR


CLIMATE REPORT
NATIONAL WEATHER SERVICE CHEYENNE WY
126 AM MDT WED AUG 24 2016


...................................

...THE CHADRON NE AIRPORT CLIMATE SUMMARY FOR AUGUST 23 2016...

CLIMATE NORMAL PERIOD 1981 TO 2010
CLIMATE RECORD PERIOD 1895 TO 2016


WEATHER ITEM   OBSERVED TIME   RECORD YEAR NORMAL DEPARTURE LAST
                VALUE   (LST)  VALUE       VALUE  FROM      YEAR
                                                  NORMAL
..................................................................
TEMPERATURE (F)
 YESTERDAY
  MAXIMUM         89   1249 PM 105    2006  88      1       78
  MINIMUM         49   1159 PM  34    2015  54     -5       34
  AVERAGE         69                        71     -2       56

PRECIPITATION (IN)
  YESTERDAY        0.00          0.19 1982   0.05  -0.05     0.00
  MONTH TO DATE    0.63                      1.16  -0.53     0.79
  SINCE JAN 1     11.22                     13.45  -2.23    16.08

DEGREE DAYS
 HEATING
  YESTERDAY        0                         1     -1        9
  MONTH TO DATE    9                         7      2       31
  SINCE JUN 1     22                        98    -76       43
  SINCE JUL 1      9                        17     -8       34

 COOLING
  YESTERDAY        4                         7     -3        0
  MONTH TO DATE  192                       198     -6      178
  SINCE JUN 1    778                       582    196      535
  SINCE JAN 1    786                       602    184      535
..................................................................


WIND (MPH)
  HIGHEST WIND SPEED    24   HIGHEST WIND DIRECTION     W (280)
  HIGHEST GUST SPEED    31   HIGHEST GUST DIRECTION     W (280)
  AVERAGE WIND SPEED    11.5


SKY COVER
  AVERAGE SKY COVER 0.0


WEATHER CONDITIONS
 THE FOLLOWING WEATHER WAS RECORDED YESTERDAY.
  HAZE


RELATIVE HUMIDITY (PERCENT)
 HIGHEST    67           500 AM
 LOWEST     11           300 PM
 AVERAGE    39

..........................................................


THE CHADRON NE AIRPORT CLIMATE NORMALS FOR TODAY
                         NORMAL    RECORD    YEAR
 MAXIMUM TEMPERATURE (F)   88       106      1936
 MINIMUM TEMPERATURE (F)   54        39      2015


SUNRISE AND SUNSET
AUGUST 24 2016........SUNRISE   609 AM MDT   SUNSET   739 PM MDT
AUGUST 25 2016........SUNRISE   610 AM MDT   SUNSET   738 PM MDT


-  INDICATES NEGATIVE NUMBERS.
R  INDICATES RECORD WAS SET OR TIED.
MM INDICATES DATA IS MISSING.
T  INDICATES TRACE AMOUNT.




$$
