000
CDUS45 KCYS 240326
CLICDR


CLIMATE REPORT
NATIONAL WEATHER SERVICE CHEYENNE WY
925 PM MDT MON MAY 23 2016


...................................

...THE CHADRON NE AIRPORT CLIMATE SUMMARY FOR MAY 23 2016...
VALID TODAY AS OF 0900 PM LOCAL TIME.

CLIMATE NORMAL PERIOD 1981 TO 2010
CLIMATE RECORD PERIOD 1895 TO 2016


WEATHER ITEM   OBSERVED TIME   RECORD YEAR NORMAL DEPARTURE LAST
                VALUE   (LST)  VALUE       VALUE  FROM      YEAR
                                                  NORMAL
..................................................................
TEMPERATURE (F)
 TODAY
  MAXIMUM         76    305 PM  94    1926  73      3       61
  MINIMUM         36    421 AM  26    2002  44     -8       46
  AVERAGE         56                        58     -2       54

PRECIPITATION (IN)
  TODAY            0.00          2.40 1997   0.10  -0.10     0.09
  MONTH TO DATE    0.60                      1.97  -1.37     4.89
  SINCE JAN 1      7.05                      6.15   0.90     7.51

DEGREE DAYS
 COOLING
  TODAY            0                         1     -1        0
  MONTH TO DATE    4                         7     -3        0
  SINCE MAR 1      6                         9     -3        0
  SINCE JAN 1      6                         9     -3        0
..................................................................


WIND (MPH)
  HIGHEST WIND SPEED    24   HIGHEST WIND DIRECTION     S (190)
  HIGHEST GUST SPEED    30   HIGHEST GUST DIRECTION     S (190)
  AVERAGE WIND SPEED    11.2


SKY COVER
  AVERAGE SKY COVER 0.1


WEATHER CONDITIONS
 THE FOLLOWING WEATHER WAS RECORDED TODAY.
  NO SIGNIFICANT WEATHER WAS OBSERVED.


RELATIVE HUMIDITY (PERCENT)
 HIGHEST    85           400 AM
 LOWEST     19           400 PM
 AVERAGE    52

..........................................................


THE CHADRON NE AIRPORT CLIMATE NORMALS FOR TOMORROW
                         NORMAL    RECORD    YEAR
 MAXIMUM TEMPERATURE (F)   73        90      1984
 MINIMUM TEMPERATURE (F)   44        25      2002


SUNRISE AND SUNSET
MAY 23 2016...........SUNRISE   522 AM MDT   SUNSET   817 PM MDT
MAY 24 2016...........SUNRISE   521 AM MDT   SUNSET   818 PM MDT


-  INDICATES NEGATIVE NUMBERS.
R  INDICATES RECORD WAS SET OR TIED.
MM INDICATES DATA IS MISSING.
T  INDICATES TRACE AMOUNT.




$$
