000
CDUS45 KCYS 260739
CLICDR


CLIMATE REPORT
NATIONAL WEATHER SERVICE CHEYENNE WY
1238 AM MST MON JAN 26 2015


...................................

...THE CHADRON NE AIRPORT CLIMATE SUMMARY FOR JANUARY 25 2015...

CLIMATE NORMAL PERIOD 1981 TO 2010
CLIMATE RECORD PERIOD 1895 TO 2015


WEATHER ITEM   OBSERVED TIME   RECORD YEAR NORMAL DEPARTURE LAST
                VALUE   (LST)  VALUE       VALUE  FROM      YEAR
                                                  NORMAL
..................................................................
TEMPERATURE (F)
 YESTERDAY
  MAXIMUM         53    312 PM  64    2006  39     14       59
                                      2002
  MINIMUM         31    431 AM -24    1950  11     20       39
  AVERAGE         42                        25     17       49

PRECIPITATION (IN)
  YESTERDAY        0.00          1.45 1921   0.02  -0.02     0.00
  MONTH TO DATE    0.02                      0.28  -0.26     0.15
  SINCE JAN 1      0.02                      0.28  -0.26     0.15

DEGREE DAYS
 HEATING
  YESTERDAY       23                        40    -17       16
  MONTH TO DATE 1044                      1017     27      872
  SINCE DEC 1   2229                      2275    -46     2299
  SINCE JUL 1   3834                      3959   -125     3935

 COOLING
  YESTERDAY        0                         0      0        0
  MONTH TO DATE    0                         0      0        0
  SINCE DEC 1      0                         0      0        0
  SINCE JAN 1      0                         0      0        0
..................................................................


WIND (MPH)
  HIGHEST WIND SPEED    25   HIGHEST WIND DIRECTION    NW (300)
  HIGHEST GUST SPEED    33   HIGHEST GUST DIRECTION    NW (300)
  AVERAGE WIND SPEED    13.6


SKY COVER
  AVERAGE SKY COVER 0.4


WEATHER CONDITIONS
 THE FOLLOWING WEATHER WAS RECORDED YESTERDAY.
  NO SIGNIFICANT WEATHER WAS OBSERVED.


RELATIVE HUMIDITY (PERCENT)
 HIGHEST    82           800 PM
 LOWEST     52           200 PM
 AVERAGE    67

..........................................................


THE CHADRON NE AIRPORT CLIMATE NORMALS FOR TODAY
                         NORMAL    RECORD    YEAR
 MAXIMUM TEMPERATURE (F)   39        67      2002
 MINIMUM TEMPERATURE (F)   11       -25      1950


SUNRISE AND SUNSET
JANUARY 26 2015.......SUNRISE   713 AM MST   SUNSET   457 PM MST
JANUARY 27 2015.......SUNRISE   712 AM MST   SUNSET   459 PM MST


-  INDICATES NEGATIVE NUMBERS.
R  INDICATES RECORD WAS SET OR TIED.
MM INDICATES DATA IS MISSING.
T  INDICATES TRACE AMOUNT.




$$
