000
CDUS45 KCYS 280726
CLICDR


CLIMATE REPORT
NATIONAL WEATHER SERVICE CHEYENNE WY
1226 AM MST SAT FEB 28 2015


...................................

...THE CHADRON NE AIRPORT CLIMATE SUMMARY FOR FEBRUARY 27 2015...

CLIMATE NORMAL PERIOD 1981 TO 2010
CLIMATE RECORD PERIOD 1895 TO 2015


WEATHER ITEM   OBSERVED TIME   RECORD YEAR NORMAL DEPARTURE LAST
                VALUE   (LST)  VALUE       VALUE  FROM      YEAR
                                                  NORMAL
..................................................................
TEMPERATURE (F)
 YESTERDAY
  MAXIMUM         26    224 PM  70    1932  46    -20       38
                                      1895
  MINIMUM         -8    240 AM -21    1962  16    -24        1
  AVERAGE          9                        31    -22       20

PRECIPITATION (IN)
  YESTERDAY        0.00          0.34 1953   0.03  -0.03     0.00
  MONTH TO DATE    0.27                      0.58  -0.31     0.66
  SINCE JAN 1      0.63                      0.94  -0.31     0.86

DEGREE DAYS
 HEATING
  YESTERDAY       56                        34     22       45
  MONTH TO DATE  911                      1019   -108     1235
  SINCE DEC 1   3292                      3534   -242     3791
  SINCE JUL 1   4897                      5218   -321     5427

 COOLING
  YESTERDAY        0                         0      0        0
  MONTH TO DATE    0                         0      0        0
  SINCE DEC 1      0                         0      0        0
  SINCE JAN 1      0                         0      0        0
..................................................................


WIND (MPH)
  HIGHEST WIND SPEED    28   HIGHEST WIND DIRECTION     S (180)
  HIGHEST GUST SPEED    34   HIGHEST GUST DIRECTION     S (180)
  AVERAGE WIND SPEED    13.0


SKY COVER
  AVERAGE SKY COVER 0.4


WEATHER CONDITIONS
 THE FOLLOWING WEATHER WAS RECORDED YESTERDAY.
  NO SIGNIFICANT WEATHER WAS OBSERVED.


RELATIVE HUMIDITY (PERCENT)
 HIGHEST    83           100 AM
 LOWEST     54           500 PM
 AVERAGE    69

..........................................................


THE CHADRON NE AIRPORT CLIMATE NORMALS FOR TODAY
                         NORMAL    RECORD    YEAR
 MAXIMUM TEMPERATURE (F)   46        74      1972
 MINIMUM TEMPERATURE (F)   16       -25      1962


SUNRISE AND SUNSET
FEBRUARY 28 2015......SUNRISE   630 AM MST   SUNSET   540 PM MST
MARCH  1 2015.........SUNRISE   629 AM MST   SUNSET   542 PM MST


-  INDICATES NEGATIVE NUMBERS.
R  INDICATES RECORD WAS SET OR TIED.
MM INDICATES DATA IS MISSING.
T  INDICATES TRACE AMOUNT.




$$
