000
CDUS44 KLUB 220627
CLICDS


CLIMATE REPORT
NATIONAL WEATHER SERVICE LUBBOCK, TX
1227 AM CST MON JAN 22 2018


...................................

...THE CHILDRESS CLIMATE SUMMARY FOR JANUARY 21 2018...

CLIMATE NORMAL PERIOD 1981 TO 2010
CLIMATE RECORD PERIOD 1893 TO 2018


WEATHER ITEM   OBSERVED TIME   RECORD YEAR NORMAL DEPARTURE LAST
                VALUE   (LST)  VALUE       VALUE  FROM      YEAR
                                                  NORMAL
..................................................................
TEMPERATURE (F)
 YESTERDAY
  MAXIMUM         68    207 PM  83    1986  55     13       65
  MINIMUM         40   1159 PM  -2    1930  28     12       44
  AVERAGE         54                        42     12       55

PRECIPITATION (IN)
  YESTERDAY        0.00          2.17 1968   0.03  -0.03      T
  MONTH TO DATE    T                         0.43  -0.43     1.72
  SINCE DEC 1      0.03                      1.34  -1.31     3.01
  SINCE JAN 1      T                         0.43  -0.43     1.72

SNOWFALL (IN)
  YESTERDAY        0.0          MM      MM   0.1   -0.1      0.0
  MONTH TO DATE    0.0                       1.8   -1.8      1.5
  SINCE DEC 1      1.0                       3.5   -2.5      1.5
  SINCE JUL 1      1.0                       4.4   -3.4      1.5
  SNOW DEPTH       0

DEGREE DAYS
 HEATING
  YESTERDAY       11                        23    -12       10
  MONTH TO DATE  567                       501     66      472
  SINCE DEC 1   1253                      1214     39     1159
  SINCE JUL 1   1690                      1774    -84     1426

 COOLING
  YESTERDAY        0                         0      0        0
  MONTH TO DATE    0                         0      0        0
  SINCE DEC 1      0                         0      0        0
  SINCE JAN 1      0                         0      0        0
..................................................................


WIND (MPH)
  RESULTANT WIND SPEED  13   RESULTANT WIND DIRECTION   W (250)
  HIGHEST WIND SPEED    36   HIGHEST WIND DIRECTION     W (270)
  HIGHEST GUST SPEED    46   HIGHEST GUST DIRECTION     W (260)
  AVERAGE WIND SPEED    16.9


SKY COVER
  AVERAGE SKY COVER 0.0


WEATHER CONDITIONS
 THE FOLLOWING WEATHER WAS RECORDED YESTERDAY.
  HAZE


RELATIVE HUMIDITY (PERCENT)
 HIGHEST    70           800 AM
 LOWEST      9           400 PM
 AVERAGE    40

..........................................................


THE CHILDRESS CLIMATE NORMALS FOR TODAY
                         NORMAL    RECORD    YEAR
 MAXIMUM TEMPERATURE (F)   55        84      1967
 MINIMUM TEMPERATURE (F)   28        -1      1966


SUNRISE AND SUNSET
JANUARY 22 2018.......SUNRISE   745 AM CST   SUNSET   601 PM CST
JANUARY 23 2018.......SUNRISE   744 AM CST   SUNSET   602 PM CST


-  INDICATES NEGATIVE NUMBERS.
R  INDICATES RECORD WAS SET OR TIED.
MM INDICATES DATA IS MISSING.
T  INDICATES TRACE AMOUNT.




$$
