020
CDUS44 KLUB 260627
CLICDS


CLIMATE REPORT
NATIONAL WEATHER SERVICE LUBBOCK, TX
127 AM CDT TUE SEP 26 2017


...................................

...THE CHILDRESS CLIMATE SUMMARY FOR SEPTEMBER 25 2017...

CLIMATE NORMAL PERIOD 1981 TO 2010
CLIMATE RECORD PERIOD 1893 TO 2017


WEATHER ITEM   OBSERVED TIME   RECORD YEAR NORMAL DEPARTURE LAST
                VALUE   (LST)  VALUE       VALUE  FROM      YEAR
                                                  NORMAL
..................................................................
TEMPERATURE (F)
 YESTERDAY
  MAXIMUM         71    514 PM 101    2005  83    -12       70
  MINIMUM         65    103 PM  39    2000  58      7       57
  AVERAGE         68                        71     -3       64

PRECIPITATION (IN)
  YESTERDAY        1.40          1.77 1962   0.08   1.32     0.34
  MONTH TO DATE    3.57                      2.07   1.50     3.41
  SINCE SEP 1      3.57                      2.07   1.50     3.41
  SINCE JAN 1     21.25                     19.16   2.09    26.19

SNOWFALL (IN)
  YESTERDAY        0.0          MM      MM   0.0    0.0      0.0
  MONTH TO DATE    0.0                       0.0    0.0      0.0
  SINCE SEP 1      0.0                       0.0    0.0      0.0
  SINCE JUL 1      0.0                       0.0    0.0      0.0
  SNOW DEPTH       0

DEGREE DAYS
 HEATING
  YESTERDAY        0                         1     -1        1
  MONTH TO DATE    0                         9     -9        1
  SINCE SEP 1      0                         9     -9        1
  SINCE JUL 1      0                         9     -9        1

 COOLING
  YESTERDAY        3                         7     -4        0
  MONTH TO DATE  288                       265     23      308
  SINCE SEP 1    288                       265     23      308
  SINCE JAN 1   2182                      2096     86     2181
..................................................................


WIND (MPH)
  RESULTANT WIND SPEED   4   RESULTANT WIND DIRECTION   E (100)
  HIGHEST WIND SPEED    17   HIGHEST WIND DIRECTION     S (180)
  HIGHEST GUST SPEED    23   HIGHEST GUST DIRECTION     S (170)
  AVERAGE WIND SPEED     6.7


SKY COVER
  AVERAGE SKY COVER 0.8


WEATHER CONDITIONS
 THE FOLLOWING WEATHER WAS RECORDED YESTERDAY.
  THUNDERSTORM
  HEAVY RAIN
  RAIN
  LIGHT RAIN
  FOG


RELATIVE HUMIDITY (PERCENT)
 HIGHEST   100          1100 PM
 LOWEST     84           500 PM
 AVERAGE    92

..........................................................


THE CHILDRESS CLIMATE NORMALS FOR TODAY
                         NORMAL    RECORD    YEAR
 MAXIMUM TEMPERATURE (F)   83       105      1977
                                             1953
 MINIMUM TEMPERATURE (F)   57        42      2000


SUNRISE AND SUNSET
SEPTEMBER 26 2017.....SUNRISE   732 AM CDT   SUNSET   732 PM CDT
SEPTEMBER 27 2017.....SUNRISE   733 AM CDT   SUNSET   730 PM CDT


-  INDICATES NEGATIVE NUMBERS.
R  INDICATES RECORD WAS SET OR TIED.
MM INDICATES DATA IS MISSING.
T  INDICATES TRACE AMOUNT.




$$
