000
CDUS44 KLUB 080627
CLICDS


CLIMATE REPORT
NATIONAL WEATHER SERVICE LUBBOCK, TX
1225 AM CST MON FEB 8 2016


...................................

...THE CHILDRESS CLIMATE SUMMARY FOR FEBRUARY 7 2016...

CLIMATE NORMAL PERIOD 1981 TO 2010
CLIMATE RECORD PERIOD 1893 TO 2016


WEATHER ITEM   OBSERVED TIME   RECORD YEAR NORMAL DEPARTURE LAST
                VALUE   (LST)  VALUE       VALUE  FROM      YEAR
                                                  NORMAL
..................................................................
TEMPERATURE (F)
 YESTERDAY
  MAXIMUM         64    347 PM  84    2015  57      7       84
                                      1950
                                      1943
  MINIMUM         28    821 AM  -2    1933  30     -2       43
  AVERAGE         46                        43      3       64

PRECIPITATION (IN)
  YESTERDAY        0.00          0.40 1927   0.03  -0.03     0.00
  MONTH TO DATE    T                         0.23  -0.23      T
  SINCE DEC 1      1.36                      1.87  -0.51     1.28
  SINCE JAN 1      0.51                      0.96  -0.45     1.08

SNOWFALL (IN)
  YESTERDAY        0.0          MM      MM   0.1   -0.1      0.0
  MONTH TO DATE    0.0                       0.4   -0.4      0.0
  SINCE DEC 1      6.2                       4.8    1.4      1.5
  SINCE JUL 1      7.0                       5.7    1.3      3.5
  SNOW DEPTH       0

DEGREE DAYS
 HEATING
  YESTERDAY       19                        22     -3        1
  MONTH TO DATE  166                       154     12      148
  SINCE DEC 1   1459                      1597   -138     1473
  SINCE JUL 1   1912                      2157   -245     2028

 COOLING
  YESTERDAY        0                         0      0        0
  MONTH TO DATE    0                         0      0        0
  SINCE DEC 1      0                         0      0        0
  SINCE JAN 1      0                         0      0        0
..................................................................


WIND (MPH)
  RESULTANT WIND SPEED   6   RESULTANT WIND DIRECTION   N (20)
  HIGHEST WIND SPEED    23   HIGHEST WIND DIRECTION     N (20)
  HIGHEST GUST SPEED    31   HIGHEST GUST DIRECTION     N (20)
  AVERAGE WIND SPEED    12.1


SKY COVER
  AVERAGE SKY COVER 0.0


WEATHER CONDITIONS
 THE FOLLOWING WEATHER WAS RECORDED YESTERDAY.
  NO SIGNIFICANT WEATHER WAS OBSERVED.


RELATIVE HUMIDITY (PERCENT)
 HIGHEST    63           400 AM
 LOWEST     17           500 PM
 AVERAGE    40

..........................................................


THE CHILDRESS CLIMATE NORMALS FOR TODAY
                         NORMAL    RECORD    YEAR
 MAXIMUM TEMPERATURE (F)   57        82      1943
 MINIMUM TEMPERATURE (F)   31        -4      1933


SUNRISE AND SUNSET
FEBRUARY  8 2016......SUNRISE   734 AM CST   SUNSET   617 PM CST
FEBRUARY  9 2016......SUNRISE   733 AM CST   SUNSET   618 PM CST


-  INDICATES NEGATIVE NUMBERS.
R  INDICATES RECORD WAS SET OR TIED.
MM INDICATES DATA IS MISSING.
T  INDICATES TRACE AMOUNT.




$$
