000
CDUS44 KLUB 250626
CLICDS


CLIMATE REPORT
NATIONAL WEATHER SERVICE LUBBOCK, TX
125 AM CDT SAT OCT 25 2014


...................................

...THE CHILDRESS CLIMATE SUMMARY FOR OCTOBER 24 2014...

CLIMATE NORMAL PERIOD 1981 TO 2010
CLIMATE RECORD PERIOD 1893 TO 2014


WEATHER ITEM   OBSERVED TIME   RECORD YEAR NORMAL DEPARTURE LAST
                VALUE   (LST)  VALUE       VALUE  FROM      YEAR
                                                  NORMAL
..................................................................
TEMPERATURE (F)
 YESTERDAY
  MAXIMUM         91R   402 PM  90    1939  74     17       67
  MINIMUM         57    527 AM  30    2005  47     10       46
  AVERAGE         74                        60     14       57

PRECIPITATION (IN)
  YESTERDAY        0.00          1.16 2002   0.07  -0.07     0.00
  MONTH TO DATE    0.32                      1.82  -1.50     0.51
  SINCE SEP 1      1.95                      4.24  -2.29     1.20
  SINCE JAN 1     17.56                     21.33  -3.77    14.44

SNOWFALL (IN)
  YESTERDAY        0.0          MM      MM   0.0    0.0      0.0
  MONTH TO DATE    0.0                       0.1   -0.1      0.0
  SINCE SEP 1      0.0                       0.1   -0.1      0.0
  SINCE JUL 1      0.0                       0.1   -0.1      0.0
  SNOW DEPTH       0

DEGREE DAYS
 HEATING
  YESTERDAY        0                         6     -6        8
  MONTH TO DATE   30                        87    -57       98
  SINCE SEP 1     40                       104    -64       98
  SINCE JUL 1     40                       104    -64       98

 COOLING
  YESTERDAY        9                         1      8        0
  MONTH TO DATE  104                        68     36       77
  SINCE SEP 1    423                       361     62      452
  SINCE JAN 1   2282                      2192     90     2383
..................................................................


WIND (MPH)
  RESULTANT WIND SPEED   8   RESULTANT WIND DIRECTION  SW (210)
  HIGHEST WIND SPEED    15   HIGHEST WIND DIRECTION     W (250)
  HIGHEST GUST SPEED    20   HIGHEST GUST DIRECTION    SW (230)
  AVERAGE WIND SPEED     8.7


SKY COVER
  AVERAGE SKY COVER 0.0


WEATHER CONDITIONS
 THE FOLLOWING WEATHER WAS RECORDED YESTERDAY.
  FOG


RELATIVE HUMIDITY (PERCENT)
 HIGHEST   100           300 AM
 LOWEST     23           400 PM
 AVERAGE    62

..........................................................


THE CHILDRESS CLIMATE NORMALS FOR TODAY
                         NORMAL    RECORD    YEAR
 MAXIMUM TEMPERATURE (F)   74        94      2011
 MINIMUM TEMPERATURE (F)   47        33      1997
                                             1976
                                             1957


SUNRISE AND SUNSET
OCTOBER 25 2014.......SUNRISE   755 AM CDT   SUNSET   655 PM CDT
OCTOBER 26 2014.......SUNRISE   756 AM CDT   SUNSET   654 PM CDT


-  INDICATES NEGATIVE NUMBERS.
R  INDICATES RECORD WAS SET OR TIED.
MM INDICATES DATA IS MISSING.
T  INDICATES TRACE AMOUNT.




$$
