181
CDUS44 KLUB 210626
CLICDS


CLIMATE REPORT
NATIONAL WEATHER SERVICE LUBBOCK, TX
1226 AM CST SAT JAN 21 2017


...................................

...THE CHILDRESS CLIMATE SUMMARY FOR JANUARY 20 2017...

CLIMATE NORMAL PERIOD 1981 TO 2010
CLIMATE RECORD PERIOD 1893 TO 2017


WEATHER ITEM   OBSERVED TIME   RECORD YEAR NORMAL DEPARTURE LAST
                VALUE   (LST)  VALUE       VALUE  FROM      YEAR
                                                  NORMAL
..................................................................
TEMPERATURE (F)
 YESTERDAY
  MAXIMUM         66    344 PM  79    1999  55     11       51
  MINIMUM         44    259 AM  -1    1943  28     16       25
  AVERAGE         55                        42     13       38

PRECIPITATION (IN)
  YESTERDAY        0.00          0.67 2007   0.02  -0.02     0.00
  MONTH TO DATE    1.72                      0.40   1.32     0.51
  SINCE DEC 1      3.01                      1.31   1.70     1.36
  SINCE JAN 1      1.72                      0.40   1.32     0.51

SNOWFALL (IN)
  YESTERDAY        0.0          MM      MM   0.1   -0.1      0.0
  MONTH TO DATE    1.5                       1.7   -0.2      1.2
  SINCE DEC 1      1.5                       3.4   -1.9      6.2
  SINCE JUL 1      1.5                       4.3   -2.8      7.0
  SNOW DEPTH       0

DEGREE DAYS
 HEATING
  YESTERDAY       10                        23    -13       27
  MONTH TO DATE  462                       478    -16      522
  SINCE DEC 1   1149                      1191    -42     1113
  SINCE JUL 1   1416                      1751   -335     1566

 COOLING
  YESTERDAY        0                         0      0        0
  MONTH TO DATE    0                         0      0        0
  SINCE DEC 1      0                         0      0        0
  SINCE JAN 1      0                         0      0        0
..................................................................


WIND (MPH)
  RESULTANT WIND SPEED  15   RESULTANT WIND DIRECTION   W (260)
  HIGHEST WIND SPEED    35   HIGHEST WIND DIRECTION     W (250)
  HIGHEST GUST SPEED    44   HIGHEST GUST DIRECTION     W (250)
  AVERAGE WIND SPEED    16.1


SKY COVER
  AVERAGE SKY COVER 0.0


WEATHER CONDITIONS
 THE FOLLOWING WEATHER WAS RECORDED YESTERDAY.
  NO SIGNIFICANT WEATHER WAS OBSERVED.


RELATIVE HUMIDITY (PERCENT)
 HIGHEST    70          1200 AM
 LOWEST     26           400 PM
 AVERAGE    48

..........................................................


THE CHILDRESS CLIMATE NORMALS FOR TODAY
                         NORMAL    RECORD    YEAR
 MAXIMUM TEMPERATURE (F)   55        83      1986
 MINIMUM TEMPERATURE (F)   28        -2      1930


SUNRISE AND SUNSET
JANUARY 21 2017.......SUNRISE   745 AM CST   SUNSET   600 PM CST
JANUARY 22 2017.......SUNRISE   745 AM CST   SUNSET   601 PM CST


-  INDICATES NEGATIVE NUMBERS.
R  INDICATES RECORD WAS SET OR TIED.
MM INDICATES DATA IS MISSING.
T  INDICATES TRACE AMOUNT.




$$
