000
CDUS46 KEKA 031212
CLICEC


CLIMATE REPORT
NATIONAL WEATHER SERVICE EUREKA CA
412 AM PST SAT DEC 3 2016


...................................

...THE CRESCENT CITY CA CLIMATE SUMMARY FOR DECEMBER 2 2016...

CLIMATE NORMAL PERIOD 1981 TO 2010
CLIMATE RECORD PERIOD 1894 TO 2016


WEATHER ITEM   OBSERVED TIME   RECORD YEAR NORMAL DEPARTURE LAST
                VALUE   (LST)  VALUE       VALUE  FROM      YEAR
                                                  NORMAL
..................................................................
TEMPERATURE (F)
 YESTERDAY
  MAXIMUM         55   1200 PM  70    1958  54      1       62
  MINIMUM         41    203 AM  32    1978  42     -1       52
  AVERAGE         48                        48      0       57

PRECIPITATION (IN)
  YESTERDAY        0.00          4.48 1962   0.26  -0.26     0.42
  MONTH TO DATE    0.00                      0.52  -0.52     0.63
  SINCE OCT 1     31.96                     14.49  17.47    11.13
  SINCE JAN 1     64.74                     53.28  11.46    34.13

SNOWFALL (IN)
  YESTERDAY       MM            MM      MM  MM     MM        0.0
  MONTH TO DATE    0.0                      MM     MM        0.0
  SINCE DEC 1      0.0                      MM     MM        0.0
  SINCE JUL 1      0.0                      MM     MM        0.0
  SNOW DEPTH       0

DEGREE DAYS
 HEATING
  YESTERDAY       17                        17      0        8
  MONTH TO DATE   37                        34      3       21
  SINCE DEC 1     37                        34      3       21
  SINCE JUL 1   1370                      1651   -281     1190

 COOLING
  YESTERDAY        0                         0      0        0
  MONTH TO DATE    0                         0      0        0
  SINCE DEC 1      0                         0      0        0
  SINCE JAN 1      0                         0      0        5
..................................................................


WIND (MPH)
  HIGHEST WIND SPEED    10   HIGHEST WIND DIRECTION     E (80)
  HIGHEST GUST SPEED    13   HIGHEST GUST DIRECTION     E (80)
  AVERAGE WIND SPEED     4.7


SKY COVER
  AVERAGE SKY COVER 0.7


WEATHER CONDITIONS
 THE FOLLOWING WEATHER WAS RECORDED YESTERDAY.
  NO SIGNIFICANT WEATHER WAS OBSERVED.


RELATIVE HUMIDITY (PERCENT)
 HIGHEST    82
 LOWEST     54
 AVERAGE    68

..........................................................


THE CRESCENT CITY CA CLIMATE NORMALS FOR TODAY
                         NORMAL    RECORD    YEAR
 MAXIMUM TEMPERATURE (F)   54        67      1988
 MINIMUM TEMPERATURE (F)   42        32      1999


SUNRISE AND SUNSET
DECEMBER  3 2016......SUNRISE   727 AM PST   SUNSET   446 PM PST
DECEMBER  4 2016......SUNRISE   728 AM PST   SUNSET   446 PM PST


-  INDICATES NEGATIVE NUMBERS.
R  INDICATES RECORD WAS SET OR TIED.
MM INDICATES DATA IS MISSING.
T  INDICATES TRACE AMOUNT.




$$
