000
CDUS46 KEKA 041213
CLICEC


CLIMATE REPORT
NATIONAL WEATHER SERVICE EUREKA CA
513 AM PDT TUE AUG 4 2015


...................................

...THE CRESCENT CITY CA CLIMATE SUMMARY FOR AUGUST 3 2015...

CLIMATE NORMAL PERIOD 1981 TO 2010
CLIMATE RECORD PERIOD 1894 TO 2015


WEATHER ITEM   OBSERVED TIME   RECORD YEAR NORMAL DEPARTURE LAST
                VALUE   (LST)  VALUE       VALUE  FROM      YEAR
                                                  NORMAL
..................................................................
TEMPERATURE (F)
 YESTERDAY
  MAXIMUM         66    429 PM  73    1970  62      4       59
  MINIMUM         58    552 AM  43    1954  52      6       54
  AVERAGE         62                        57      5       57

PRECIPITATION (IN)
  YESTERDAY        0.00          0.50 1962   0.01  -0.01     0.00
  MONTH TO DATE    T                         0.02  -0.02     0.00
  SINCE OCT 1     41.84                     62.60 -20.76    28.73
  SINCE JAN 1     21.01                     37.36 -16.35    24.79

SNOWFALL (IN)
  YESTERDAY        0.0          MM      MM  MM     MM        0.0
  MONTH TO DATE    0.0                      MM     MM        0.0
  SINCE JUN 1      0.0                      MM     MM        0.0
  SINCE JUL 1      0.0                      MM     MM        0.0
  SNOW DEPTH       0

DEGREE DAYS
 HEATING
  YESTERDAY        3                         8     -5        8
  MONTH TO DATE    8                        24    -16       21
  SINCE JUN 1    437                       607   -170      555
  SINCE JUL 1    155                       298   -143      234

 COOLING
  YESTERDAY        0                         0      0        0
  MONTH TO DATE    0                         0      0        0
  SINCE JUN 1      2                         0      2        0
  SINCE JAN 1      2                         0      2        0
..................................................................


WIND (MPH)
  HIGHEST WIND SPEED     8   HIGHEST WIND DIRECTION     W (260)
  HIGHEST GUST SPEED    11   HIGHEST GUST DIRECTION     S (200)
  AVERAGE WIND SPEED     3.0


SKY COVER
  AVERAGE SKY COVER 1.0


WEATHER CONDITIONS
 THE FOLLOWING WEATHER WAS RECORDED YESTERDAY.
  FOG


RELATIVE HUMIDITY (PERCENT)
 HIGHEST   100
 LOWEST     78
 AVERAGE    89

..........................................................


THE CRESCENT CITY CA CLIMATE NORMALS FOR TODAY
                         NORMAL    RECORD    YEAR
 MAXIMUM TEMPERATURE (F)   62        71      1982
 MINIMUM TEMPERATURE (F)   52        41      1950


SUNRISE AND SUNSET
AUGUST  4 2015........SUNRISE   614 AM PDT   SUNSET   832 PM PDT
AUGUST  5 2015........SUNRISE   615 AM PDT   SUNSET   830 PM PDT


-  INDICATES NEGATIVE NUMBERS.
R  INDICATES RECORD WAS SET OR TIED.
MM INDICATES DATA IS MISSING.
T  INDICATES TRACE AMOUNT.




$$
