000
CDUS46 KEKA 291211
CLICEC


CLIMATE REPORT
NATIONAL WEATHER SERVICE EUREKA CA
510 AM PDT SUN MAR 29 2015


...................................

...THE CRESCENT CITY CA CLIMATE SUMMARY FOR MARCH 28 2015...

CLIMATE NORMAL PERIOD 1981 TO 2010
CLIMATE RECORD PERIOD 1894 TO 2015


WEATHER ITEM   OBSERVED TIME   RECORD YEAR NORMAL DEPARTURE LAST
                VALUE   (LST)  VALUE       VALUE  FROM      YEAR
                                                  NORMAL
..................................................................
TEMPERATURE (F)
 YESTERDAY
  MAXIMUM         58    328 PM  68    1969  55      3       54
  MINIMUM         43    615 AM  31    1998  43      0       51
  AVERAGE         51                        49      2       53

PRECIPITATION (IN)
  YESTERDAY        T             1.42 2005   0.27  -0.27     1.17
  MONTH TO DATE    5.25                      6.99  -1.74     6.42
  SINCE OCT 1     35.74                     51.50 -15.76    22.00
  SINCE JAN 1     14.91                     26.26 -11.35    18.06

SNOWFALL (IN)
  YESTERDAY       MM            MM      MM  MM     MM        0.0
  MONTH TO DATE    0.0                      MM     MM        0.0
  SINCE MAR 1      0.0                      MM     MM        0.0
  SINCE JUL 1      0.0                      MM     MM        0.0
  SNOW DEPTH       0

DEGREE DAYS
 HEATING
  YESTERDAY       14                        16     -2       12
  MONTH TO DATE  386                       462    -76      384
  SINCE MAR 1    386                       462    -76      384
  SINCE JUL 1   2607                      3635  -1028     3550

 COOLING
  YESTERDAY        0                         0      0        0
  MONTH TO DATE    0                         0      0        0
  SINCE MAR 1      0                         0      0        0
  SINCE JAN 1      0                         0      0        0
..................................................................


WIND (MPH)
  HIGHEST WIND SPEED    22   HIGHEST WIND DIRECTION    NW (330)
  HIGHEST GUST SPEED    29   HIGHEST GUST DIRECTION    NW (330)
  AVERAGE WIND SPEED     9.2


SKY COVER
  AVERAGE SKY COVER 0.0


WEATHER CONDITIONS
 THE FOLLOWING WEATHER WAS RECORDED YESTERDAY.
  LIGHT RAIN
  FOG
  HAZE


RELATIVE HUMIDITY (PERCENT)
 HIGHEST   100
 LOWEST     72
 AVERAGE    86

..........................................................


THE CRESCENT CITY CA CLIMATE NORMALS FOR TODAY
                         NORMAL    RECORD    YEAR
 MAXIMUM TEMPERATURE (F)   55        75      2003
 MINIMUM TEMPERATURE (F)   43        32      2008
                                             1985


SUNRISE AND SUNSET
MARCH 29 2015.........SUNRISE   705 AM PDT   SUNSET   739 PM PDT
MARCH 30 2015.........SUNRISE   703 AM PDT   SUNSET   740 PM PDT


-  INDICATES NEGATIVE NUMBERS.
R  INDICATES RECORD WAS SET OR TIED.
MM INDICATES DATA IS MISSING.
T  INDICATES TRACE AMOUNT.




$$
