000
CDUS46 KEKA 261212
CLICEC


CLIMATE REPORT
NATIONAL WEATHER SERVICE EUREKA CA
412 AM PST SUN FEB 26 2017


...................................

...THE CRESCENT CITY CA CLIMATE SUMMARY FOR FEBRUARY 25 2017...

CLIMATE NORMAL PERIOD 1981 TO 2010
CLIMATE RECORD PERIOD 1894 TO 2017


WEATHER ITEM   OBSERVED TIME   RECORD YEAR NORMAL DEPARTURE LAST
                VALUE   (LST)  VALUE       VALUE  FROM      YEAR
                                                  NORMAL
..................................................................
TEMPERATURE (F)
 YESTERDAY
  MAXIMUM         52    320 PM  75    1992  54     -2       59
  MINIMUM         38    748 AM  30    1962  42     -4       43
  AVERAGE         45                        48     -3       51

PRECIPITATION (IN)
  YESTERDAY        0.01          1.55 1956   0.30  -0.29     0.00
  MONTH TO DATE   13.13                      7.97   5.16     3.16
  SINCE OCT 1     70.45                     43.60  26.85    52.27
  SINCE JAN 1     25.35                     18.36   6.99    17.59

SNOWFALL (IN)
  YESTERDAY       MM            MM      MM  MM     MM        0.0
  MONTH TO DATE    0.0                      MM     MM        0.0
  SINCE DEC 1      0.0                      MM     MM        0.0
  SINCE JUL 1      0.0                      MM     MM        0.0
  SNOW DEPTH       0

DEGREE DAYS
 HEATING
  YESTERDAY       20                        17      3       14
  MONTH TO DATE  342                       439    -97      326
  SINCE DEC 1   1534                      1508     26     1254
  SINCE JUL 1   2867                      3125   -258     2423

 COOLING
  YESTERDAY        0                         0      0        0
  MONTH TO DATE    0                         0      0        0
  SINCE DEC 1      0                         0      0        0
  SINCE JAN 1      0                         0      0        0
..................................................................


WIND (MPH)
  HIGHEST WIND SPEED    16   HIGHEST WIND DIRECTION     N (340)
  HIGHEST GUST SPEED    21   HIGHEST GUST DIRECTION     N (340)
  AVERAGE WIND SPEED     8.0


SKY COVER
  AVERAGE SKY COVER 0.3


WEATHER CONDITIONS
 THE FOLLOWING WEATHER WAS RECORDED YESTERDAY.
  LIGHT RAIN


RELATIVE HUMIDITY (PERCENT)
 HIGHEST    92
 LOWEST     59
 AVERAGE    76

..........................................................


THE CRESCENT CITY CA CLIMATE NORMALS FOR TODAY
                         NORMAL    RECORD    YEAR
 MAXIMUM TEMPERATURE (F)   54        76      1986
 MINIMUM TEMPERATURE (F)   42        26      1996


SUNRISE AND SUNSET
FEBRUARY 26 2017......SUNRISE   656 AM PST   SUNSET   604 PM PST
FEBRUARY 27 2017......SUNRISE   654 AM PST   SUNSET   605 PM PST


-  INDICATES NEGATIVE NUMBERS.
R  INDICATES RECORD WAS SET OR TIED.
MM INDICATES DATA IS MISSING.
T  INDICATES TRACE AMOUNT.




$$
