000
CDUS46 KEKA 191214
CLICEC


CLIMATE REPORT
NATIONAL WEATHER SERVICE EUREKA CA
513 AM PDT SAT APR 19 2014


...................................

...THE CRESCENT CITY CA CLIMATE SUMMARY FOR APRIL 18 2014...

CLIMATE NORMAL PERIOD 1981 TO 2010
CLIMATE RECORD PERIOD 1894 TO 2014


WEATHER ITEM   OBSERVED TIME   RECORD YEAR NORMAL DEPARTURE LAST
                VALUE   (LST)  VALUE       VALUE  FROM      YEAR
                                                  NORMAL
..................................................................
TEMPERATURE (F)
 YESTERDAY
  MAXIMUM         56    222 PM  69    1950  55      1       55
  MINIMUM         40    604 AM  32    1968  44     -4       43
  AVERAGE         48                        49     -1       49

PRECIPITATION (IN)
  YESTERDAY        0.00          2.20 1965   0.16  -0.16     0.00
  MONTH TO DATE    0.08                      3.60  -3.52     3.05
  SINCE JUL 1     28.02                     57.83 -29.81    50.01
  SINCE JAN 1     19.03                     30.73 -11.70    16.31

SNOWFALL (IN)
  YESTERDAY        0.0          MM      MM  MM     MM        0.0
  MONTH TO DATE    0.0                      MM     MM        0.0
  SINCE MAR 1      0.0                      MM     MM        0.0
  SINCE JUL 1      0.0                      MM     MM        0.0
  SNOW DEPTH       0

DEGREE DAYS
 HEATING
  YESTERDAY       17                        16      1       16
  MONTH TO DATE  255                       288    -33      288
  SINCE MAR 1    686                       801   -115      808
  SINCE JUL 1   3852                      3974   -122     4041

 COOLING
  YESTERDAY        0                         0      0        0
  MONTH TO DATE    0                         0      0        0
  SINCE MAR 1      0                         0      0        0
  SINCE JAN 1      0                         0      0        0
..................................................................


WIND (MPH)
  HIGHEST WIND SPEED    13   HIGHEST WIND DIRECTION    NW (330)
  HIGHEST GUST SPEED    15   HIGHEST GUST DIRECTION    NW (320)
  AVERAGE WIND SPEED     4.5


SKY COVER
  AVERAGE SKY COVER 0.2


WEATHER CONDITIONS
 THE FOLLOWING WEATHER WAS RECORDED YESTERDAY.
  FOG
  FOG W/VISIBILITY <= 1/4 MILE


RELATIVE HUMIDITY (PERCENT)
 HIGHEST   100
 LOWEST     72
 AVERAGE    86

..........................................................


THE CRESCENT CITY CA CLIMATE NORMALS FOR TODAY
                         NORMAL    RECORD    YEAR
 MAXIMUM TEMPERATURE (F)   55        72      1950
 MINIMUM TEMPERATURE (F)   44        32      1968


SUNRISE AND SUNSET
APRIL 19 2014.........SUNRISE   630 AM PDT   SUNSET   802 PM PDT
APRIL 20 2014.........SUNRISE   629 AM PDT   SUNSET   803 PM PDT


-  INDICATES NEGATIVE NUMBERS.
R  INDICATES RECORD WAS SET OR TIED.
MM INDICATES DATA IS MISSING.
T  INDICATES TRACE AMOUNT.




$$
