000
CDUS46 KEKA 060018
CLICEC


CLIMATE REPORT
NATIONAL WEATHER SERVICE EUREKA CA
414 PM PST THU MAR 5 2015


...................................

...THE CRESCENT CITY CA CLIMATE SUMMARY FOR MARCH 5 2015...
VALID TODAY AS OF 0400 PM LOCAL TIME.

CLIMATE NORMAL PERIOD 1981 TO 2010
CLIMATE RECORD PERIOD 1894 TO 2015


WEATHER ITEM   OBSERVED TIME   RECORD YEAR NORMAL DEPARTURE LAST
                VALUE   (LST)  VALUE       VALUE  FROM      YEAR
                                                  NORMAL
..................................................................
TEMPERATURE (F)
 TODAY
  MAXIMUM         60   1150 AM  73    1984  54      6       60
  MINIMUM         38    442 AM  28    1999  42     -4       54
  AVERAGE         49                        48      1       57

PRECIPITATION (IN)
  TODAY            0.00          2.02 2013   0.23  -0.23     0.46
  MONTH TO DATE    T                         1.19  -1.19     1.96
  SINCE OCT 1     30.49                     45.70 -15.21    17.54
  SINCE JAN 1      9.66                     20.46 -10.80    13.60

SNOWFALL (IN)
  TODAY            0.0          MM      MM  MM     MM        0.0
  MONTH TO DATE    0.0                      MM     MM        0.0
  SINCE MAR 1      0.0                      MM     MM        0.0
  SINCE JUL 1      0.0                      MM     MM        0.0
  SNOW DEPTH       0

..................................................................


WIND (MPH)
  HIGHEST WIND SPEED    10   HIGHEST WIND DIRECTION     S (190)
  HIGHEST GUST SPEED    12   HIGHEST GUST DIRECTION     S (170)
  AVERAGE WIND SPEED     5.8


SKY COVER
  AVERAGE SKY COVER 0.0


WEATHER CONDITIONS
 THE FOLLOWING WEATHER WAS RECORDED TODAY.
  NO SIGNIFICANT WEATHER WAS OBSERVED.


RELATIVE HUMIDITY (PERCENT)
 HIGHEST   100
 LOWEST     47
 AVERAGE    74

..........................................................


THE CRESCENT CITY CA CLIMATE NORMALS FOR TOMORROW
                         NORMAL    RECORD    YEAR
 MAXIMUM TEMPERATURE (F)   54        70      1955
 MINIMUM TEMPERATURE (F)   42        29      1999


SUNRISE AND SUNSET
MARCH  5 2015.........SUNRISE   646 AM PST   SUNSET   612 PM PST
MARCH  6 2015.........SUNRISE   644 AM PST   SUNSET   613 PM PST


-  INDICATES NEGATIVE NUMBERS.
R  INDICATES RECORD WAS SET OR TIED.
MM INDICATES DATA IS MISSING.
T  INDICATES TRACE AMOUNT.




$$
