000
CDUS46 KEKA 221225
CLICEC


CLIMATE REPORT
NATIONAL WEATHER SERVICE EUREKA CA
524 AM PDT THU JUN 22 2017


...................................

...THE CRESCENT CITY CA CLIMATE SUMMARY FOR JUNE 21 2017...

CLIMATE NORMAL PERIOD 1981 TO 2010
CLIMATE RECORD PERIOD 1894 TO 2017


WEATHER ITEM   OBSERVED TIME   RECORD YEAR NORMAL DEPARTURE LAST
                VALUE   (LST)  VALUE       VALUE  FROM      YEAR
                                                  NORMAL
..................................................................
TEMPERATURE (F)
 YESTERDAY
  MAXIMUM         60    146 PM  77    1992  61     -1       62
  MINIMUM         51    436 AM  41    1953  49      2       49
  AVERAGE         56                        55      1       56

PRECIPITATION (IN)
  YESTERDAY        0.00          0.09 1952   0.05  -0.05     0.00
  MONTH TO DATE    1.64                      1.28   0.36     0.28
  SINCE OCT 1     94.29                     61.72  32.57    66.43
  SINCE JAN 1     49.19                     36.48  12.71    31.75

SNOWFALL (IN)
  YESTERDAY        0.0          MM      MM  MM     MM        0.0
  MONTH TO DATE    0.0                      MM     MM        0.0
  SINCE JUN 1      0.0                      MM     MM        0.0
  SINCE JUL 1      0.0                      MM     MM        0.0
  SNOW DEPTH       0

DEGREE DAYS
 HEATING
  YESTERDAY        9                        10     -1        9
  MONTH TO DATE  204                       221    -17      186
  SINCE JUN 1    204                       221    -17      186
  SINCE JUL 1   4388                      4772   -384     3754

 COOLING
  YESTERDAY        0                         0      0        0
  MONTH TO DATE    0                         0      0        0
  SINCE JUN 1      0                         0      0        0
  SINCE JAN 1      0                         0      0        0
..................................................................


WIND (MPH)
  HIGHEST WIND SPEED    31   HIGHEST WIND DIRECTION     N (340)
  HIGHEST GUST SPEED    42   HIGHEST GUST DIRECTION     N (340)
  AVERAGE WIND SPEED    22.0


SKY COVER
  AVERAGE SKY COVER 0.0


WEATHER CONDITIONS
 THE FOLLOWING WEATHER WAS RECORDED YESTERDAY.
  FOG
  HAZE


RELATIVE HUMIDITY (PERCENT)
 HIGHEST    96
 LOWEST     64
 AVERAGE    80

..........................................................


THE CRESCENT CITY CA CLIMATE NORMALS FOR TODAY
                         NORMAL    RECORD    YEAR
 MAXIMUM TEMPERATURE (F)   61        77      1964
 MINIMUM TEMPERATURE (F)   50        40      1996


SUNRISE AND SUNSET
JUNE 22 2017..........SUNRISE   443 AM PST   SUNSET   755 PM PST
JUNE 23 2017..........SUNRISE   443 AM PST   SUNSET   756 PM PST


-  INDICATES NEGATIVE NUMBERS.
R  INDICATES RECORD WAS SET OR TIED.
MM INDICATES DATA IS MISSING.
T  INDICATES TRACE AMOUNT.




$$
