000
CDUS45 KGJT 042332
CLICEZ


CLIMATE REPORT
NATIONAL WEATHER SERVICE GRAND JUNCTION CO
525 PM MDT FRI SEP 4 2015


...................................

...THE CORTEZ CO CLIMATE SUMMARY FOR SEPTEMBER 4 2015...
VALID TODAY AS OF 0500 PM LOCAL TIME.

CLIMATE NORMAL PERIOD 1981 TO 2010
CLIMATE RECORD PERIOD 9999 TO 9999


WEATHER ITEM   OBSERVED TIME   RECORD YEAR NORMAL DEPARTURE LAST
                VALUE   (LST)  VALUE       VALUE  FROM      YEAR
                                                  NORMAL
..................................................................
TEMPERATURE (F)
 TODAY
  MAXIMUM         78    256 PM  MM      MM  82     -4       68
  MINIMUM         57    324 AM  MM      MM  48      9       47
  AVERAGE         68                        64      4       58

PRECIPITATION (IN)
  TODAY            0.01         MM      MM   0.05  -0.04     0.06
  MONTH TO DATE    0.03                      0.19  -0.16     0.06
  SINCE SEP 1      0.03                      0.19  -0.16     0.06
  SINCE JAN 1      9.00                      8.63   0.37     5.16

SNOWFALL (IN)
  TODAY           MM            MM      MM  MM     MM       MM
  MONTH TO DATE   MM                        MM     MM       MM
  SINCE SEP 1     MM                        MM     MM       MM
  SINCE JUL 1     MM                        MM     MM       MM
  SNOW DEPTH      MM

DEGREE DAYS
 HEATING
  TODAY            0                         2     -2        7
  MONTH TO DATE    0                         7     -7        7
  SINCE SEP 1      0                         7     -7        7
  SINCE JUL 1      0                        19    -19       17

 COOLING
  TODAY            3                         1      2        0
  MONTH TO DATE   20                         7     13        7
  SINCE SEP 1     20                         7     13        7
  SINCE JAN 1    479                       416     63      519
..................................................................


WIND (MPH)
  HIGHEST WIND SPEED    16   HIGHEST WIND DIRECTION     S (160)
  HIGHEST GUST SPEED    22   HIGHEST GUST DIRECTION     S (170)
  AVERAGE WIND SPEED     6.1


SKY COVER
  POSSIBLE SUNSHINE  MM
  AVERAGE SKY COVER 0.7


WEATHER CONDITIONS
 THE FOLLOWING WEATHER WAS RECORDED TODAY.
  THUNDERSTORM
  LIGHT RAIN


RELATIVE HUMIDITY (PERCENT)
 HIGHEST    64           700 AM
 LOWEST     41          1200 PM
 AVERAGE    53

..........................................................


THE CORTEZ CO CLIMATE NORMALS FOR TOMORROW
                         NORMAL    RECORD    YEAR
 MAXIMUM TEMPERATURE (F)   81        MM        MM
 MINIMUM TEMPERATURE (F)   47        MM        MM


SUNRISE AND SUNSET
SEPTEMBER  4 2015.....SUNRISE   647 AM MDT   SUNSET   739 PM MDT
SEPTEMBER  5 2015.....SUNRISE   648 AM MDT   SUNSET   738 PM MDT


-  INDICATES NEGATIVE NUMBERS.
R  INDICATES RECORD WAS SET OR TIED.
MM INDICATES DATA IS MISSING.
T  INDICATES TRACE AMOUNT.




$$
