000
CDUS45 KGJT 260735
CLICEZ


CLIMATE REPORT
NATIONAL WEATHER SERVICE GRAND JUNCTION CO
132 AM MDT FRI AUG 26 2016


...................................

...THE CORTEZ CO CLIMATE SUMMARY FOR AUGUST 25 2016...

CLIMATE NORMAL PERIOD 1981 TO 2010
CLIMATE RECORD PERIOD 9999 TO 9999


WEATHER ITEM   OBSERVED TIME   RECORD YEAR NORMAL DEPARTURE LAST
                VALUE   (LST)  VALUE       VALUE  FROM      YEAR
                                                  NORMAL
..................................................................
TEMPERATURE (F)
 YESTERDAY
  MAXIMUM         81    304 PM  MM      MM  84     -3       90
  MINIMUM         47    557 AM  MM      MM  51     -4       55
  AVERAGE         64                        68     -4       73

PRECIPITATION (IN)
  YESTERDAY        0.35         MM      MM   0.05   0.30     0.12
  MONTH TO DATE    3.47                      1.20   2.27     0.93
  SINCE JUN 1      5.13                      2.97   2.16     4.56
  SINCE JAN 1      8.44                      8.11   0.33     8.56

SNOWFALL (IN)
  YESTERDAY       MM            MM      MM  MM     MM       MM
  MONTH TO DATE   MM                        MM     MM       MM
  SINCE JUN 1     MM                        MM     MM       MM
  SINCE JUL 1     MM                        MM     MM       MM
  SNOW DEPTH      MM

DEGREE DAYS
 HEATING
  YESTERDAY        1                         1      0        0
  MONTH TO DATE    1                         1      0        0
  SINCE JUN 1     15                        79    -64       40
  SINCE JUL 1      3                         4     -1        0

 COOLING
  YESTERDAY        0                         3     -3        8
  MONTH TO DATE  111                       131    -20      154
  SINCE JUN 1    514                       390    124      430
  SINCE JAN 1    514                       395    119      430
..................................................................


WIND (MPH)
  HIGHEST WIND SPEED    25   HIGHEST WIND DIRECTION    NW (330)
  HIGHEST GUST SPEED    40   HIGHEST GUST DIRECTION    NW (330)
  AVERAGE WIND SPEED     5.6


SKY COVER
  POSSIBLE SUNSHINE  MM
  AVERAGE SKY COVER 0.3


WEATHER CONDITIONS
 THE FOLLOWING WEATHER WAS RECORDED YESTERDAY.
  THUNDERSTORM
  HEAVY RAIN
  RAIN
  LIGHT RAIN
  FOG


RELATIVE HUMIDITY (PERCENT)
 HIGHEST   100           800 PM
 LOWEST     25           400 PM
 AVERAGE    63

..........................................................


THE CORTEZ CO CLIMATE NORMALS FOR TODAY
                         NORMAL    RECORD    YEAR
 MAXIMUM TEMPERATURE (F)   84        MM        MM
 MINIMUM TEMPERATURE (F)   51        MM        MM


SUNRISE AND SUNSET
AUGUST 26 2016........SUNRISE   641 AM MDT   SUNSET   751 PM MDT
AUGUST 27 2016........SUNRISE   641 AM MDT   SUNSET   750 PM MDT


-  INDICATES NEGATIVE NUMBERS.
R  INDICATES RECORD WAS SET OR TIED.
MM INDICATES DATA IS MISSING.
T  INDICATES TRACE AMOUNT.




$$
