000
CDUS43 KPAH 230635
CLICGI


CLIMATE REPORT
NATIONAL WEATHER SERVICE PADUCAH KY
132 AM CDT WED APR 23 2014


...................................

...THE CAPE GIRARDEAU MO CLIMATE SUMMARY FOR APRIL 22 2014...

CLIMATE NORMAL PERIOD 1981 TO 2010
CLIMATE RECORD PERIOD 1960 TO 2014


WEATHER ITEM   OBSERVED TIME   RECORD YEAR NORMAL DEPARTURE LAST
                VALUE   (LST)  VALUE       VALUE  FROM      YEAR
                                                  NORMAL
..................................................................
TEMPERATURE (F)
 YESTERDAY
  MAXIMUM         72    350 PM  90    1963  71      1       72
  MINIMUM         47   1153 PM  31    2000  48     -1       40
  AVERAGE         60                        59      1

PRECIPITATION (IN)
  YESTERDAY        0.01          2.20 1973   0.16  -0.15     0.00
  MONTH TO DATE    3.81                      3.07   0.74     2.90
  SINCE MAR 1      6.12                      7.47  -1.35     5.45
  SINCE JAN 1      9.26                     14.35  -5.09    12.07

DEGREE DAYS
 HEATING
  YESTERDAY        5                         7     -2        9
  MONTH TO DATE  187                       219    -32      224
  SINCE MAR 1    905                       778    127      946
  SINCE JUL 1   4830                      4275    555     4185

 COOLING
  YESTERDAY        0                         1     -1        0
  MONTH TO DATE    7                        16     -9       24
  SINCE MAR 1      7                        20    -13       24
  SINCE JAN 1      7                        20    -13       24
..................................................................


WIND (MPH)
  HIGHEST WIND SPEED    21   HIGHEST WIND DIRECTION     N (340)
  HIGHEST GUST SPEED    26   HIGHEST GUST DIRECTION     N (340)
  AVERAGE WIND SPEED    10.6


SKY COVER
  AVERAGE SKY COVER 0.2


WEATHER CONDITIONS
 THE FOLLOWING WEATHER WAS RECORDED YESTERDAY.
  FOG


RELATIVE HUMIDITY (PERCENT)
 HIGHEST    97
 LOWEST     29
 AVERAGE    63

..........................................................


THE CAPE GIRARDEAU MO CLIMATE NORMALS FOR TODAY
                         NORMAL    RECORD    YEAR
 MAXIMUM TEMPERATURE (F)   71        90      1980
 MINIMUM TEMPERATURE (F)   48        34      2012


SUNRISE AND SUNSET
APRIL 23 2014.........SUNRISE   613 AM CDT   SUNSET   741 PM CDT
APRIL 24 2014.........SUNRISE   612 AM CDT   SUNSET   741 PM CDT


-  INDICATES NEGATIVE NUMBERS.
R  INDICATES RECORD WAS SET OR TIED.
MM INDICATES DATA IS MISSING.
T  INDICATES TRACE AMOUNT.




$$
