000
CDUS44 KMRX 270836
CLICHA


CLIMATE REPORT
NATIONAL WEATHER SERVICE MORRISTOWN TN
436 AM EDT SAT MAY 27 2017


...................................

...THE CHATTANOOGA  ASOS CLIMATE SUMMARY FOR MAY 26 2017...

CLIMATE NORMAL PERIOD 1981 TO 2010
CLIMATE RECORD PERIOD 1879 TO 2017


WEATHER ITEM   OBSERVED TIME   RECORD YEAR NORMAL DEPARTURE LAST
                VALUE   (LST)  VALUE       VALUE  FROM      YEAR
                                                  NORMAL
..................................................................
TEMPERATURE (F)
 YESTERDAY
  MAXIMUM         85    500 PM  94    1962  82      3       91
                                      1953
  MINIMUM         52    526 AM  40    1979  60     -8       67
  AVERAGE         69                        71     -2       79

PRECIPITATION (IN)
  YESTERDAY        0.00          1.64 1974   0.13  -0.13     0.02
  MONTH TO DATE    4.32                      3.47   0.85     1.43
  SINCE MAR 1     18.88                     12.44   6.44     6.50
  SINCE JAN 1     27.31                     22.19   5.12    17.24

DEGREE DAYS
 COOLING
  YESTERDAY        4                         7     -3       14
  MONTH TO DATE  153                       112     41      131
  SINCE MAR 1    279                       158    121      210
  SINCE JAN 1    279                       158    121      210
..................................................................


WIND (MPH)
  HIGHEST WIND SPEED    18   HIGHEST WIND DIRECTION     S (200)
  HIGHEST GUST SPEED    22   HIGHEST GUST DIRECTION    SW (210)
  AVERAGE WIND SPEED     5.3


SKY COVER
  POSSIBLE SUNSHINE  MM
  AVERAGE SKY COVER 0.4


WEATHER CONDITIONS
 THE FOLLOWING WEATHER WAS RECORDED YESTERDAY.
  NO SIGNIFICANT WEATHER WAS OBSERVED.


RELATIVE HUMIDITY (PERCENT)
 HIGHEST    93           400 AM
 LOWEST     40           500 PM
 AVERAGE    67

..........................................................


THE CHATTANOOGA  ASOS CLIMATE NORMALS FOR TODAY
                         NORMAL    RECORD    YEAR
 MAXIMUM TEMPERATURE (F)   83        95      1911
 MINIMUM TEMPERATURE (F)   61        41      1961


SUNRISE AND SUNSET
MAY 27 2017...........SUNRISE   630 AM EDT   SUNSET   847 PM EDT
MAY 28 2017...........SUNRISE   629 AM EDT   SUNSET   847 PM EDT


-  INDICATES NEGATIVE NUMBERS.
R  INDICATES RECORD WAS SET OR TIED.
MM INDICATES DATA IS MISSING.
T  INDICATES TRACE AMOUNT.




$$
