000
CDUS44 KMRX 110915
CLICHA


CLIMATE REPORT
NATIONAL WEATHER SERVICE MORRISTOWN TN
414 AM EST SUN DEC 11 2016


...................................

...THE CHATTANOOGA  ASOS CLIMATE SUMMARY FOR DECEMBER 10 2016...

CLIMATE NORMAL PERIOD 1981 TO 2010
CLIMATE RECORD PERIOD 1879 TO 2016


WEATHER ITEM   OBSERVED TIME   RECORD YEAR NORMAL DEPARTURE LAST
                VALUE   (LST)  VALUE       VALUE  FROM      YEAR
                                                  NORMAL
..................................................................
TEMPERATURE (F)
 YESTERDAY
  MAXIMUM         44    407 PM  77    2007  53     -9       67
  MINIMUM         23    757 AM   8    1917  34    -11       46
  AVERAGE         34                        44    -10       57

PRECIPITATION (IN)
  YESTERDAY        0.00          2.41 2008   0.17  -0.17     0.00
  MONTH TO DATE    2.89                      1.74   1.15     2.77
  SINCE DEC 1      2.89                      1.74   1.15     2.77
  SINCE JAN 1     33.42                     49.32 -15.90    59.14

SNOWFALL (IN)
  YESTERDAY        0.0                       0.0    0.0      0.0
  MONTH TO DATE    0.0                       0.0    0.0      0.0
  SINCE DEC 1      0.0                       0.0    0.0      0.0
  SINCE JUL 1      0.0                       T      0.0      0.0
  SNOW DEPTH       0

DEGREE DAYS
 HEATING
  YESTERDAY       31                        22      9        8
  MONTH TO DATE  214                       204     10      156
  SINCE DEC 1    214                       204     10      156
  SINCE JUL 1    534                       793   -259      536
..................................................................


WIND (MPH)
  HIGHEST WIND SPEED    10   HIGHEST WIND DIRECTION     N (10)
  HIGHEST GUST SPEED    14   HIGHEST GUST DIRECTION     N (10)
  AVERAGE WIND SPEED     2.7


SKY COVER
  POSSIBLE SUNSHINE  MM
  AVERAGE SKY COVER 0.1


WEATHER CONDITIONS
 THE FOLLOWING WEATHER WAS RECORDED YESTERDAY.
  NO SIGNIFICANT WEATHER WAS OBSERVED.


RELATIVE HUMIDITY (PERCENT)
 HIGHEST    81           600 AM
 LOWEST     24           500 PM
 AVERAGE    53

..........................................................


THE CHATTANOOGA  ASOS CLIMATE NORMALS FOR TODAY
                         NORMAL    RECORD    YEAR
 MAXIMUM TEMPERATURE (F)   53        77      2007
 MINIMUM TEMPERATURE (F)   34        10      1962


SUNRISE AND SUNSET
DECEMBER 11 2016......SUNRISE   739 AM EST   SUNSET   530 PM EST
DECEMBER 12 2016......SUNRISE   740 AM EST   SUNSET   530 PM EST


-  INDICATES NEGATIVE NUMBERS.
R  INDICATES RECORD WAS SET OR TIED.
MM INDICATES DATA IS MISSING.
T  INDICATES TRACE AMOUNT.




$$
