000
CDUS44 KMRX 290830
CLICHA


CLIMATE REPORT
NATIONAL WEATHER SERVICE MORRISTOWN TN
429 AM EDT FRI JUL 29 2016


...................................

...THE CHATTANOOGA  ASOS CLIMATE SUMMARY FOR JULY 28 2016...

CLIMATE NORMAL PERIOD 1981 TO 2010
CLIMATE RECORD PERIOD 1879 TO 2016


WEATHER ITEM   OBSERVED TIME   RECORD YEAR NORMAL DEPARTURE LAST
                VALUE   (LST)  VALUE       VALUE  FROM      YEAR
                                                  NORMAL
..................................................................
TEMPERATURE (F)
 YESTERDAY
  MAXIMUM         86    213 PM 106    1952  90     -4       94
  MINIMUM         75   1159 PM  56    1911  70      5       76
  AVERAGE         81                        80      1       85

PRECIPITATION (IN)
  YESTERDAY        0.52          2.74 2007   0.15   0.37     0.10
  MONTH TO DATE    2.15                      4.47  -2.32     6.28
  SINCE JUN 1      3.37                      8.52  -5.15    10.39
  SINCE JAN 1     20.61                     31.34 -10.73    33.59

DEGREE DAYS
 COOLING
  YESTERDAY       16                        15      1       20
  MONTH TO DATE  534                       416    118      460
  SINCE JUN 1   1006                       761    245      901
  SINCE JAN 1   1282                       957    325     1177
..................................................................


WIND (MPH)
  HIGHEST WIND SPEED    21   HIGHEST WIND DIRECTION    SW (210)
  HIGHEST GUST SPEED    28   HIGHEST GUST DIRECTION    SW (210)
  AVERAGE WIND SPEED     8.2


SKY COVER
  POSSIBLE SUNSHINE  MM
  AVERAGE SKY COVER 0.7


WEATHER CONDITIONS
 THE FOLLOWING WEATHER WAS RECORDED YESTERDAY.
  THUNDERSTORM
  HEAVY RAIN
  RAIN
  LIGHT RAIN
  FOG
  HAZE


RELATIVE HUMIDITY (PERCENT)
 HIGHEST    88           400 PM
 LOWEST     59           200 PM
 AVERAGE    74

..........................................................


THE CHATTANOOGA  ASOS CLIMATE NORMALS FOR TODAY
                         NORMAL    RECORD    YEAR
 MAXIMUM TEMPERATURE (F)   90       105      1952
 MINIMUM TEMPERATURE (F)   70        61      1994


SUNRISE AND SUNSET
JULY 29 2016..........SUNRISE   648 AM EDT   SUNSET   846 PM EDT
JULY 30 2016..........SUNRISE   649 AM EDT   SUNSET   845 PM EDT


-  INDICATES NEGATIVE NUMBERS.
R  INDICATES RECORD WAS SET OR TIED.
MM INDICATES DATA IS MISSING.
T  INDICATES TRACE AMOUNT.




$$
