000
CDUS44 KMRX 260853
CLICHA


CLIMATE REPORT
NATIONAL WEATHER SERVICE MORRISTOWN TN
452 AM EDT THU MAY 26 2016


...................................

...THE CHATTANOOGA  ASOS CLIMATE SUMMARY FOR MAY 25 2016...

CLIMATE NORMAL PERIOD 1981 TO 2010
CLIMATE RECORD PERIOD 1879 TO 2016


WEATHER ITEM   OBSERVED TIME   RECORD YEAR NORMAL DEPARTURE LAST
                VALUE   (LST)  VALUE       VALUE  FROM      YEAR
                                                  NORMAL
..................................................................
TEMPERATURE (F)
 YESTERDAY
  MAXIMUM         88    514 PM  95    1953  82      6       82
  MINIMUM         60    558 AM  46    1942  60      0       67
                                      1925
  AVERAGE         74                        71      3       75

PRECIPITATION (IN)
  YESTERDAY        0.00          1.23 1895   0.12  -0.12     1.06
  MONTH TO DATE    1.41                      3.34  -1.93     1.77
  SINCE MAR 1      6.48                     12.31  -5.83    15.25
  SINCE JAN 1     17.22                     22.06  -4.84    22.24

DEGREE DAYS
 COOLING
  YESTERDAY        9                         7      2       10
  MONTH TO DATE  117                       105     12      165
  SINCE MAR 1    196                       151     45      212
  SINCE JAN 1    196                       151     45      212
..................................................................


WIND (MPH)
  HIGHEST WIND SPEED    14   HIGHEST WIND DIRECTION     S (200)
  HIGHEST GUST SPEED    24   HIGHEST GUST DIRECTION    SE (140)
  AVERAGE WIND SPEED     3.5


SKY COVER
  POSSIBLE SUNSHINE  MM
  AVERAGE SKY COVER 0.6


WEATHER CONDITIONS
 THE FOLLOWING WEATHER WAS RECORDED YESTERDAY.
  NO SIGNIFICANT WEATHER WAS OBSERVED.


RELATIVE HUMIDITY (PERCENT)
 HIGHEST    90           400 AM
 LOWEST     31           400 PM
 AVERAGE    61

..........................................................


THE CHATTANOOGA  ASOS CLIMATE NORMALS FOR TODAY
                         NORMAL    RECORD    YEAR
 MAXIMUM TEMPERATURE (F)   82        94      1962
                                             1953
 MINIMUM TEMPERATURE (F)   60        40      1979


SUNRISE AND SUNSET
MAY 26 2016...........SUNRISE   630 AM EDT   SUNSET   846 PM EDT
MAY 27 2016...........SUNRISE   630 AM EDT   SUNSET   847 PM EDT


-  INDICATES NEGATIVE NUMBERS.
R  INDICATES RECORD WAS SET OR TIED.
MM INDICATES DATA IS MISSING.
T  INDICATES TRACE AMOUNT.




$$
