000
CDUS44 KMRX 240920
CLICHA


CLIMATE REPORT
NATIONAL WEATHER SERVICE MORRISTOWN TN
420 AM EST FRI NOV 24 2017


...................................

...THE CHATTANOOGA  ASOS CLIMATE SUMMARY FOR NOVEMBER 23 2017...

CLIMATE NORMAL PERIOD 1981 TO 2010
CLIMATE RECORD PERIOD 1879 TO 2017


WEATHER ITEM   OBSERVED TIME   RECORD YEAR NORMAL DEPARTURE LAST
                VALUE   (LST)  VALUE       VALUE  FROM      YEAR
                                                  NORMAL
..................................................................
TEMPERATURE (F)
 YESTERDAY
  MAXIMUM         58    355 PM  77    1973  59     -1       68
  MINIMUM         31    808 AM  17    1970  38     -7       37
  AVERAGE         45                        49     -4       53

PRECIPITATION (IN)
  YESTERDAY        0.00          2.26 1983   0.18  -0.18     0.05
  MONTH TO DATE    1.60                      3.67  -2.07     0.06
  SINCE SEP 1     11.34                     10.99   0.35     1.77
  SINCE JAN 1     55.09                     46.25   8.84    25.11

SNOWFALL (IN)
  YESTERDAY        0.0                       0.0    0.0      0.0
  MONTH TO DATE    0.0                       0.0    0.0      0.0
  SINCE SEP 1      0.0                       0.0    0.0      0.0
  SINCE JUL 1      0.0                       0.0    0.0      0.0
  SNOW DEPTH       0

DEGREE DAYS
 HEATING
  YESTERDAY       20                        16      4       12
  MONTH TO DATE  254                       291    -37      216
  SINCE SEP 1    406                       463    -57      244
  SINCE JUL 1    406                       463    -57      244

 COOLING
  YESTERDAY        0                         0      0        0
  MONTH TO DATE   18                         0     18       17
  SINCE SEP 1    361                       287     74      568
  SINCE JAN 1   1965                      1737    228     2477
..................................................................


WIND (MPH)
  HIGHEST WIND SPEED    14   HIGHEST WIND DIRECTION     N (10)
  HIGHEST GUST SPEED    17   HIGHEST GUST DIRECTION     N (10)
  AVERAGE WIND SPEED     2.2


SKY COVER
  POSSIBLE SUNSHINE  MM
  AVERAGE SKY COVER 0.2


WEATHER CONDITIONS
 THE FOLLOWING WEATHER WAS RECORDED YESTERDAY.
  NO SIGNIFICANT WEATHER WAS OBSERVED.


RELATIVE HUMIDITY (PERCENT)
 HIGHEST    92           800 AM
 LOWEST     36           300 PM
 AVERAGE    64

..........................................................


THE CHATTANOOGA  ASOS CLIMATE NORMALS FOR TODAY
                         NORMAL    RECORD    YEAR
 MAXIMUM TEMPERATURE (F)   59        75      1958
                                             1921
 MINIMUM TEMPERATURE (F)   38        11      1950


SUNRISE AND SUNSET
NOVEMBER 24 2017......SUNRISE   724 AM EST   SUNSET   531 PM EST
NOVEMBER 25 2017......SUNRISE   725 AM EST   SUNSET   530 PM EST


-  INDICATES NEGATIVE NUMBERS.
R  INDICATES RECORD WAS SET OR TIED.
MM INDICATES DATA IS MISSING.
T  INDICATES TRACE AMOUNT.




$$
