000
CDUS44 KMRX 212217
CLICHA

CLIMATE REPORT NATIONAL WEATHER SERVICE MORRISTOWN TN
517 PM EST SUN DEC 21 2014

...................................

...THE CHATTANOOGA CLIMATE SUMMARY FOR DECEMBER 21 2014... VALID
TODAY AS OF 500 PM LOCAL TIME.

CLIMATE NORMAL PERIOD 1981 TO 2010
CLIMATE RECORD PERIOD 1879 TO 2014


WEATHER ITEM   OBSERVED TIME   RECORD YEAR NORMAL DEPARTURE LAST
                VALUE   (LST)  VALUE       VALUE  FROM      YEAR
                                                  NORMAL
..................................................................
TEMPERATURE (F)
 TODAY
  MAXIMUM         48    455 PM  72    1967  51     -3       71
  MINIMUM         31    508 AM   5    1901  32     -1       56
  AVERAGE         40                        41     -1       64

PRECIPITATION (IN)
  TODAY            0.00          2.88 1881   0.15  -0.15     0.36
  MONTH TO DATE    1.25                      3.43  -2.18     4.69
  SINCE DEC 1      1.25                      3.43  -2.18     4.69
  SINCE JAN 1     42.13                     51.01  -8.88    65.48

SNOWFALL (IN)
  TODAY            0.0                       0.0    0.0      0.0
  MONTH TO DATE    0.0                       0.1   -0.1      0.0
  SINCE DEC 1      0.0                       0.1   -0.1      0.0
  SINCE JUL 1      T                         0.1   -0.1       T
  SNOW DEPTH       0

DEGREE DAYS
 HEATING
  TODAY           25                        24      1        1
  MONTH TO DATE  401                       454    -53      384
  SINCE DEC 1    401                       454    -53      384
  SINCE JUL 1   1077                      1043     34     1015

 COOLING
  TODAY            0                         0      0        0
  MONTH TO DATE    0                         0      0        4
  SINCE DEC 1      0                         0      0        4
  SINCE JAN 1   1910                      1741    169     1756
..................................................................


WIND (MPH)
  HIGHEST WIND SPEED    10   HIGHEST WIND DIRECTION     N (10)
  HIGHEST GUST SPEED    12   HIGHEST GUST DIRECTION     N (10)
  AVERAGE WIND SPEED     2.8


SKY COVER
  POSSIBLE SUNSHINE  MM
  AVERAGE SKY COVER  MM


WEATHER CONDITIONS
 THE FOLLOWING WEATHER WAS RECORDED TODAY.
  FOG


RELATIVE HUMIDITY (PERCENT)
 HIGHEST    96           700 AM
 LOWEST     61           300 PM
 AVERAGE    79

..........................................................


THE CHATTANOOGA  ASOS CLIMATE NORMALS FOR TOMORROW
                         NORMAL    RECORD    YEAR
 MAXIMUM TEMPERATURE (F)   51        71      2013
 MINIMUM TEMPERATURE (F)   32         4      1989


SUNRISE AND SUNSET
DECEMBER 21 2014......SUNRISE   745 AM EST   SUNSET   533 PM EST
DECEMBER 22 2014......SUNRISE   745 AM EST   SUNSET   533 PM EST


-  INDICATES NEGATIVE NUMBERS.
R  INDICATES RECORD WAS SET OR TIED.
MM INDICATES DATA IS MISSING.
T  INDICATES TRACE AMOUNT.




$$
