000
CDUS44 KMRX 212128
CLICHA

CLIMATE REPORT NATIONAL WEATHER SERVICE MORRISTOWN TN
527 PM EDT SUN SEP 21 2014

...................................

...THE CHATTANOOGA CLIMATE SUMMARY FOR SEPTEMBER 21 2014... VALID
TODAY AS OF 0500 PM LOCAL TIME.

CLIMATE NORMAL PERIOD 1981 TO 2010
CLIMATE RECORD PERIOD 1879 TO 2014


WEATHER ITEM   OBSERVED TIME   RECORD YEAR NORMAL DEPARTURE LAST
                VALUE   (LST)  VALUE       VALUE  FROM      YEAR
                                                  NORMAL
..................................................................
TEMPERATURE (F)
 TODAY
  MAXIMUM         87    355 PM  98    1955  81      6       75
  MINIMUM         63    707 AM  44    1956  60      3       59
  AVERAGE         75                        71      4       67

PRECIPITATION (IN)
  TODAY            0.00          3.37 2009   0.13  -0.13     1.51
  MONTH TO DATE    2.31                      2.76  -0.45     1.82
  SINCE SEP 1      2.31                      2.76  -0.45     1.82
  SINCE JAN 1     30.96                     38.02  -7.06    56.02

SNOWFALL (IN)
  TODAY            0.0                       0.0    0.0      0.0
  MONTH TO DATE    0.0                       0.0    0.0      0.0
  SINCE SEP 1      0.0                       0.0    0.0      0.0
  SINCE JUL 1      0.0                       0.0    0.0      0.0
  SNOW DEPTH       0

DEGREE DAYS
 HEATING
  TODAY            0                         1     -1        0
  MONTH TO DATE    0                         3     -3        0
  SINCE SEP 1      0                         3     -3        0
  SINCE JUL 1      0                         3     -3        0

 COOLING
  TODAY           10                         6      4        2
  MONTH TO DATE  270                       196     74      244
  SINCE SEP 1    270                       196     74      244
  SINCE JAN 1   1771                      1646    125     1636
..................................................................


WIND (MPH)
  HIGHEST WIND SPEED    17   HIGHEST WIND DIRECTION     W (260)
  HIGHEST GUST SPEED    24   HIGHEST GUST DIRECTION     W (260)
  AVERAGE WIND SPEED     4.9


SKY COVER
  POSSIBLE SUNSHINE  MM
  AVERAGE SKY COVER  MM


WEATHER CONDITIONS
 THE FOLLOWING WEATHER WAS RECORDED TODAY.
  FOG


RELATIVE HUMIDITY (PERCENT)
 HIGHEST    90           600 AM
 LOWEST     46           400 PM
 AVERAGE    68

..........................................................


THE CHATTANOOGA  ASOS CLIMATE NORMALS FOR TOMORROW
                         NORMAL    RECORD    YEAR
 MAXIMUM TEMPERATURE (F)   81        96      1955
                                             1940
                                             1935
 MINIMUM TEMPERATURE (F)   59        41      1913


SUNRISE AND SUNSET
SEPTEMBER 21 2014.....SUNRISE   728 AM EDT   SUNSET   739 PM EDT
SEPTEMBER 22 2014.....SUNRISE   729 AM EDT   SUNSET   738 PM EDT


-  INDICATES NEGATIVE NUMBERS.
R  INDICATES RECORD WAS SET OR TIED.
MM INDICATES DATA IS MISSING.
T  INDICATES TRACE AMOUNT.




$$
