000
CDUS44 KMRX 231220
CLICHA

CLIMATE REPORT
NATIONAL WEATHER SERVICE MORRISTOWN TN
818 AM EDT WED APR 23 2014


...................................

...THE CHATTANOOGA CLIMATE SUMMARY FOR APRIL 22 2014...

CLIMATE NORMAL PERIOD 1981 TO 2010
CLIMATE RECORD PERIOD 1879 TO 2014


WEATHER ITEM   OBSERVED TIME   RECORD YEAR NORMAL DEPARTURE LAST
                VALUE   (LST)  VALUE       VALUE  FROM      YEAR
                                                  NORMAL
..................................................................
TEMPERATURE (F)
 YESTERDAY
  MAXIMUM         74    200 PM  90    1987  74      0       73
  MINIMUM         56    301 AM  35    1978  50      6       44
                                      1975
                                      1953
  AVERAGE         65                        62      3       59

PRECIPITATION (IN)
  YESTERDAY        0.13          2.99 1882   0.13   0.00     0.00
  MONTH TO DATE    3.00                      2.93   0.07     5.67
  SINCE MAR 1      5.38                      7.91  -2.53    10.38
  SINCE JAN 1     12.97                     17.66  -4.69    24.06

SNOWFALL (IN)
  YESTERDAY        0.0                       0.0    0.0      0.0
  MONTH TO DATE    0.0                       0.1   -0.1      0.0
  SINCE MAR 1      T                         1.3   -1.3       T
  SINCE JUL 1      8.4                       3.9    4.5      0.3
  SNOW DEPTH       0

DEGREE DAYS
 HEATING
  YESTERDAY        0                         4     -4        6
  MONTH TO DATE  123                       147    -24      128
  SINCE MAR 1    558                       551      7      679
  SINCE JUL 1   3352                      3173    179     2995

 COOLING
  YESTERDAY        0                         2     -2        0
  MONTH TO DATE   15                        24     -9       34
  SINCE MAR 1     15                        31    -16       37
  SINCE JAN 1     15                        31    -16       39
..................................................................


WIND (MPH)
  HIGHEST WIND SPEED    12   HIGHEST WIND DIRECTION    NW (330)
  HIGHEST GUST SPEED    15   HIGHEST GUST DIRECTION    NW (330)
  AVERAGE WIND SPEED     2.0


SKY COVER
  POSSIBLE SUNSHINE  MM
  AVERAGE SKY COVER  MM


WEATHER CONDITIONS
 THE FOLLOWING WEATHER WAS RECORDED YESTERDAY.
  LIGHT RAIN
  FOG


RELATIVE HUMIDITY (PERCENT)
 HIGHEST    97          1000 PM
 LOWEST     67          1200 AM
 AVERAGE    82

..........................................................


THE CHATTANOOGA  ASOS CLIMATE NORMALS FOR TODAY
                         NORMAL    RECORD    YEAR
 MAXIMUM TEMPERATURE (F)   75        91      1925
 MINIMUM TEMPERATURE (F)   50        34      1986
                                             1982


SUNRISE AND SUNSET
APRIL 23 2014.........SUNRISE   659 AM EDT   SUNSET   820 PM EDT
APRIL 24 2014.........SUNRISE   658 AM EDT   SUNSET   821 PM EDT


-  INDICATES NEGATIVE NUMBERS.
R  INDICATES RECORD WAS SET OR TIED.
MM INDICATES DATA IS MISSING.
T  INDICATES TRACE AMOUNT.

&&

THE LOW TEMPERATURE SINCE MIDNIGHT HAS BEEN 48.
THERE HAS BEEN NO PRECIPITATION SINCE MIDNIGHT.

$$
