000
CDUS44 KMRX 010945
CLICHA


CLIMATE REPORT
NATIONAL WEATHER SERVICE MORRISTOWN TN
445 AM EST WED MAR 1 2017


...................................

...THE CHATTANOOGA  ASOS CLIMATE SUMMARY FOR FEBRUARY 28 2017...

CLIMATE NORMAL PERIOD 1981 TO 2010
CLIMATE RECORD PERIOD 1879 TO 2017


WEATHER ITEM   OBSERVED TIME   RECORD YEAR NORMAL DEPARTURE LAST
                VALUE   (LST)  VALUE       VALUE  FROM      YEAR
                                                  NORMAL
..................................................................
TEMPERATURE (F)
 YESTERDAY
  MAXIMUM         61    811 PM  78    1948  59      2       70
  MINIMUM         42   1244 AM  10    1888  37      5       32
  AVERAGE         52                        48      4       51

PRECIPITATION (IN)
  YESTERDAY        1.02          1.78 1882   0.17   0.85     0.00
  MONTH TO DATE    3.44                      4.84  -1.40     7.07
  SINCE DEC 1     13.48                     14.65  -1.17    21.15
  SINCE JAN 1      8.43                      9.75  -1.32    10.74

SNOWFALL (IN)
  YESTERDAY        0.0                       0.0    0.0      0.0
  MONTH TO DATE    0.0                       0.6   -0.6      0.3
  SINCE DEC 1      0.3                       2.6   -2.3      0.5
  SINCE JUL 1      0.3                       2.6   -2.3      0.5
  SNOW DEPTH       0

DEGREE DAYS
 HEATING
  YESTERDAY       13                        17     -4       14
  MONTH TO DATE  387                       577   -190      551
  SINCE DEC 1   1491                      2033   -542     1700
  SINCE JUL 1   1811                      2622   -811     2080
..................................................................


WIND (MPH)
  HIGHEST WIND SPEED    10   HIGHEST WIND DIRECTION    SW (230)
  HIGHEST GUST SPEED    14   HIGHEST GUST DIRECTION    SW (220)
  AVERAGE WIND SPEED     4.8


SKY COVER
  POSSIBLE SUNSHINE  MM
  AVERAGE SKY COVER 0.9


WEATHER CONDITIONS
 THE FOLLOWING WEATHER WAS RECORDED YESTERDAY.
  THUNDERSTORM
  HEAVY RAIN
  RAIN
  LIGHT RAIN
  FOG
  HAZE


RELATIVE HUMIDITY (PERCENT)
 HIGHEST   100           300 PM
 LOWEST     86           500 AM
 AVERAGE    93

..........................................................


THE CHATTANOOGA  ASOS CLIMATE NORMALS FOR TODAY
                         NORMAL    RECORD    YEAR
 MAXIMUM TEMPERATURE (F)   59        79      1997
                                             1951
 MINIMUM TEMPERATURE (F)   37        17      1914


SUNRISE AND SUNSET
MARCH  1 2017.........SUNRISE   710 AM EST   SUNSET   637 PM EST
MARCH  2 2017.........SUNRISE   709 AM EST   SUNSET   638 PM EST


-  INDICATES NEGATIVE NUMBERS.
R  INDICATES RECORD WAS SET OR TIED.
MM INDICATES DATA IS MISSING.
T  INDICATES TRACE AMOUNT.




$$
