000
CDUS41 KLWX 250552
CLICHO


CLIMATE REPORT
NATIONAL WEATHER SERVICE BALTIMORE MD/WASHINGTON DC
1251 AM EST THU DEC 25 2014


...................................

...THE CHARLOTTESVILLE VA CLIMATE SUMMARY FOR DECEMBER 24 2014...

CLIMATE NORMAL PERIOD 1981 TO 2010
CLIMATE RECORD PERIOD 1889 TO 2014


WEATHER ITEM   OBSERVED TIME   RECORD YEAR NORMAL DEPARTURE LAST
                VALUE   (LST)  VALUE       VALUE  FROM      YEAR
                                                  NORMAL
..................................................................
TEMPERATURE (F)
 YESTERDAY
  MAXIMUM         55   1159 PM  MM      MM  45     10       40
  MINIMUM         43    821 AM  MM      MM  27     16       23
  AVERAGE         49                        36     13       32

PRECIPITATION (IN)
  YESTERDAY        0.36                      0.10   0.26      T
  MONTH TO DATE    2.68                      2.66   0.02     2.39
  SINCE DEC 1      2.68                      2.66   0.02     2.39
  SINCE JAN 1     38.56                     42.22  -3.66    42.95

DEGREE DAYS
 HEATING
  YESTERDAY       16                        29    -13       33
  MONTH TO DATE  565                       638    -73      533
  SINCE DEC 1    565                       638    -73      533
  SINCE JUL 1   1419                      1529   -110     1476

 COOLING
  YESTERDAY        0                         0      0        0
  MONTH TO DATE    0                         0      0        0
  SINCE DEC 1      0                         0      0        0
  SINCE JAN 1   1096                      1035     61     1146
..................................................................


WIND (MPH)
  HIGHEST WIND SPEED    18   HIGHEST WIND DIRECTION     S (180)
  HIGHEST GUST SPEED    24   HIGHEST GUST DIRECTION     S (180)
  AVERAGE WIND SPEED     4.8


SKY COVER
  POSSIBLE SUNSHINE  MM
  AVERAGE SKY COVER 1.0


WEATHER CONDITIONS
 THE FOLLOWING WEATHER WAS RECORDED YESTERDAY.
  HEAVY RAIN
  RAIN
  LIGHT RAIN
  FOG


RELATIVE HUMIDITY (PERCENT)
 HIGHEST   100          1200 AM
 LOWEST     92           900 AM
 AVERAGE    96

..........................................................


THE CHARLOTTESVILLE VA CLIMATE NORMALS FOR TODAY
                         NORMAL    RECORD    YEAR
 MAXIMUM TEMPERATURE (F)   45        MM        MM
 MINIMUM TEMPERATURE (F)   27        MM        MM


SUNRISE AND SUNSET
DECEMBER 25 2014......SUNRISE   728 AM EST   SUNSET   500 PM EST
DECEMBER 26 2014......SUNRISE   729 AM EST   SUNSET   500 PM EST


-  INDICATES NEGATIVE NUMBERS.
R  INDICATES RECORD WAS SET OR TIED.
MM INDICATES DATA IS MISSING.
T  INDICATES TRACE AMOUNT.




$$
