000
CDUS41 KLWX 120525
CLICHO


CLIMATE REPORT
NATIONAL WEATHER SERVICE BALTIMORE MD/WASHINGTON DC
123 AM EDT SAT JUL 12 2014


...................................

...THE CHARLOTTESVILLE VA CLIMATE SUMMARY FOR JULY 11 2014...

CLIMATE NORMAL PERIOD 1981 TO 2010
CLIMATE RECORD PERIOD 1889 TO 2014


WEATHER ITEM   OBSERVED TIME   RECORD YEAR NORMAL DEPARTURE LAST
                VALUE   (LST)  VALUE       VALUE  FROM      YEAR
                                                  NORMAL
..................................................................
TEMPERATURE (F)
 YESTERDAY
  MAXIMUM         85    410 PM  MM      MM  87     -2       84
  MINIMUM         63    508 AM  MM      MM  65     -2       71
  AVERAGE         74                        76     -2       78

PRECIPITATION (IN)
  YESTERDAY        0.00                      0.14  -0.14     0.48
  MONTH TO DATE    1.42                      1.43  -0.01     2.77
  SINCE JUN 1      4.27                      5.16  -0.89     9.83
  SINCE JAN 1     22.54                     21.63   0.91    26.46

DEGREE DAYS
 HEATING
  YESTERDAY        0                         0      0        0
  MONTH TO DATE    0                         0      0        0
  SINCE JUN 1      2                        11     -9        2
  SINCE JUL 1      0                         0      0        0

 COOLING
  YESTERDAY        9                        11     -2       13
  MONTH TO DATE  121                       116      5      142
  SINCE JUN 1    393                       335     58      388
  SINCE JAN 1    509                       421     88      535
..................................................................


WIND (MPH)
  HIGHEST WIND SPEED     9   HIGHEST WIND DIRECTION     E (80)
  HIGHEST GUST SPEED    13   HIGHEST GUST DIRECTION    NE (60)
  AVERAGE WIND SPEED     2.6


SKY COVER
  POSSIBLE SUNSHINE  MM
  AVERAGE SKY COVER 0.3


WEATHER CONDITIONS
 THE FOLLOWING WEATHER WAS RECORDED YESTERDAY.
  FOG
  FOG W/VISIBILITY <= 1/4 MILE


RELATIVE HUMIDITY (PERCENT)
 HIGHEST   100           100 AM
 LOWEST     51           300 PM
 AVERAGE    76

..........................................................


THE CHARLOTTESVILLE VA CLIMATE NORMALS FOR TODAY
                         NORMAL    RECORD    YEAR
 MAXIMUM TEMPERATURE (F)   87        MM        MM
 MINIMUM TEMPERATURE (F)   65        MM        MM


SUNRISE AND SUNSET
JULY 12 2014..........SUNRISE   601 AM EDT   SUNSET   838 PM EDT
JULY 13 2014..........SUNRISE   602 AM EDT   SUNSET   837 PM EDT


-  INDICATES NEGATIVE NUMBERS.
R  INDICATES RECORD WAS SET OR TIED.
MM INDICATES DATA IS MISSING.
T  INDICATES TRACE AMOUNT.




$$
