000
CDUS41 KLWX 182129
CLICHO


CLIMATE REPORT
NATIONAL WEATHER SERVICE BALTIMORE MD/WASHINGTON DC
429 PM EST MON DEC 18 2017


...................................

...THE CHARLOTTESVILLE VA CLIMATE SUMMARY FOR DECEMBER 18 2017...
VALID TODAY AS OF 0400 PM LOCAL TIME.

CLIMATE NORMAL PERIOD 1981 TO 2010
CLIMATE RECORD PERIOD 1998 TO 2017


WEATHER ITEM   OBSERVED TIME   RECORD YEAR NORMAL DEPARTURE LAST
                VALUE   (LST)  VALUE       VALUE  FROM      YEAR
                                                  NORMAL
..................................................................
TEMPERATURE (F)
 TODAY
  MAXIMUM         62    333 PM  MM      MM  46     16       67
  MINIMUM         34    804 AM  MM      MM  28      6       37
  AVERAGE         48                        37     11       52

PRECIPITATION (IN)
  TODAY            0.00                      0.10  -0.10     0.02
  MONTH TO DATE    0.29                      2.05  -1.76     1.15
  SINCE DEC 1      0.29                      2.05  -1.76     1.15
  SINCE JAN 1     34.42                     41.61  -7.19    33.01

DEGREE DAYS
 HEATING
  TODAY           17                                        13
  MONTH TO DATE  438                                       438
  SINCE DEC 1    438                                       438
  SINCE JUL 1   1100                                       963

 COOLING
  TODAY            0                                         0
  MONTH TO DATE    0                                         0
  SINCE DEC 1      0                                         0
  SINCE JAN 1   1592                                      1698
..................................................................


WIND (MPH)
  HIGHEST WIND SPEED    16   HIGHEST WIND DIRECTION    SW (210)
  HIGHEST GUST SPEED    22   HIGHEST GUST DIRECTION    SW (210)
  AVERAGE WIND SPEED     4.3


SKY COVER
  POSSIBLE SUNSHINE  MM
  AVERAGE SKY COVER 0.3


WEATHER CONDITIONS
 THE FOLLOWING WEATHER WAS RECORDED TODAY.
  NO SIGNIFICANT WEATHER WAS OBSERVED.


RELATIVE HUMIDITY (PERCENT)
 HIGHEST   100           800 AM
 LOWEST     46           300 PM
 AVERAGE    73

..........................................................


THE CHARLOTTESVILLE VA CLIMATE NORMALS FOR TOMORROW
                         NORMAL    RECORD    YEAR
 MAXIMUM TEMPERATURE (F)   46        MM        MM
 MINIMUM TEMPERATURE (F)   28        MM        MM


SUNRISE AND SUNSET
DECEMBER 18 2017......SUNRISE   725 AM EST   SUNSET   456 PM EST
DECEMBER 19 2017......SUNRISE   726 AM EST   SUNSET   457 PM EST


-  INDICATES NEGATIVE NUMBERS.
R  INDICATES RECORD WAS SET OR TIED.
MM INDICATES DATA IS MISSING.
T  INDICATES TRACE AMOUNT.




$$
