000
CDUS42 KCHS 230624
CLICHS


CLIMATE REPORT
NATIONAL WEATHER SERVICE CHARLESTON SC
223 AM EDT SUN JUL 23 2017


...................................

...THE NORTH CHARLESTON SC CLIMATE SUMMARY FOR JULY 22 2017...

CLIMATE NORMAL PERIOD 1981 TO 2010
CLIMATE RECORD PERIOD 1938 TO 2017


WEATHER ITEM   OBSERVED TIME   RECORD YEAR NORMAL DEPARTURE LAST
                VALUE   (LST)  VALUE       VALUE  FROM      YEAR
                                                  NORMAL
..................................................................
TEMPERATURE (F)
 YESTERDAY
  MAXIMUM         92    257 PM 101    1977  91      1       93
  MINIMUM         75    426 AM  64    1974  73      2       73
                                      1965
  AVERAGE         84                        82      2       83

PRECIPITATION (IN)
  YESTERDAY        0.00          1.93 1988   0.20  -0.20     1.69
  MONTH TO DATE    5.81                      4.66   1.15     4.09
  SINCE JUN 1     12.28                     10.31   1.97     7.23
  SINCE JAN 1     27.44                     26.62   0.82    27.98

DEGREE DAYS
 HEATING
  YESTERDAY        0                         0      0        0
  MONTH TO DATE    0                         0      0        0
  SINCE JUN 1      0                         1     -1        0
  SINCE JUL 1      0                         0      0        0

 COOLING
  YESTERDAY       19                        17      2       18
  MONTH TO DATE  396                       371     25      462
  SINCE JUN 1    806                       792     14      987
  SINCE JAN 1   1381                      1154    227     1482
..................................................................


WIND (MPH)
  HIGHEST WIND SPEED    18   HIGHEST WIND DIRECTION     S (190)
  HIGHEST GUST SPEED    21   HIGHEST GUST DIRECTION     S (190)
  AVERAGE WIND SPEED     7.5


SKY COVER
  POSSIBLE SUNSHINE  MM
  AVERAGE SKY COVER 0.1


WEATHER CONDITIONS
 THE FOLLOWING WEATHER WAS RECORDED YESTERDAY.
  NO SIGNIFICANT WEATHER WAS OBSERVED.


RELATIVE HUMIDITY (PERCENT)
 HIGHEST    94          1200 AM
 LOWEST     52           100 PM
 AVERAGE    73

..........................................................


THE NORTH CHARLESTON SC CLIMATE NORMALS FOR TODAY
                         NORMAL    RECORD    YEAR
 MAXIMUM TEMPERATURE (F)   91        99      2015
                                             1952
                                             1940
 MINIMUM TEMPERATURE (F)   73        60      1974
                                             1966


SUNRISE AND SUNSET
JULY 23 2017..........SUNRISE   628 AM EDT   SUNSET   825 PM EDT
JULY 24 2017..........SUNRISE   629 AM EDT   SUNSET   824 PM EDT


-  INDICATES NEGATIVE NUMBERS.
R  INDICATES RECORD WAS SET OR TIED.
MM INDICATES DATA IS MISSING.
T  INDICATES TRACE AMOUNT.




$$
