000
CDUS42 KCHS 260604
CLICHS


CLIMATE REPORT
NATIONAL WEATHER SERVICE CHARLESTON SC
204 AM EDT SUN MAR 26 2017


...................................

...THE NORTH CHARLESTON SC CLIMATE SUMMARY FOR MARCH 25 2017...

CLIMATE NORMAL PERIOD 1981 TO 2010
CLIMATE RECORD PERIOD 1938 TO 2017


WEATHER ITEM   OBSERVED TIME   RECORD YEAR NORMAL DEPARTURE LAST
                VALUE   (LST)  VALUE       VALUE  FROM      YEAR
                                                  NORMAL
..................................................................
TEMPERATURE (F)
 YESTERDAY
  MAXIMUM         76    159 PM  89    2007  72      4       79
  MINIMUM         54    504 AM  31    2008  49      5       63
                                      1968
  AVERAGE         65                        60      5       71

PRECIPITATION (IN)
  YESTERDAY        0.00          1.75 1987   0.12  -0.12      T
  MONTH TO DATE    0.84                      2.97  -2.13     0.85
  SINCE MAR 1      0.84                      2.97  -2.13     0.85
  SINCE JAN 1      5.02                      9.64  -4.62     9.14

SNOWFALL (IN)
  YESTERDAY        0.0                       0.0    0.0
  SINCE MAR 1      0.0                       0.0    0.0
  SINCE JUL 1      T                         0.5   -0.5

DEGREE DAYS
 HEATING
  YESTERDAY        0                         6     -6        0
  MONTH TO DATE  234                       208     26      102
  SINCE MAR 1    234                       208     26      102
  SINCE JUL 1   1202                      1844   -642     1279

 COOLING
  YESTERDAY        0                         1     -1        6
  MONTH TO DATE   20                        23     -3       78
  SINCE MAR 1     20                        23     -3       78
  SINCE JAN 1     55                        30     25       86
..................................................................


WIND (MPH)
  HIGHEST WIND SPEED    22   HIGHEST WIND DIRECTION    SE (140)
  HIGHEST GUST SPEED    27   HIGHEST GUST DIRECTION    SE (140)
  AVERAGE WIND SPEED     7.1


SKY COVER
  POSSIBLE SUNSHINE  MM
  AVERAGE SKY COVER 0.6


WEATHER CONDITIONS
 THE FOLLOWING WEATHER WAS RECORDED YESTERDAY.
  NO SIGNIFICANT WEATHER WAS OBSERVED.


RELATIVE HUMIDITY (PERCENT)
 HIGHEST    93           600 AM
 LOWEST     41          1000 AM
 AVERAGE    67

..........................................................


THE NORTH CHARLESTON SC CLIMATE NORMALS FOR TODAY
                         NORMAL    RECORD    YEAR
 MAXIMUM TEMPERATURE (F)   72        86      1938
 MINIMUM TEMPERATURE (F)   49        24      1947


SUNRISE AND SUNSET
MARCH 26 2017.........SUNRISE   716 AM EDT   SUNSET   736 PM EDT
MARCH 27 2017.........SUNRISE   714 AM EDT   SUNSET   737 PM EDT


-  INDICATES NEGATIVE NUMBERS.
R  INDICATES RECORD WAS SET OR TIED.
MM INDICATES DATA IS MISSING.
T  INDICATES TRACE AMOUNT.




$$
