000
CDUS42 KCHS 060539
CLICHS


CLIMATE REPORT
NATIONAL WEATHER SERVICE CHARLESTON SC
1239 AM EST FRI MAR 6 2015


...................................

...THE NORTH CHARLESTON SC CLIMATE SUMMARY FOR MARCH 5 2015...

CLIMATE NORMAL PERIOD 1981 TO 2010
CLIMATE RECORD PERIOD 1938 TO 2015


WEATHER ITEM   OBSERVED TIME   RECORD YEAR NORMAL DEPARTURE LAST
                VALUE   (LST)  VALUE       VALUE  FROM      YEAR
                                                  NORMAL
..................................................................
TEMPERATURE (F)
 YESTERDAY
  MAXIMUM         80    331 PM  85    1997  67     13       44
  MINIMUM         44   1159 PM  23    1978  44      0       37
  AVERAGE         62                        56      6       41

PRECIPITATION (IN)
  YESTERDAY        0.17          4.48 1959   0.11   0.06     0.16
  MONTH TO DATE    0.31                      0.57  -0.26     0.70
  SINCE MAR 1      0.31                      0.57  -0.26     0.70
  SINCE JAN 1      8.24                      7.24   1.00     5.55

SNOWFALL (IN)
  YESTERDAY       MM                         0.0   MM
  SINCE MAR 1      0.0                       0.0    0.0
  SINCE JUL 1      T                         0.5   -0.5

DEGREE DAYS
 HEATING
  YESTERDAY        3                        10     -7       24
  MONTH TO DATE   39                        52    -13       82
  SINCE MAR 1     39                        52    -13       82
  SINCE JUL 1   1776                      1688     88     1605

 COOLING
  YESTERDAY        0                         1     -1        0
  MONTH TO DATE    2                         3     -1        0
  SINCE MAR 1      2                         3     -1        0
  SINCE JAN 1      6                        10     -4       10
..................................................................


WIND (MPH)
  HIGHEST WIND SPEED    26   HIGHEST WIND DIRECTION     S (200)
  HIGHEST GUST SPEED    37   HIGHEST GUST DIRECTION    SW (230)
  AVERAGE WIND SPEED    12.8


SKY COVER
  POSSIBLE SUNSHINE  MM
  AVERAGE SKY COVER 0.7


WEATHER CONDITIONS
 THE FOLLOWING WEATHER WAS RECORDED YESTERDAY.
  LIGHT RAIN
  FOG
  FOG W/VISIBILITY <= 1/4 MILE


RELATIVE HUMIDITY (PERCENT)
 HIGHEST   100           600 AM
 LOWEST     54           300 PM
 AVERAGE    77

..........................................................


THE NORTH CHARLESTON SC CLIMATE NORMALS FOR TODAY
                         NORMAL    RECORD    YEAR
 MAXIMUM TEMPERATURE (F)   67        85      1976
 MINIMUM TEMPERATURE (F)   45        21      1960


SUNRISE AND SUNSET
MARCH  6 2015.........SUNRISE   642 AM EST   SUNSET   621 PM EST
MARCH  7 2015.........SUNRISE   641 AM EST   SUNSET   622 PM EST


-  INDICATES NEGATIVE NUMBERS.
R  INDICATES RECORD WAS SET OR TIED.
MM INDICATES DATA IS MISSING.
T  INDICATES TRACE AMOUNT.




$$
