000
CDUS42 KCHS 301220 CCA
CLICHS

CLIMATE REPORT...CORRECTED FOR TIME OF MAX TEMPERATURE
NATIONAL WEATHER SERVICE CHARLESTON SC
1235 AM EST FRI JAN 30 2015

...................................

...THE NORTH CHARLESTON SC CLIMATE SUMMARY FOR JANUARY 29 2015...

CLIMATE NORMAL PERIOD 1981 TO 2010
CLIMATE RECORD PERIOD 1938 TO 2015


WEATHER ITEM   OBSERVED TIME   RECORD YEAR NORMAL DEPARTURE LAST
                VALUE   (LST)  VALUE       VALUE  FROM      YEAR
                                                  NORMAL
..................................................................
TEMPERATURE (F)
 YESTERDAY
  MAXIMUM         57    256 PM  79    2002  60     -3       32
                                      1947
  MINIMUM         26    706 AM  14    1940  38    -12       27

  AVERAGE         42                        49     -7       30

PRECIPITATION (IN)
  YESTERDAY        0.00          0.77 1994   0.12  -0.12     0.09
                                      1974
  MONTH TO DATE    3.53                      3.47   0.06     2.67
  SINCE DEC 1      6.93                      6.58   0.35     4.82
  SINCE JAN 1      3.53                      3.47   0.06     2.67

SNOWFALL (IN)
  YESTERDAY        0.0                       0.0    0.0
  SINCE DEC 1      T                         0.3   -0.3
  SINCE JUL 1      T                         0.3   -0.3

DEGREE DAYS
 HEATING
  YESTERDAY       23                        16      7       35
  MONTH TO DATE  463                       488    -25      546
  SINCE DEC 1    821                       934   -113      841
  SINCE JUL 1   1159                      1226    -67     1146

 COOLING
  YESTERDAY        0                         0      0        0
  MONTH TO DATE    4                         0      4        2
  SINCE DEC 1      4                         7     -3       36
  SINCE JAN 1      4                         0      4        2
..................................................................


WIND (MPH)
  HIGHEST WIND SPEED    15   HIGHEST WIND DIRECTION     S (180)
  HIGHEST GUST SPEED    20   HIGHEST GUST DIRECTION     S (180)
  AVERAGE WIND SPEED     4.5


SKY COVER
  POSSIBLE SUNSHINE  MM
  AVERAGE SKY COVER 0.5


WEATHER CONDITIONS
 THE FOLLOWING WEATHER WAS RECORDED YESTERDAY.
  NO SIGNIFICANT WEATHER WAS OBSERVED.


RELATIVE HUMIDITY (PERCENT)
 HIGHEST    92           300 AM
 LOWEST     38          1100 AM
 AVERAGE    65

..........................................................


THE NORTH CHARLESTON SC CLIMATE NORMALS FOR TODAY
                         NORMAL    RECORD    YEAR
 MAXIMUM TEMPERATURE (F)   60        80      2002
                                             1950
 MINIMUM TEMPERATURE (F)   38        11      1966


SUNRISE AND SUNSET
JANUARY 30 2015.......SUNRISE   717 AM EST   SUNSET   550 PM EST
JANUARY 31 2015.......SUNRISE   716 AM EST   SUNSET   551 PM EST


-  INDICATES NEGATIVE NUMBERS.
R  INDICATES RECORD WAS SET OR TIED.
MM INDICATES DATA IS MISSING.
T  INDICATES TRACE AMOUNT.

$$
