414
CDUS42 KCHS 300603
CLICHS


CLIMATE REPORT
NATIONAL WEATHER SERVICE CHARLESTON SC
202 AM EDT SAT APR 30 2016


...................................

...THE NORTH CHARLESTON SC CLIMATE SUMMARY FOR APRIL 29 2016...

CLIMATE NORMAL PERIOD 1981 TO 2010
CLIMATE RECORD PERIOD 1938 TO 2016


WEATHER ITEM   OBSERVED TIME   RECORD YEAR NORMAL DEPARTURE LAST
                VALUE   (LST)  VALUE       VALUE  FROM      YEAR
                                                  NORMAL
..................................................................
TEMPERATURE (F)
 YESTERDAY
  MAXIMUM         91    139 PM  92    2002  80     11       65
                                      1970
  MINIMUM         67    157 AM  36    1967  57     10       55
  AVERAGE         79                        68     11       60

PRECIPITATION (IN)
  YESTERDAY        0.00          1.47 2015   0.10  -0.10     1.47
  MONTH TO DATE    2.61                      2.82  -0.21     3.67
  SINCE MAR 1      5.80                      6.53  -0.73     5.93
  SINCE JAN 1     14.09                     13.20   0.89    13.86

SNOWFALL (IN)
  YESTERDAY        0.0                       0.0    0.0
  SINCE MAR 1      0.0                       0.0    0.0
  SINCE JUL 1      T                         0.5   -0.5

DEGREE DAYS
 HEATING
  YESTERDAY        0                         1     -1        5
  MONTH TO DATE   68                        87    -19       23
  SINCE MAR 1    176                       326   -150      206
  SINCE JUL 1   1353                      1962   -609     1943

 COOLING
  YESTERDAY       14                         4     10        0
  MONTH TO DATE   94                        80     14      126
  SINCE MAR 1    190                       107     83      159
  SINCE JAN 1    198                       114     84      163
..................................................................


WIND (MPH)
  HIGHEST WIND SPEED    16   HIGHEST WIND DIRECTION    SE (140)
  HIGHEST GUST SPEED    20   HIGHEST GUST DIRECTION    SE (140)
  AVERAGE WIND SPEED     7.4


SKY COVER
  POSSIBLE SUNSHINE  MM
  AVERAGE SKY COVER 0.2


WEATHER CONDITIONS
 THE FOLLOWING WEATHER WAS RECORDED YESTERDAY.
  NO SIGNIFICANT WEATHER WAS OBSERVED.


RELATIVE HUMIDITY (PERCENT)
 HIGHEST    90           100 AM
 LOWEST     39           200 PM
 AVERAGE    65

..........................................................


THE NORTH CHARLESTON SC CLIMATE NORMALS FOR TODAY
                         NORMAL    RECORD    YEAR
 MAXIMUM TEMPERATURE (F)   80        91      1990
                                             1987
                                             1981
 MINIMUM TEMPERATURE (F)   57        41      2008
                                             1939


SUNRISE AND SUNSET
APRIL 30 2016.........SUNRISE   633 AM EDT   SUNSET   802 PM EDT
MAY  1 2016...........SUNRISE   632 AM EDT   SUNSET   802 PM EDT


-  INDICATES NEGATIVE NUMBERS.
R  INDICATES RECORD WAS SET OR TIED.
MM INDICATES DATA IS MISSING.
T  INDICATES TRACE AMOUNT.




$$
