000
CDUS42 KCHS 200601
CLICHS


CLIMATE REPORT
NATIONAL WEATHER SERVICE CHARLESTON SC
100 AM EST SAT JAN 20 2018


...................................

...THE NORTH CHARLESTON SC CLIMATE SUMMARY FOR JANUARY 19 2018...

CLIMATE NORMAL PERIOD 1981 TO 2010
CLIMATE RECORD PERIOD 1938 TO 2018


WEATHER ITEM   OBSERVED TIME   RECORD YEAR NORMAL DEPARTURE LAST
                VALUE   (LST)  VALUE       VALUE  FROM      YEAR
                                                  NORMAL
..................................................................
TEMPERATURE (F)
 YESTERDAY
  MAXIMUM         62    414 PM  78    1950  59      3       72
                                      1949
  MINIMUM         25    732 AM  16    1976  37    -12       48
  AVERAGE         44                        48     -4       60

PRECIPITATION (IN)
  YESTERDAY        0.00          2.27 1991   0.12  -0.12     0.00
  MONTH TO DATE    1.26                      2.26  -1.00     0.90
  SINCE DEC 1      3.77                      5.37  -1.60     5.68
  SINCE JAN 1      1.26                      2.26  -1.00     0.90

SNOWFALL (IN)
  YESTERDAY        0.0                       0.0    0.0
  SINCE DEC 1      5.3                       0.3    5.0
  SINCE JUL 1      5.3                       0.3    5.0

DEGREE DAYS
 HEATING
  YESTERDAY       21                        17      4        5
  MONTH TO DATE  461                       323    138      166
  SINCE DEC 1    878                       769    109      481
  SINCE JUL 1   1164                      1061    103      699

 COOLING
  YESTERDAY        0                         0      0        0
  MONTH TO DATE    2                         0      2       13
  SINCE DEC 1      5                         7     -2       20
  SINCE JAN 1      2                         0      2       13
..................................................................


WIND (MPH)
  HIGHEST WIND SPEED    14   HIGHEST WIND DIRECTION     S (200)
  HIGHEST GUST SPEED    16   HIGHEST GUST DIRECTION     W (250)
  AVERAGE WIND SPEED     5.4


SKY COVER
  POSSIBLE SUNSHINE  MM
  AVERAGE SKY COVER 0.0


WEATHER CONDITIONS
 THE FOLLOWING WEATHER WAS RECORDED YESTERDAY.
  NO SIGNIFICANT WEATHER WAS OBSERVED.


RELATIVE HUMIDITY (PERCENT)
 HIGHEST    70          1000 PM
 LOWEST     17           400 PM
 AVERAGE    44

..........................................................


THE NORTH CHARLESTON SC CLIMATE NORMALS FOR TODAY
                         NORMAL    RECORD    YEAR
 MAXIMUM TEMPERATURE (F)   59        79      2017
 MINIMUM TEMPERATURE (F)   37        17      1976
                                             1940


SUNRISE AND SUNSET
JANUARY 20 2018.......SUNRISE   721 AM EST   SUNSET   541 PM EST
JANUARY 21 2018.......SUNRISE   721 AM EST   SUNSET   542 PM EST


-  INDICATES NEGATIVE NUMBERS.
R  INDICATES RECORD WAS SET OR TIED.
MM INDICATES DATA IS MISSING.
T  INDICATES TRACE AMOUNT.




$$
