000
CDUS42 KCHS 300618
CLICHS


CLIMATE REPORT
NATIONAL WEATHER SERVICE CHARLESTON SC
217 AM EDT FRI SEP 30 2016


...................................

...THE NORTH CHARLESTON SC CLIMATE SUMMARY FOR SEPTEMBER 29 2016...

CLIMATE NORMAL PERIOD 1981 TO 2010
CLIMATE RECORD PERIOD 1938 TO 2016


WEATHER ITEM   OBSERVED TIME   RECORD YEAR NORMAL DEPARTURE LAST
                VALUE   (LST)  VALUE       VALUE  FROM      YEAR
                                                  NORMAL
..................................................................
TEMPERATURE (F)
 YESTERDAY
  MAXIMUM         89    225 PM  92    1941  82      7       87
  MINIMUM         72   1159 PM  46    1942  63      9       74
  AVERAGE         81                        72      9       81

PRECIPITATION (IN)
  YESTERDAY        0.07          3.82 1959   0.17  -0.10      T
  MONTH TO DATE   12.12                      5.93   6.19     2.28
  SINCE SEP 1     12.12                      5.93   6.19     2.28
  SINCE JAN 1     44.11                     41.57   2.54    44.13

DEGREE DAYS
 HEATING
  YESTERDAY        0                         0      0        0
  MONTH TO DATE    0                         0      0        0
  SINCE SEP 1      0                         0      0        0
  SINCE JUL 1      0                         0      0        0

 COOLING
  YESTERDAY       16                         8      8       16
  MONTH TO DATE  438                       326    112      368
  SINCE SEP 1    438                       326    112      368
  SINCE JAN 1   2713                      2131    582     2415
..................................................................


WIND (MPH)
  HIGHEST WIND SPEED    21   HIGHEST WIND DIRECTION     W (290)
  HIGHEST GUST SPEED    27   HIGHEST GUST DIRECTION     W (290)
  AVERAGE WIND SPEED     8.2


SKY COVER
  POSSIBLE SUNSHINE  MM
  AVERAGE SKY COVER 0.4


WEATHER CONDITIONS
 THE FOLLOWING WEATHER WAS RECORDED YESTERDAY.
  THUNDERSTORM
  HEAVY RAIN
  LIGHT RAIN
  FOG


RELATIVE HUMIDITY (PERCENT)
 HIGHEST    91           200 AM
 LOWEST     59           100 PM
 AVERAGE    75

..........................................................


THE NORTH CHARLESTON SC CLIMATE NORMALS FOR TODAY
                         NORMAL    RECORD    YEAR
 MAXIMUM TEMPERATURE (F)   81        92      1973
 MINIMUM TEMPERATURE (F)   63        42      1967


SUNRISE AND SUNSET
SEPTEMBER 30 2016.....SUNRISE   714 AM EDT   SUNSET   705 PM EDT
OCTOBER  1 2016.......SUNRISE   715 AM EDT   SUNSET   704 PM EDT


-  INDICATES NEGATIVE NUMBERS.
R  INDICATES RECORD WAS SET OR TIED.
MM INDICATES DATA IS MISSING.
T  INDICATES TRACE AMOUNT.




$$
