000
CDUS43 KDVN 270936
CLICID


CLIMATE REPORT
NATIONAL WEATHER SERVICE QUAD CITIES IA IL
434 AM CDT WED MAY 27 2015


...................................

...THE CEDAR RAPIDS IA CLIMATE SUMMARY FOR MAY 26 2015...

CLIMATE NORMAL PERIOD 1981 TO 2010
CLIMATE RECORD PERIOD 1891 TO 2015


WEATHER ITEM   OBSERVED TIME   RECORD YEAR NORMAL DEPARTURE LAST
                VALUE   (LST)  VALUE       VALUE  FROM      YEAR
                                                  NORMAL
..................................................................
TEMPERATURE (F)
 YESTERDAY
  MAXIMUM         72    447 PM  96    1978  74     -2       79
  MINIMUM         61   1159 PM  29    1925  53      8       64
  AVERAGE         67                        64      3       72

PRECIPITATION (IN)
  YESTERDAY        0.43         MM      MM   0.13   0.30     0.10
  MONTH TO DATE    3.29                      3.45  -0.16     2.22
  SINCE MAR 1      7.53                      8.60  -1.07     9.48
  SINCE JAN 1      8.86                     10.74  -1.88    11.23

DEGREE DAYS
 HEATING
  YESTERDAY        0                         4     -4        0
  MONTH TO DATE  123                       177    -54      189
  SINCE MAR 1   1414                      1539   -125     1776
  SINCE JUL 1   6941                      6822    119     7815

 COOLING
  YESTERDAY        2                         2      0        7
  MONTH TO DATE   35                        29      6       33
  SINCE MAR 1     35                        36     -1       40
  SINCE JAN 1     35                        36     -1       40
..................................................................


WIND (MPH)
  HIGHEST WIND SPEED    29   HIGHEST WIND DIRECTION     W (270)
  HIGHEST GUST SPEED    34   HIGHEST GUST DIRECTION     W (270)
  AVERAGE WIND SPEED    11.2


SKY COVER
  POSSIBLE SUNSHINE  MM
  AVERAGE SKY COVER 0.7


WEATHER CONDITIONS
 THE FOLLOWING WEATHER WAS RECORDED YESTERDAY.
  THUNDERSTORM
  HEAVY RAIN
  RAIN
  LIGHT RAIN
  FOG


RELATIVE HUMIDITY (PERCENT)
 HIGHEST   100           800 AM
 LOWEST     68           500 PM
 AVERAGE    84

..........................................................


THE CEDAR RAPIDS IA CLIMATE NORMALS FOR TODAY
                         NORMAL    RECORD    YEAR
 MAXIMUM TEMPERATURE (F)   75        94      1914
 MINIMUM TEMPERATURE (F)   53        35      1992


SUNRISE AND SUNSET
MAY 27 2015...........SUNRISE   537 AM CDT   SUNSET   831 PM CDT
MAY 28 2015...........SUNRISE   536 AM CDT   SUNSET   832 PM CDT


-  INDICATES NEGATIVE NUMBERS.
R  INDICATES RECORD WAS SET OR TIED.
MM INDICATES DATA IS MISSING.
T  INDICATES TRACE AMOUNT.




$$
