086
CDUS43 KDVN 241023
CLICID


CLIMATE REPORT
NATIONAL WEATHER SERVICE QUAD CITIES IA IL
420 AM CST TUE JAN 24 2017


...................................

...THE CEDAR RAPIDS IA CLIMATE SUMMARY FOR JANUARY 23 2017...

CLIMATE NORMAL PERIOD 1981 TO 2010
CLIMATE RECORD PERIOD 1891 TO 2017


WEATHER ITEM   OBSERVED TIME   RECORD YEAR NORMAL DEPARTURE LAST
                VALUE   (LST)  VALUE       VALUE  FROM      YEAR
                                                  NORMAL
..................................................................
TEMPERATURE (F)
 YESTERDAY
  MAXIMUM         36   1230 PM  60    1909  28      8       29
  MINIMUM         31   1050 PM -25    1936  11     20       11
  AVERAGE         34                        20     14       20

PRECIPITATION (IN)
  YESTERDAY        T            MM      MM   0.03  -0.03     0.00
  MONTH TO DATE    1.42                      0.66   0.76     0.17
  SINCE DEC 1      2.67                      2.08   0.59     4.24
  SINCE JAN 1      1.42                      0.66   0.76     0.17

DEGREE DAYS
 HEATING
  YESTERDAY       31                        45    -14       45
  MONTH TO DATE  945                      1052   -107     1075
  SINCE DEC 1   2241                      2345   -104     1977
  SINCE JUL 1   3158                      3791   -633     3008

 COOLING
  YESTERDAY        0                         0      0        0
  MONTH TO DATE    0                         0      0        0
  SINCE DEC 1      0                         0      0        0
  SINCE JAN 1      0                         0      0        0
..................................................................


WIND (MPH)
  HIGHEST WIND SPEED    14   HIGHEST WIND DIRECTION    NW (310)
  HIGHEST GUST SPEED    18   HIGHEST GUST DIRECTION    NW (310)
  AVERAGE WIND SPEED     7.8


SKY COVER
  POSSIBLE SUNSHINE  MM
  AVERAGE SKY COVER 1.0


WEATHER CONDITIONS
 THE FOLLOWING WEATHER WAS RECORDED YESTERDAY.
  LIGHT RAIN
  LIGHT SNOW
  FOG


RELATIVE HUMIDITY (PERCENT)
 HIGHEST   100          1200 AM
 LOWEST     85           600 PM
 AVERAGE    93

..........................................................


THE CEDAR RAPIDS IA CLIMATE NORMALS FOR TODAY
                         NORMAL    RECORD    YEAR
 MAXIMUM TEMPERATURE (F)   28        59      1981
 MINIMUM TEMPERATURE (F)   11       -23      2008


SUNRISE AND SUNSET
JANUARY 24 2017.......SUNRISE   726 AM CST   SUNSET   512 PM CST
JANUARY 25 2017.......SUNRISE   725 AM CST   SUNSET   513 PM CST


-  INDICATES NEGATIVE NUMBERS.
R  INDICATES RECORD WAS SET OR TIED.
MM INDICATES DATA IS MISSING.
T  INDICATES TRACE AMOUNT.




$$
