000
CDUS43 KDVN 161031
CLICID


CLIMATE REPORT
NATIONAL WEATHER SERVICE QUAD CITIES IA IL
429 AM CST SAT DEC 16 2017


...................................

...THE CEDAR RAPIDS IA CLIMATE SUMMARY FOR DECEMBER 15 2017...

CLIMATE NORMAL PERIOD 1981 TO 2010
CLIMATE RECORD PERIOD 1891 TO 2017


WEATHER ITEM   OBSERVED TIME   RECORD YEAR NORMAL DEPARTURE LAST
                VALUE   (LST)  VALUE       VALUE  FROM      YEAR
                                                  NORMAL
..................................................................
TEMPERATURE (F)
 YESTERDAY
  MAXIMUM         43    347 PM  55    1957  32     11       11
  MINIMUM         19    742 AM -15    1989  15      4       -4
  AVERAGE         31                        23      8        4

PRECIPITATION (IN)
  YESTERDAY        T            MM      MM   0.05  -0.05     0.00
  MONTH TO DATE    0.16                      0.81  -0.65     0.54
  SINCE DEC 1      0.16                      0.81  -0.65     0.54
  SINCE JAN 1     25.64                     34.00  -8.36    41.13

DEGREE DAYS
 HEATING
  YESTERDAY       34                        42     -8       61
  MONTH TO DATE  512                       590    -78      646
  SINCE DEC 1    512                       590    -78      646
  SINCE JUL 1   1770                      2036   -266     1563

 COOLING
  YESTERDAY        0                         0      0        0
  MONTH TO DATE    0                         0      0        0
  SINCE DEC 1      0                         0      0        0
  SINCE JAN 1    747                       748     -1      970
..................................................................


WIND (MPH)
  HIGHEST WIND SPEED    21   HIGHEST WIND DIRECTION     W (250)
  HIGHEST GUST SPEED    26   HIGHEST GUST DIRECTION     W (260)
  AVERAGE WIND SPEED    12.0


SKY COVER
  POSSIBLE SUNSHINE  MM
  AVERAGE SKY COVER 0.8


WEATHER CONDITIONS
 THE FOLLOWING WEATHER WAS RECORDED YESTERDAY.
  LIGHT SNOW
  FOG


RELATIVE HUMIDITY (PERCENT)
 HIGHEST    84           400 AM
 LOWEST     49           400 PM
 AVERAGE    67

..........................................................


THE CEDAR RAPIDS IA CLIMATE NORMALS FOR TODAY
                         NORMAL    RECORD    YEAR
 MAXIMUM TEMPERATURE (F)   31        61      1939
 MINIMUM TEMPERATURE (F)   14       -15      1963


SUNRISE AND SUNSET
DECEMBER 16 2017......SUNRISE   728 AM CST   SUNSET   437 PM CST
DECEMBER 17 2017......SUNRISE   729 AM CST   SUNSET   437 PM CST


-  INDICATES NEGATIVE NUMBERS.
R  INDICATES RECORD WAS SET OR TIED.
MM INDICATES DATA IS MISSING.
T  INDICATES TRACE AMOUNT.




$$
