000
CDUS43 KDVN 290919
CLICID


CLIMATE REPORT
NATIONAL WEATHER SERVICE QUAD CITIES IA IL
418 AM CDT SAT AUG 29 2015


...................................

...THE CEDAR RAPIDS IA CLIMATE SUMMARY FOR AUGUST 28 2015...

CLIMATE NORMAL PERIOD 1981 TO 2010
CLIMATE RECORD PERIOD 1891 TO 2015


WEATHER ITEM   OBSERVED TIME   RECORD YEAR NORMAL DEPARTURE LAST
                VALUE   (LST)  VALUE       VALUE  FROM      YEAR
                                                  NORMAL
..................................................................
TEMPERATURE (F)
 YESTERDAY
  MAXIMUM         69    459 PM  96    2013  80    -11       73
                                      1955
  MINIMUM         58    456 AM  40    1986  59     -1       64
  AVERAGE         64                        69     -5       69

PRECIPITATION (IN)
  YESTERDAY        0.49         MM      MM   0.14   0.35     0.36
  MONTH TO DATE    2.02                      4.07  -2.05     1.54
  SINCE JUN 1     16.45                     13.45   3.00    18.40
  SINCE JAN 1     25.65                     24.89   0.76    29.64

DEGREE DAYS
 HEATING
  YESTERDAY        1                         1      0        0
  MONTH TO DATE   24                         9     15        0
  SINCE JUN 1     37                        42     -5       24
  SINCE JUL 1     28                        13     15       19

 COOLING
  YESTERDAY        0                         5     -5        4
  MONTH TO DATE  134                       185    -51      193
  SINCE JUN 1    500                       603   -103      510
  SINCE JAN 1    550                       652   -102      590
..................................................................


WIND (MPH)
  HIGHEST WIND SPEED    22   HIGHEST WIND DIRECTION    SE (140)
  HIGHEST GUST SPEED    30   HIGHEST GUST DIRECTION    SE (120)
  AVERAGE WIND SPEED     9.4


SKY COVER
  POSSIBLE SUNSHINE  MM
  AVERAGE SKY COVER 0.5


WEATHER CONDITIONS
 THE FOLLOWING WEATHER WAS RECORDED YESTERDAY.
  THUNDERSTORM
  RAIN
  LIGHT RAIN
  FOG


RELATIVE HUMIDITY (PERCENT)
 HIGHEST   100           100 AM
 LOWEST     81           300 PM
 AVERAGE    91

..........................................................


THE CEDAR RAPIDS IA CLIMATE NORMALS FOR TODAY
                         NORMAL    RECORD    YEAR
 MAXIMUM TEMPERATURE (F)   80        97      1925
 MINIMUM TEMPERATURE (F)   58        40      1946


SUNRISE AND SUNSET
AUGUST 29 2015........SUNRISE   629 AM CDT   SUNSET   746 PM CDT
AUGUST 30 2015........SUNRISE   630 AM CDT   SUNSET   744 PM CDT


-  INDICATES NEGATIVE NUMBERS.
R  INDICATES RECORD WAS SET OR TIED.
MM INDICATES DATA IS MISSING.
T  INDICATES TRACE AMOUNT.




$$
