000
CDUS43 KDVN 032123
CLICID


CLIMATE REPORT
NATIONAL WEATHER SERVICE QUAD CITIES IA IL
421 PM CDT FRI JUL 3 2015


...................................

...THE CEDAR RAPIDS IA CLIMATE SUMMARY FOR JULY 3 2015...
VALID TODAY AS OF 0400 PM LOCAL TIME.

CLIMATE NORMAL PERIOD 1981 TO 2010
CLIMATE RECORD PERIOD 1891 TO 2015


WEATHER ITEM   OBSERVED TIME   RECORD YEAR NORMAL DEPARTURE LAST
                VALUE   (LST)  VALUE       VALUE  FROM      YEAR
                                                  NORMAL
..................................................................
TEMPERATURE (F)
 TODAY
  MAXIMUM         77    258 PM 105    1911  84     -7       75
  MINIMUM         54    500 AM  43    1924  62     -8       50
  AVERAGE         66                        73     -7       63

PRECIPITATION (IN)
  TODAY            0.00         MM      MM   0.15  -0.15     0.00
  MONTH TO DATE    T                         0.45  -0.45     0.08
  SINCE JUN 1      8.85                      5.37   3.48    13.37
  SINCE JAN 1     18.05                     16.81   1.24    24.61

DEGREE DAYS
 HEATING
  TODAY            0                         0      0        2
  MONTH TO DATE    2                         0      2        8
  SINCE JUN 1     11                        29    -18       13
  SINCE JUL 1      2                         0      2        8

 COOLING
  TODAY            1                         8     -7        0
  MONTH TO DATE    2                        24    -22        4
  SINCE JUN 1    147                       190    -43      187
  SINCE JAN 1    197                       239    -42      267
..................................................................


WIND (MPH)
  HIGHEST WIND SPEED    10   HIGHEST WIND DIRECTION    NE (60)
  HIGHEST GUST SPEED    13   HIGHEST GUST DIRECTION    NE (50)
  AVERAGE WIND SPEED     3.7


SKY COVER
  POSSIBLE SUNSHINE  MM
  AVERAGE SKY COVER 0.0


WEATHER CONDITIONS
 THE FOLLOWING WEATHER WAS RECORDED TODAY.
  NO SIGNIFICANT WEATHER WAS OBSERVED.


RELATIVE HUMIDITY (PERCENT)
 HIGHEST   100           500 AM
 LOWEST     46           300 PM
 AVERAGE    73

..........................................................


THE CEDAR RAPIDS IA CLIMATE NORMALS FOR TOMORROW
                         NORMAL    RECORD    YEAR
 MAXIMUM TEMPERATURE (F)   84       106      1911
 MINIMUM TEMPERATURE (F)   62        45      1924


SUNRISE AND SUNSET
JULY  3 2015..........SUNRISE   536 AM CDT   SUNSET   845 PM CDT
JULY  4 2015..........SUNRISE   537 AM CDT   SUNSET   845 PM CDT


-  INDICATES NEGATIVE NUMBERS.
R  INDICATES RECORD WAS SET OR TIED.
MM INDICATES DATA IS MISSING.
T  INDICATES TRACE AMOUNT.




$$
