000
CDUS43 KDVN 102125
CLICID


CLIMATE REPORT
NATIONAL WEATHER SERVICE QUAD CITIES IA IL
423 PM CDT THU JUL 10 2014


...................................

...THE CEDAR RAPIDS IA CLIMATE SUMMARY FOR JULY 10 2014...
VALID TODAY AS OF 0400 PM LOCAL TIME.

CLIMATE NORMAL PERIOD 1981 TO 2010
CLIMATE RECORD PERIOD 1891 TO 2014


WEATHER ITEM   OBSERVED TIME   RECORD YEAR NORMAL DEPARTURE LAST
                VALUE   (LST)  VALUE       VALUE  FROM      YEAR
                                                  NORMAL
..................................................................
TEMPERATURE (F)
 TODAY
  MAXIMUM         81    229 PM 103    1901  84     -3       80
  MINIMUM         58    533 AM  48    1996  63     -5       62
  AVERAGE         70                        73     -3       71

PRECIPITATION (IN)
  TODAY            0.00         MM      MM   0.15  -0.15     0.00
  MONTH TO DATE    0.76                      1.54  -0.78     1.11
  SINCE JUN 1     14.05                      6.46   7.59     7.43
  SINCE JAN 1     25.29                     17.90   7.39    27.62

DEGREE DAYS
 HEATING
  TODAY            0                         0      0        0
  MONTH TO DATE   10                         0     10        0
  SINCE JUN 1     15                        29    -14       28
  SINCE JUL 1     10                         0     10        0

 COOLING
  TODAY            5                         8     -3        6
  MONTH TO DATE   35                        80    -45       83
  SINCE JUN 1    218                       246    -28      255
  SINCE JAN 1    298                       295      3      329
..................................................................


WIND (MPH)
  HIGHEST WIND SPEED    14   HIGHEST WIND DIRECTION     S (170)
  HIGHEST GUST SPEED    18   HIGHEST GUST DIRECTION     S (180)
  AVERAGE WIND SPEED     6.1


SKY COVER
  POSSIBLE SUNSHINE  MM
  AVERAGE SKY COVER 0.1


WEATHER CONDITIONS
 THE FOLLOWING WEATHER WAS RECORDED TODAY.
  FOG


RELATIVE HUMIDITY (PERCENT)
 HIGHEST    93           200 AM
 LOWEST     45           200 PM
 AVERAGE    69

..........................................................


THE CEDAR RAPIDS IA CLIMATE NORMALS FOR TOMORROW
                         NORMAL    RECORD    YEAR
 MAXIMUM TEMPERATURE (F)   84       104      1930
 MINIMUM TEMPERATURE (F)   63        46      1945


SUNRISE AND SUNSET
JULY 10 2014..........SUNRISE   541 AM CDT   SUNSET   843 PM CDT
JULY 11 2014..........SUNRISE   542 AM CDT   SUNSET   842 PM CDT


-  INDICATES NEGATIVE NUMBERS.
R  INDICATES RECORD WAS SET OR TIED.
MM INDICATES DATA IS MISSING.
T  INDICATES TRACE AMOUNT.




$$
