000
CDUS43 KDVN 280912
CLICID

CLIMATE REPORT
NATIONAL WEATHER SERVICE QUAD CITIES IA IL
127 AM CDT WED JUN 28 2017


...................................

...THE CEDAR RAPIDS IA CLIMATE SUMMARY FOR JUNE 27 2017...

CLIMATE NORMAL PERIOD 1981 TO 2010
CLIMATE RECORD PERIOD 9999 TO 9999


WEATHER ITEM   OBSERVED TIME   RECORD YEAR NORMAL DEPARTURE LAST
                VALUE   (LST)  VALUE       VALUE  FROM      YEAR
                                                  NORMAL
..................................................................
TEMPERATURE (F)
 YESTERDAY
  MAXIMUM         75    505 PM 103    1934  83     -8       84
  MINIMUM         45    515 AM  42    1926  62    -17       64
  AVERAGE         60                        72    -12       74

PRECIPITATION (IN)
  YESTERDAY        0.00                      0.18  -0.18     0.00
  MONTH TO DATE    2.16                      4.40  -2.24     7.72
  SINCE JUN 1      2.16                      4.40  -2.24     7.72
  SINCE JAN 1     14.54                     15.84  -1.30    16.38

DEGREE DAYS
 HEATING
  YESTERDAY        5                         0      5        0
  MONTH TO DATE   22                        29     -7        4
  SINCE JUN 1     22                        29     -7        4
  SINCE JUL 1   5758                      6866  -1108     5653

 COOLING
  YESTERDAY        0                         8     -8        9
  MONTH TO DATE  188                       143     45      234
  SINCE JUN 1    188                       143     45      234
  SINCE JAN 1    226                       192     34      294
..................................................................


WIND (MPH)
  HIGHEST WIND SPEED    15   HIGHEST WIND DIRECTION     S (190)
  HIGHEST GUST SPEED    20   HIGHEST GUST DIRECTION     S (190)
  AVERAGE WIND SPEED     6.6




RELATIVE HUMIDITY (PERCENT)
 HIGHEST   100           200 AM
 LOWEST     36           400 PM
 AVERAGE    68

..........................................................


THE CEDAR RAPIDS IA CLIMATE NORMALS FOR TODAY
                         NORMAL    RECORD    YEAR
 MAXIMUM TEMPERATURE (F)   83       103      1931
 MINIMUM TEMPERATURE (F)   62        40      1925


SUNRISE AND SUNSET
JUNE 28 2017..........SUNRISE   534 AM CDT   SUNSET   846 PM CDT
JUNE 29 2017..........SUNRISE   535 AM CDT   SUNSET   846 PM CDT


-  INDICATES NEGATIVE NUMBERS.
R  INDICATES RECORD WAS SET OR TIED.
MM INDICATES DATA IS MISSING.
T  INDICATES TRACE AMOUNT.




$$
