000
CDUS43 KDVN 210920
CLICID


CLIMATE REPORT
NATIONAL WEATHER SERVICE QUAD CITIES IA IL
420 AM CDT SUN SEP 21 2014


...................................

...THE CEDAR RAPIDS IA CLIMATE SUMMARY FOR SEPTEMBER 20 2014...

CLIMATE NORMAL PERIOD 1981 TO 2010
CLIMATE RECORD PERIOD 1891 TO 2014


WEATHER ITEM   OBSERVED TIME   RECORD YEAR NORMAL DEPARTURE LAST
                VALUE   (LST)  VALUE       VALUE  FROM      YEAR
                                                  NORMAL
..................................................................
TEMPERATURE (F)
 YESTERDAY
  MAXIMUM         79    436 PM  93    1931  73      6       66
  MINIMUM         58   1159 PM  29    1991  49      9       49
  AVERAGE         69                        61      8       58

PRECIPITATION (IN)
  YESTERDAY        0.25         MM      MM   0.11   0.14     0.04
  MONTH TO DATE    3.52                      2.20   1.32     1.80
  SINCE SEP 1      3.52                      2.20   1.32     1.80
  SINCE JAN 1     34.00                     27.50   6.50    31.20

DEGREE DAYS
 HEATING
  YESTERDAY        0                         6     -6        7
  MONTH TO DATE  109                        63     46       40
  SINCE SEP 1    109                        63     46       40
  SINCE JUL 1    128                        82     46       59

 COOLING
  YESTERDAY        4                         2      2        0
  MONTH TO DATE   38                        61    -23      137
  SINCE SEP 1     38                        61    -23      137
  SINCE JAN 1    655                       729    -74      857
..................................................................


WIND (MPH)
  HIGHEST WIND SPEED    30   HIGHEST WIND DIRECTION    NW (320)
  HIGHEST GUST SPEED    38   HIGHEST GUST DIRECTION    NW (320)
  AVERAGE WIND SPEED     9.5


SKY COVER
  POSSIBLE SUNSHINE  MM
  AVERAGE SKY COVER 0.4


WEATHER CONDITIONS
 THE FOLLOWING WEATHER WAS RECORDED YESTERDAY.
  THUNDERSTORM
  RAIN
  LIGHT RAIN
  FOG


RELATIVE HUMIDITY (PERCENT)
 HIGHEST   100           400 AM
 LOWEST     62           500 PM
 AVERAGE    81

..........................................................


THE CEDAR RAPIDS IA CLIMATE NORMALS FOR TODAY
                         NORMAL    RECORD    YEAR
 MAXIMUM TEMPERATURE (F)   73        93      1920
 MINIMUM TEMPERATURE (F)   49        33      1999


SUNRISE AND SUNSET
SEPTEMBER 21 2014.....SUNRISE   653 AM CDT   SUNSET   706 PM CDT
SEPTEMBER 22 2014.....SUNRISE   654 AM CDT   SUNSET   704 PM CDT


-  INDICATES NEGATIVE NUMBERS.
R  INDICATES RECORD WAS SET OR TIED.
MM INDICATES DATA IS MISSING.
T  INDICATES TRACE AMOUNT.




$$
