000
CDUS41 KCLE 020527
CLICLE


CLIMATE REPORT
NATIONAL WEATHER SERVICE CLEVELAND OH
126 AM EDT TUE SEP 2 2014


...................................

...THE CLEVELAND OH CLIMATE SUMMARY FOR SEPTEMBER 1 2014...

CLIMATE NORMAL PERIOD 1981 TO 2010
CLIMATE RECORD PERIOD 1871 TO 2014


WEATHER ITEM   OBSERVED TIME   RECORD YEAR NORMAL DEPARTURE LAST
                VALUE   (LST)  VALUE       VALUE  FROM      YEAR
                                                  NORMAL
..................................................................
TEMPERATURE (F)
 YESTERDAY
  MAXIMUM         84    248 PM 101    1953  79      5       84
  MINIMUM         70    556 AM  42    1970  61      9       71
                                      1874
  AVERAGE         77                        70      7       78

PRECIPITATION (IN)
  YESTERDAY        0.00                      0.12  -0.12      T
  MONTH TO DATE    0.00                      0.12  -0.12      T
  SINCE SEP 1      0.00                      0.12  -0.12      T
  SINCE JAN 1     31.11                     25.66   5.45    28.21

SNOWFALL (IN)
  YESTERDAY        0.0                       0.0    0.0      0.0
  MONTH TO DATE    0.0                       0.0    0.0      0.0
  SINCE SEP 1      0.0                       0.0    0.0      0.0
  SINCE JUL 1      0.0                       0.0    0.0      0.0
  SNOW DEPTH       0

DEGREE DAYS
 HEATING
  YESTERDAY        0                         1     -1        0
  MONTH TO DATE    0                         1     -1        0
  SINCE SEP 1      0                         1     -1        0
  SINCE JUL 1     25                        13     12        7

 COOLING
  YESTERDAY       12                         5      7       13
  MONTH TO DATE   12                         5      7       13
  SINCE SEP 1     12                         5      7       13
  SINCE JAN 1    602                       720   -118      775
..................................................................


WIND (MPH)
  HIGHEST WIND SPEED    21   HIGHEST WIND DIRECTION    SW (210)
  HIGHEST GUST SPEED    27   HIGHEST GUST DIRECTION    SW (210)
  AVERAGE WIND SPEED    10.8


SKY COVER
  POSSIBLE SUNSHINE  MM
  AVERAGE SKY COVER 0.6


WEATHER CONDITIONS
 THE FOLLOWING WEATHER WAS RECORDED YESTERDAY.
  NO SIGNIFICANT WEATHER WAS OBSERVED.


RELATIVE HUMIDITY (PERCENT)
 HIGHEST    97           400 AM
 LOWEST     65           100 PM
 AVERAGE    81

..........................................................


THE CLEVELAND OH CLIMATE NORMALS FOR TODAY
                         NORMAL    RECORD    YEAR
 MAXIMUM TEMPERATURE (F)   79       101      1953
 MINIMUM TEMPERATURE (F)   61        45      1970
                                             1967
                                             1958


SUNRISE AND SUNSET
SEPTEMBER  2 2014.....SUNRISE   655 AM EDT   SUNSET   759 PM EDT
SEPTEMBER  3 2014.....SUNRISE   656 AM EDT   SUNSET   757 PM EDT


-  INDICATES NEGATIVE NUMBERS.
R  INDICATES RECORD WAS SET OR TIED.
MM INDICATES DATA IS MISSING.
T  INDICATES TRACE AMOUNT.




$$
