000
CDUS44 KHGX 252117
CLICLL


CLIMATE REPORT
NATIONAL WEATHER SERVICE HOUSTON/GALVESTON TX
416 PM CDT SUN SEP 25 2016


...................................

...THE COLLEGE STATION CLIMATE SUMMARY FOR SEPTEMBER 25 2016...
VALID TODAY AS OF 400 PM LOCAL TIME.

CLIMATE NORMAL PERIOD 1981 TO 2010
CLIMATE RECORD PERIOD 1902 TO 2016


WEATHER ITEM   OBSERVED TIME   RECORD YEAR NORMAL DEPARTURE LAST
                VALUE   (LST)  VALUE       VALUE  FROM      YEAR
                                                  NORMAL
..................................................................
TEMPERATURE (F)
 TODAY
  MAXIMUM         90   1223 PM 104    2005  88      2       93
  MINIMUM         73    146 PM  44    1989  67      6       73
  AVERAGE         82                        77      5       83

PRECIPITATION (IN)
  TODAY            1.32          1.69 1957   0.10   1.22     0.08
  MONTH TO DATE    1.80                      2.66  -0.86     1.70
  SINCE SEP 1      1.80                      2.66  -0.86     1.70
  SINCE JAN 1     38.94                     28.18  10.76    36.35

SNOWFALL (IN)
  TODAY            0.0
  MONTH TO DATE    0.0
  SINCE JUL 1      0.0

DEGREE DAYS
 HEATING
  TODAY            0                         0      0        0
  MONTH TO DATE    0                         0      0        0
  SINCE SEP 1      0                         0      0        0
  SINCE JUL 1      0                         0      0        0

 COOLING
  TODAY           17                        12      5       18
  MONTH TO DATE  477                       393     84      430
  SINCE SEP 1    477                       393     84      430
  SINCE JAN 1   2851                      2739    112     2790
..................................................................


WIND (MPH)
  HIGHEST WIND SPEED    28   HIGHEST WIND DIRECTION    SW (220)
  HIGHEST GUST SPEED    36   HIGHEST GUST DIRECTION    SW (220)
  AVERAGE WIND SPEED     6.6


SKY COVER
  AVERAGE SKY COVER 0.2


WEATHER CONDITIONS
 THE FOLLOWING WEATHER WAS RECORDED TODAY.
  THUNDERSTORM
  HEAVY RAIN
  RAIN
  LIGHT RAIN
  FOG


RELATIVE HUMIDITY (PERCENT)
 HIGHEST   100           200 AM
 LOWEST     63          1200 PM
 AVERAGE    82

..........................................................


THE COLLEGE STATION CLIMATE NORMALS FOR TOMORROW
                         NORMAL    RECORD    YEAR
 MAXIMUM TEMPERATURE (F)   87       105      2005
 MINIMUM TEMPERATURE (F)   66        46      2000


SUNRISE AND SUNSET
SEPTEMBER 25 2016.....SUNRISE   716 AM CDT   SUNSET   718 PM CDT
SEPTEMBER 26 2016.....SUNRISE   716 AM CDT   SUNSET   716 PM CDT


-  INDICATES NEGATIVE NUMBERS.
R  INDICATES RECORD WAS SET OR TIED.
MM INDICATES DATA IS MISSING.
T  INDICATES TRACE AMOUNT.




$$
