000
CDUS44 KHGX 010719
CLICLL


CLIMATE REPORT
NATIONAL WEATHER SERVICE HOUSTON/GALVESTON TX
218 AM CDT WED JUL 1 2015


...................................

...THE COLLEGE STATION CLIMATE SUMMARY FOR JUNE 30 2015...

CLIMATE NORMAL PERIOD 1981 TO 2010
CLIMATE RECORD PERIOD 1902 TO 2015


WEATHER ITEM   OBSERVED TIME   RECORD YEAR NORMAL DEPARTURE LAST
                VALUE   (LST)  VALUE       VALUE  FROM      YEAR
                                                  NORMAL
..................................................................
TEMPERATURE (F)
 YESTERDAY
  MAXIMUM         92    325 PM 103    1917  93     -1       94
  MINIMUM         72   1031 PM  60    1985  74     -2       77
  AVERAGE         82                        84     -2       86

PRECIPITATION (IN)
  YESTERDAY        0.24          6.00 1936   0.11   0.13     0.00
  MONTH TO DATE    5.21                      4.45   0.76     1.61
  SINCE JUN 1      5.21                      4.45   0.76     1.61
  SINCE JAN 1     32.98                     20.70  12.28    15.64

SNOWFALL (IN)
  YESTERDAY        0.0
  MONTH TO DATE    0.0
  SINCE JUL 1      T

DEGREE DAYS
 HEATING
  YESTERDAY        0                         0      0        0
  MONTH TO DATE    0                         0      0        0
  SINCE JUN 1      0                         0      0        0
  SINCE JUL 1   1768                      1608    160     2064

 COOLING
  YESTERDAY       17                        19     -2       21
  MONTH TO DATE  505                       516    -11      527
  SINCE JUN 1    505                       516    -11      527
  SINCE JAN 1   1076                      1104    -28     1014
..................................................................


WIND (MPH)
  HIGHEST WIND SPEED    20   HIGHEST WIND DIRECTION    SE (130)
  HIGHEST GUST SPEED    25   HIGHEST GUST DIRECTION    SE (130)
  AVERAGE WIND SPEED     6.6


SKY COVER
  AVERAGE SKY COVER 0.2


WEATHER CONDITIONS
 THE FOLLOWING WEATHER WAS RECORDED YESTERDAY.
  THUNDERSTORM
  HEAVY RAIN
  RAIN
  LIGHT RAIN
  FOG
  HAZE


RELATIVE HUMIDITY (PERCENT)
 HIGHEST    94           400 AM
 LOWEST     59           300 PM
 AVERAGE    77

..........................................................


THE COLLEGE STATION CLIMATE NORMALS FOR TODAY
                         NORMAL    RECORD    YEAR
 MAXIMUM TEMPERATURE (F)   93       103      1917
 MINIMUM TEMPERATURE (F)   74        62      1924


SUNRISE AND SUNSET
JULY  1 2015..........SUNRISE   626 AM CDT   SUNSET   832 PM CDT
JULY  2 2015..........SUNRISE   627 AM CDT   SUNSET   832 PM CDT


-  INDICATES NEGATIVE NUMBERS.
R  INDICATES RECORD WAS SET OR TIED.
MM INDICATES DATA IS MISSING.
T  INDICATES TRACE AMOUNT.




$$
