000
CDUS44 KHGX 210720
CLICLL


CLIMATE REPORT
NATIONAL WEATHER SERVICE HOUSTON/GALVESTON TX
119 AM CST SAT JAN 21 2017


...................................

...THE COLLEGE STATION CLIMATE SUMMARY FOR JANUARY 20 2017...

CLIMATE NORMAL PERIOD 1981 TO 2010
CLIMATE RECORD PERIOD 1902 TO 2017


WEATHER ITEM   OBSERVED TIME   RECORD YEAR NORMAL DEPARTURE LAST
                VALUE   (LST)  VALUE       VALUE  FROM      YEAR
                                                  NORMAL
..................................................................
TEMPERATURE (F)
 YESTERDAY
  MAXIMUM         71    438 PM  81    1954  61     10       59
  MINIMUM         58   1205 AM  19    1963  41     17       43
                                      1935
  AVERAGE         65                        51     14       51

PRECIPITATION (IN)
  YESTERDAY        0.00          1.31 1935   0.11  -0.11     0.02
  MONTH TO DATE    3.72                      2.07   1.65     1.29
  SINCE DEC 1      6.49                      5.30   1.19     9.37
  SINCE JAN 1      3.72                      2.07   1.65     1.29

SNOWFALL (IN)
  YESTERDAY        0.0
  MONTH TO DATE    T
  SINCE JUL 1      T

DEGREE DAYS
 HEATING
  YESTERDAY        0                        14    -14       14
  MONTH TO DATE  190                       293   -103      307
  SINCE DEC 1    509                       704   -195      562
  SINCE JUL 1    578                       929   -351      709

 COOLING
  YESTERDAY        0                         0      0        0
  MONTH TO DATE   33                         0     33        0
  SINCE DEC 1     77                        16     61       36
  SINCE JAN 1     33                         0     33        0
..................................................................


WIND (MPH)
  HIGHEST WIND SPEED    15   HIGHEST WIND DIRECTION     S (180)
  HIGHEST GUST SPEED    20   HIGHEST GUST DIRECTION     S (180)
  AVERAGE WIND SPEED     5.7


SKY COVER
  AVERAGE SKY COVER 0.7


WEATHER CONDITIONS
 THE FOLLOWING WEATHER WAS RECORDED YESTERDAY.
  FOG
  HAZE


RELATIVE HUMIDITY (PERCENT)
 HIGHEST   100          1200 AM
 LOWEST     49           400 PM
 AVERAGE    75

..........................................................


THE COLLEGE STATION CLIMATE NORMALS FOR TODAY
                         NORMAL    RECORD    YEAR
 MAXIMUM TEMPERATURE (F)   61        83      1911
 MINIMUM TEMPERATURE (F)   41         9      1930


SUNRISE AND SUNSET
JANUARY 21 2017.......SUNRISE   722 AM CST   SUNSET   552 PM CST
JANUARY 22 2017.......SUNRISE   721 AM CST   SUNSET   553 PM CST


-  INDICATES NEGATIVE NUMBERS.
R  INDICATES RECORD WAS SET OR TIED.
MM INDICATES DATA IS MISSING.
T  INDICATES TRACE AMOUNT.




$$
