000
CDUS44 KHGX 170733
CLICLL


CLIMATE REPORT
NATIONAL WEATHER SERVICE HOUSTON/GALVESTON TX
233 AM CDT THU APR 17 2014


...................................

...THE COLLEGE STATION CLIMATE SUMMARY FOR APRIL 16 2014...

CLIMATE NORMAL PERIOD 1981 TO 2010
CLIMATE RECORD PERIOD 1902 TO 2014


WEATHER ITEM   OBSERVED TIME   RECORD YEAR NORMAL DEPARTURE LAST
                VALUE   (LST)  VALUE       VALUE  FROM      YEAR
                                                  NORMAL
..................................................................
TEMPERATURE (F)
 YESTERDAY
  MAXIMUM         69    319 PM  96    1920  79    -10       88
  MINIMUM         42    624 AM  36    1961  58    -16       70
  AVERAGE         56                        69    -13       79

PRECIPITATION (IN)
  YESTERDAY        0.00          2.02 1976   0.08  -0.08      T
  MONTH TO DATE    1.22                      1.26  -0.04     1.06
  SINCE MAR 1      2.83                      4.43  -1.60     2.79
  SINCE JAN 1      5.01                     10.52  -5.51     8.95

SNOWFALL (IN)
  YESTERDAY       MM
  MONTH TO DATE    0.0
  SINCE JUL 1      T

DEGREE DAYS
 HEATING
  YESTERDAY        9                         1      8        0
  MONTH TO DATE   58                        36     22       51
  SINCE MAR 1    327                       208    119      240
  SINCE JUL 1   2051                      1595    456     1299

 COOLING
  YESTERDAY        0                         5     -5       14
  MONTH TO DATE   63                        65     -2       70
  SINCE MAR 1     86                       124    -38      128
  SINCE JAN 1    107                       152    -45      163
..................................................................


WIND (MPH)
  HIGHEST WIND SPEED    24   HIGHEST WIND DIRECTION    SE (150)
  HIGHEST GUST SPEED    30   HIGHEST GUST DIRECTION    SE (140)
  AVERAGE WIND SPEED    10.4


SKY COVER
  AVERAGE SKY COVER 0.0


WEATHER CONDITIONS
 THE FOLLOWING WEATHER WAS RECORDED YESTERDAY.
  NO SIGNIFICANT WEATHER WAS OBSERVED.


RELATIVE HUMIDITY (PERCENT)
 HIGHEST    77          1100 PM
 LOWEST     45           300 PM
 AVERAGE    61

..........................................................


THE COLLEGE STATION CLIMATE NORMALS FOR TODAY
                         NORMAL    RECORD    YEAR
 MAXIMUM TEMPERATURE (F)   79        93      2006
 MINIMUM TEMPERATURE (F)   58        36      1999
                                             1947
                                             1921


SUNRISE AND SUNSET
APRIL 17 2014.........SUNRISE   656 AM CDT   SUNSET   755 PM CDT
APRIL 18 2014.........SUNRISE   655 AM CDT   SUNSET   755 PM CDT


-  INDICATES NEGATIVE NUMBERS.
R  INDICATES RECORD WAS SET OR TIED.
MM INDICATES DATA IS MISSING.
T  INDICATES TRACE AMOUNT.




$$
