000
CDUS44 KHGX 030818
CLICLL


CLIMATE REPORT
NATIONAL WEATHER SERVICE HOUSTON/GALVESTON TX
217 AM CST TUE MAR 3 2015


...................................

...THE COLLEGE STATION CLIMATE SUMMARY FOR MARCH 2 2015...

CLIMATE NORMAL PERIOD 1981 TO 2010
CLIMATE RECORD PERIOD 1902 TO 2015


WEATHER ITEM   OBSERVED TIME   RECORD YEAR NORMAL DEPARTURE LAST
                VALUE   (LST)  VALUE       VALUE  FROM      YEAR
                                                  NORMAL
..................................................................
TEMPERATURE (F)
 YESTERDAY
  MAXIMUM         46    359 PM  87    1905  68    -22       70
  MINIMUM         40    934 AM  19    1980  48     -8       25
  AVERAGE         43                        58    -15       48

PRECIPITATION (IN)
  YESTERDAY        T             1.22 1932   0.09  -0.09     0.10
  MONTH TO DATE    0.04                      0.19  -0.15     0.10
  SINCE MAR 1      0.04                      0.19  -0.15     0.10
  SINCE JAN 1      7.45                      6.28   1.17     2.28

SNOWFALL (IN)
  YESTERDAY       MM
  MONTH TO DATE   MM
  SINCE JUL 1      T

DEGREE DAYS
 HEATING
  YESTERDAY       22                         8     14       17
  MONTH TO DATE   45                        16     29       17
  SINCE MAR 1     45                        16     29       17
  SINCE JUL 1   1586                      1403    183     1741

 COOLING
  YESTERDAY        0                         1     -1        0
  MONTH TO DATE    0                         2     -2        7
  SINCE MAR 1      0                         2     -2        7
  SINCE JAN 1      1                        30    -29       28
..................................................................


WIND (MPH)
  HIGHEST WIND SPEED    15   HIGHEST WIND DIRECTION     N (350)
  HIGHEST GUST SPEED    17   HIGHEST GUST DIRECTION     N (350)
  AVERAGE WIND SPEED     8.1


SKY COVER
  AVERAGE SKY COVER 1.0


WEATHER CONDITIONS
 THE FOLLOWING WEATHER WAS RECORDED YESTERDAY.
  LIGHT RAIN
  FOG


RELATIVE HUMIDITY (PERCENT)
 HIGHEST   100          1200 AM
 LOWEST     92          1200 PM
 AVERAGE    96

..........................................................


THE COLLEGE STATION CLIMATE NORMALS FOR TODAY
                         NORMAL    RECORD    YEAR
 MAXIMUM TEMPERATURE (F)   68        86      1905
 MINIMUM TEMPERATURE (F)   48        17      1943


SUNRISE AND SUNSET
MARCH  3 2015.........SUNRISE   650 AM CST   SUNSET   625 PM CST
MARCH  4 2015.........SUNRISE   649 AM CST   SUNSET   626 PM CST


-  INDICATES NEGATIVE NUMBERS.
R  INDICATES RECORD WAS SET OR TIED.
MM INDICATES DATA IS MISSING.
T  INDICATES TRACE AMOUNT.




$$
