000
CDUS44 KHGX 042122
CLICLL


CLIMATE REPORT
NATIONAL WEATHER SERVICE HOUSTON/GALVESTON TX
421 PM CDT TUE AUG 4 2015


...................................

...THE COLLEGE STATION CLIMATE SUMMARY FOR AUGUST 4 2015...
VALID TODAY AS OF 400 PM LOCAL TIME.

CLIMATE NORMAL PERIOD 1981 TO 2010
CLIMATE RECORD PERIOD 1902 TO 2015


WEATHER ITEM   OBSERVED TIME   RECORD YEAR NORMAL DEPARTURE LAST
                VALUE   (LST)  VALUE       VALUE  FROM      YEAR
                                                  NORMAL
..................................................................
TEMPERATURE (F)
 TODAY
  MAXIMUM         97    205 PM 107    1951  97      0       92
  MINIMUM         75    623 AM  65    1915  75      0       73
  AVERAGE         86                        86      0       83

PRECIPITATION (IN)
  TODAY            0.00          1.07 1986   0.07  -0.07     0.14
  MONTH TO DATE    0.00                      0.28  -0.28     0.14
  SINCE JUN 1      5.52                      6.87  -1.35     8.47
  SINCE JAN 1     33.29                     23.12  10.17    22.50

SNOWFALL (IN)
  TODAY            0.0
  MONTH TO DATE    0.0
  SINCE JUL 1      0.0

DEGREE DAYS
 HEATING
  TODAY            0                         0      0        0
  MONTH TO DATE    0                         0      0        0
  SINCE JUN 1      0                         0      0        0
  SINCE JUL 1      0                         0      0        0

 COOLING
  TODAY           21                        21      0       18
  MONTH TO DATE   85                        83      2       57
  SINCE JUN 1   1220                      1210     10     1157
  SINCE JAN 1   1791                      1798     -7     1644
..................................................................


WIND (MPH)
  HIGHEST WIND SPEED    15   HIGHEST WIND DIRECTION    SE (150)
  HIGHEST GUST SPEED    20   HIGHEST GUST DIRECTION     S (180)
  AVERAGE WIND SPEED     6.5


SKY COVER
  AVERAGE SKY COVER 0.2


WEATHER CONDITIONS
 THE FOLLOWING WEATHER WAS RECORDED TODAY.
  NO SIGNIFICANT WEATHER WAS OBSERVED.


RELATIVE HUMIDITY (PERCENT)
 HIGHEST    87           400 AM
 LOWEST     43           100 PM
 AVERAGE    65

..........................................................


THE COLLEGE STATION CLIMATE NORMALS FOR TOMORROW
                         NORMAL    RECORD    YEAR
 MAXIMUM TEMPERATURE (F)   97       106      1951
 MINIMUM TEMPERATURE (F)   75        67      1915


SUNRISE AND SUNSET
AUGUST  4 2015........SUNRISE   645 AM CDT   SUNSET   818 PM CDT
AUGUST  5 2015........SUNRISE   646 AM CDT   SUNSET   817 PM CDT


-  INDICATES NEGATIVE NUMBERS.
R  INDICATES RECORD WAS SET OR TIED.
MM INDICATES DATA IS MISSING.
T  INDICATES TRACE AMOUNT.




$$
