000
CDUS42 KGSP 310633
CLICLT

CLIMATE REPORT
NATIONAL WEATHER SERVICE GREENVILLE-SPARTANBURG SC
230 AM EDT SUN AUG 31 2014

...................................

...THE CHARLOTTE NC CLIMATE SUMMARY FOR AUGUST 30 2014...

CLIMATE NORMAL PERIOD 1981 TO 2010
CLIMATE RECORD PERIOD 1878 TO 2014


WEATHER ITEM   OBSERVED TIME   RECORD YEAR NORMAL DEPARTURE LAST
                VALUE   (LST)  VALUE       VALUE  FROM      YEAR
                                                  NORMAL
..................................................................
TEMPERATURE (F)
 YESTERDAY
  MAXIMUM         90    505 PM 101    1932  86      4       88
  MINIMUM         68    516 AM  53    1965  66      2       70
  AVERAGE         79                        76      3       79

PRECIPITATION (IN)
  YESTERDAY        0.00          2.54 1906   0.12  -0.12     0.00
  MONTH TO DATE    3.68                      4.10  -0.42     1.62
  SINCE JUN 1     10.91                     11.52  -0.61    16.39
  SINCE JAN 1     33.70                     28.48   5.22    35.14

SNOWFALL (IN)
  YESTERDAY        0.0           0.0    MM   0.0    0.0      0.0
  MONTH TO DATE    0.0                       0.0    0.0      0.0
  SINCE JUN 1      0.0                       0.0    0.0      0.0
  SINCE JUL 1      0.0                       0.0    0.0      0.0
  SNOW DEPTH       0

DEGREE DAYS
 HEATING
  YESTERDAY        0                         0      0        0
  MONTH TO DATE    0                         0      0        1
  SINCE JUN 1      0                         3     -3        1
  SINCE JUL 1      0                         0      0        1

 COOLING
  YESTERDAY       14                        11      3       14
  MONTH TO DATE  341                       372    -31      342
  SINCE JUN 1   1109                      1103      6     1105
  SINCE JAN 1   1337                      1266     71     1274
..................................................................


WIND (MPH)
  HIGHEST WIND SPEED    12   HIGHEST WIND DIRECTION     S (160)
  HIGHEST GUST SPEED    15   HIGHEST GUST DIRECTION    SE (140)
  AVERAGE WIND SPEED     4.6


SKY COVER
  POSSIBLE SUNSHINE  MM
  AVERAGE SKY COVER 0.5


WEATHER CONDITIONS
 THE FOLLOWING WEATHER WAS RECORDED YESTERDAY.
  FOG


RELATIVE HUMIDITY (PERCENT)
 HIGHEST    90           400 AM
 LOWEST     41           300 PM
 AVERAGE    66

..........................................................


THE CHARLOTTE NC CLIMATE NORMALS FOR TODAY
                         NORMAL    RECORD    YEAR
 MAXIMUM TEMPERATURE (F)   86        99      1957
                                             1932
 MINIMUM TEMPERATURE (F)   65        53      1946
                                             1887


SUNRISE AND SUNSET
AUGUST 31 2014........SUNRISE   656 AM EDT   SUNSET   752 PM EDT
SEPTEMBER  1 2014.....SUNRISE   656 AM EDT   SUNSET   751 PM EDT


-  INDICATES NEGATIVE NUMBERS.
R  INDICATES RECORD WAS SET OR TIED.
MM INDICATES DATA IS MISSING.
T  INDICATES TRACE AMOUNT.

$$
