000
CDUS42 KGSP 250630
CLICLT

CLIMATE REPORT
NATIONAL WEATHER SERVICE GREENVILLE-SPARTANBURG SC
229 AM EDT THU MAY 25 2017

...THE CHARLOTTE NC CLIMATE SUMMARY FOR MAY 24 2017...

CLIMATE NORMAL PERIOD 1981 TO 2010
CLIMATE RECORD PERIOD 1878 TO 2017


WEATHER ITEM   OBSERVED TIME   RECORD YEAR NORMAL DEPARTURE LAST
                VALUE   (LST)  VALUE       VALUE  FROM      YEAR
                                                  NORMAL
..................................................................
TEMPERATURE (F)
 YESTERDAY
  MAXIMUM         76   1241 PM  95    1939  81     -5       80
                                      1903
  MINIMUM         62   1159 PM  43    1931  58      4       49
  AVERAGE         69                        70     -1       65

PRECIPITATION (IN)
  YESTERDAY        0.76          1.03 2009   0.11   0.65     0.00
  MONTH TO DATE    5.29                      2.38   2.91     4.90
  SINCE MAR 1     13.54                      9.43   4.11     7.78
  SINCE JAN 1     20.45                     16.16   4.29    14.56

SNOWFALL (IN)
  YESTERDAY        0.0           0.0    MM   0.0    0.0      0.0
  MONTH TO DATE    0.0                       0.0    0.0      0.0
  SINCE MAR 1      1.1                       0.6    0.5      0.0
  SINCE JUL 1      2.2                       4.3   -2.1      3.3
  SNOW DEPTH       0

DEGREE DAYS
 HEATING
  YESTERDAY        0                         1     -1        0
  MONTH TO DATE   26                        48    -22       43
  SINCE MAR 1    494                       681   -187      426
  SINCE JUL 1   2392                      3380   -988     2568

 COOLING
  YESTERDAY        4                         5     -1        0
  MONTH TO DATE  118                        81     37       84
  SINCE MAR 1    243                       118    125      182
  SINCE JAN 1    248                       118    130      182
..................................................................


WIND (MPH)
  HIGHEST WIND SPEED    30   HIGHEST WIND DIRECTION     S (160)
  HIGHEST GUST SPEED    36   HIGHEST GUST DIRECTION     S (170)
  AVERAGE WIND SPEED    10.3


SKY COVER
  POSSIBLE SUNSHINE  MM
  AVERAGE SKY COVER 1.0


WEATHER CONDITIONS
 THE FOLLOWING WEATHER WAS RECORDED YESTERDAY.
  THUNDERSTORM
  HEAVY RAIN
  RAIN
  LIGHT RAIN
  FOG


RELATIVE HUMIDITY (PERCENT)
 HIGHEST    93           300 AM
 LOWEST     73          1200 PM
 AVERAGE    83

..........................................................


THE CHARLOTTE NC CLIMATE NORMALS FOR TODAY
                         NORMAL    RECORD    YEAR
 MAXIMUM TEMPERATURE (F)   81        95      1953
                                             1926
 MINIMUM TEMPERATURE (F)   59        41      2013


SUNRISE AND SUNSET
MAY 25 2017...........SUNRISE   613 AM EDT   SUNSET   829 PM EDT
MAY 26 2017...........SUNRISE   613 AM EDT   SUNSET   829 PM EDT


-  INDICATES NEGATIVE NUMBERS.
R  INDICATES RECORD WAS SET OR TIED.
MM INDICATES DATA IS MISSING.
T  INDICATES TRACE AMOUNT.

$$
