628
CDUS42 KGSP 080632
CLICLT

CLIMATE REPORT
NATIONAL WEATHER SERVICE GREENVILLE-SPARTANBURG SC
131 AM EST THU DEC 8 2016


...................................

...THE CHARLOTTE NC CLIMATE SUMMARY FOR DECEMBER 7 2016...

CLIMATE NORMAL PERIOD 1981 TO 2010
CLIMATE RECORD PERIOD 1878 TO 2016


WEATHER ITEM   OBSERVED TIME   RECORD YEAR NORMAL DEPARTURE LAST
                VALUE   (LST)  VALUE       VALUE  FROM      YEAR
                                                  NORMAL
..................................................................
TEMPERATURE (F)
 YESTERDAY
  MAXIMUM         57    119 PM  76    1998  55      2       66
  MINIMUM         38    101 AM  12    2010  33      5       31
  AVERAGE         48                        44      4       49

PRECIPITATION (IN)
  YESTERDAY        0.00          1.56 1890   0.10  -0.10     0.00
  MONTH TO DATE    1.59                      0.76   0.83     0.14
  SINCE DEC 1      1.59                      0.76   0.83     0.14
  SINCE JAN 1     32.23                     39.14  -6.91    40.92

SNOWFALL (IN)
  YESTERDAY        0.0           T    1968   0.0    0.0      0.0
  MONTH TO DATE    0.0                       0.0    0.0      0.0
  SINCE DEC 1      0.0                       0.0    0.0      0.0
  SINCE JUL 1      0.0                       0.1   -0.1      0.0
  SNOW DEPTH       0

DEGREE DAYS
 HEATING
  YESTERDAY       17                        21     -4       16
  MONTH TO DATE  127                       140    -13      121
  SINCE DEC 1    127                       140    -13      121
  SINCE JUL 1    545                       776   -231      587

 COOLING
  YESTERDAY        0                         0      0        0
  MONTH TO DATE    0                         0      0        0
  SINCE DEC 1      0                         0      0        0
  SINCE JAN 1   2193                      1517    676     2016
..................................................................


WIND (MPH)
  HIGHEST WIND SPEED     9   HIGHEST WIND DIRECTION     S (170)
  HIGHEST GUST SPEED    14   HIGHEST GUST DIRECTION     E (80)
  AVERAGE WIND SPEED     2.2


SKY COVER
  POSSIBLE SUNSHINE  MM
  AVERAGE SKY COVER 0.8


WEATHER CONDITIONS
 THE FOLLOWING WEATHER WAS RECORDED YESTERDAY.
  FOG
  FOG W/VISIBILITY <= 1/4 MILE


RELATIVE HUMIDITY (PERCENT)
 HIGHEST   100           100 AM
 LOWEST     55           100 PM
 AVERAGE    78

..........................................................


THE CHARLOTTE NC CLIMATE NORMALS FOR TODAY
                         NORMAL    RECORD    YEAR
 MAXIMUM TEMPERATURE (F)   55        76      1998
 MINIMUM TEMPERATURE (F)   33        10      1882


SUNRISE AND SUNSET
DECEMBER  8 2016......SUNRISE   720 AM EST   SUNSET   512 PM EST
DECEMBER  9 2016......SUNRISE   721 AM EST   SUNSET   512 PM EST


-  INDICATES NEGATIVE NUMBERS.
R  INDICATES RECORD WAS SET OR TIED.
MM INDICATES DATA IS MISSING.
T  INDICATES TRACE AMOUNT.




$$
