000
CDUS42 KGSP 280647
CLICLT

CLIMATE REPORT
NATIONAL WEATHER SERVICE GREENVILLE-SPARTANBURG SC
144 AM EST FRI NOV 28 2014


...................................

...THE CHARLOTTE NC CLIMATE SUMMARY FOR NOVEMBER 27 2014...

CLIMATE NORMAL PERIOD 1981 TO 2010
CLIMATE RECORD PERIOD 1878 TO 2014


WEATHER ITEM   OBSERVED TIME   RECORD YEAR NORMAL DEPARTURE LAST
                VALUE   (LST)  VALUE       VALUE  FROM      YEAR
                                                  NORMAL
..................................................................
TEMPERATURE (F)
 YESTERDAY
  MAXIMUM         52    252 PM  77    2001  58     -6       47
  MINIMUM         34   1159 PM  18    1903  36     -2       25
  AVERAGE         43                        47     -4       36

PRECIPITATION (IN)
  YESTERDAY        0.00          1.54 1993   0.11  -0.11     0.32
  MONTH TO DATE    3.79                      2.80   0.99     3.63
  SINCE SEP 1      9.13                      9.44  -0.31     7.17
  SINCE JAN 1     42.89                     38.04   4.85    42.49

SNOWFALL (IN)
  YESTERDAY        0.0           T    1951   0.0    0.0      0.0
  MONTH TO DATE    0.0                       0.1   -0.1       T
  SINCE SEP 1      T                         0.1   -0.1       T
  SINCE JUL 1      T                         0.1   -0.1       T
  SNOW DEPTH       0

DEGREE DAYS
 HEATING
  YESTERDAY       22                        18      4       29
  MONTH TO DATE  465                       375     90      431
  SINCE SEP 1    597                       581     16      563
  SINCE JUL 1    597                       581     16      564

 COOLING
  YESTERDAY        0                         0      0        0
  MONTH TO DATE    2                         0      2        1
  SINCE SEP 1    300                       236     64      289
  SINCE JAN 1   1655                      1513    142     1577
..................................................................


WIND (MPH)
  HIGHEST WIND SPEED    20   HIGHEST WIND DIRECTION    NW (300)
  HIGHEST GUST SPEED    25   HIGHEST GUST DIRECTION     W (280)
  AVERAGE WIND SPEED     7.6


SKY COVER
  POSSIBLE SUNSHINE  MM
  AVERAGE SKY COVER 0.5


WEATHER CONDITIONS
 THE FOLLOWING WEATHER WAS RECORDED YESTERDAY.
  NO SIGNIFICANT WEATHER WAS OBSERVED.


RELATIVE HUMIDITY (PERCENT)
 HIGHEST    79          1200 AM
 LOWEST     38           100 PM
 AVERAGE    59

..........................................................


THE CHARLOTTE NC CLIMATE NORMALS FOR TODAY
                         NORMAL    RECORD    YEAR
 MAXIMUM TEMPERATURE (F)   58        77      1990
 MINIMUM TEMPERATURE (F)   36        19      2013


SUNRISE AND SUNSET
NOVEMBER 28 2014......SUNRISE   711 AM EST   SUNSET   512 PM EST
NOVEMBER 29 2014......SUNRISE   712 AM EST   SUNSET   512 PM EST


-  INDICATES NEGATIVE NUMBERS.
R  INDICATES RECORD WAS SET OR TIED.
MM INDICATES DATA IS MISSING.
T  INDICATES TRACE AMOUNT.




$$
