000
CDUS42 KGSP 300637 RRA
CLICLT

CLIMATE REPORT
NATIONAL WEATHER SERVICE GREENVILLE-SPARTANBURG SC
137 AM EST FRI JAN 30 2015


...................................

...THE CHARLOTTE NC CLIMATE SUMMARY FOR JANUARY 29 2015...

CLIMATE NORMAL PERIOD 1981 TO 2010
CLIMATE RECORD PERIOD 1878 TO 2015


WEATHER ITEM   OBSERVED TIME   RECORD YEAR NORMAL DEPARTURE LAST
                VALUE   (LST)  VALUE       VALUE  FROM      YEAR
                                                  NORMAL
..................................................................
TEMPERATURE (F)
 YESTERDAY
  MAXIMUM         50    504 PM  79    2002  52     -2       29
  MINIMUM         25    451 AM   8    1897  30     -5       16
  AVERAGE         38                        41     -3       23

PRECIPITATION (IN)
  YESTERDAY        T             1.21 1912   0.10  -0.10      T
  MONTH TO DATE    2.80                      3.19  -0.39     2.91
  SINCE DEC 1      5.37                      6.44  -1.07    10.04
  SINCE JAN 1      2.80                      3.19  -0.39     2.91

SNOWFALL (IN)
  YESTERDAY        0.0           4.2  1966   0.1   -0.1       T
  MONTH TO DATE    0.0                       2.0   -2.0      0.9
  SINCE DEC 1      0.0                       2.3   -2.3      0.9
  SINCE JUL 1      T                         2.4   -2.4      0.9
  SNOW DEPTH       0

DEGREE DAYS
 HEATING
  YESTERDAY       27                        24      3       42
  MONTH TO DATE  702                       720    -18      833
  SINCE DEC 1   1292                      1421   -129     1410
  SINCE JUL 1   1950                      2057   -107     2060

 COOLING
  YESTERDAY        0                         0      0        0
  MONTH TO DATE    0                         0      0        0
  SINCE DEC 1      0                         1     -1        8
  SINCE JAN 1      0                         0      0        0
..................................................................


WIND (MPH)
  HIGHEST WIND SPEED    17   HIGHEST WIND DIRECTION     S (180)
  HIGHEST GUST SPEED    21   HIGHEST GUST DIRECTION     S (180)
  AVERAGE WIND SPEED     6.7


SKY COVER
  POSSIBLE SUNSHINE  MM
  AVERAGE SKY COVER 0.5


WEATHER CONDITIONS
 THE FOLLOWING WEATHER WAS RECORDED YESTERDAY.
  LIGHT RAIN


RELATIVE HUMIDITY (PERCENT)
 HIGHEST    75           500 AM
 LOWEST     29           200 PM
 AVERAGE    52

..........................................................


THE CHARLOTTE NC CLIMATE NORMALS FOR TODAY
                         NORMAL    RECORD    YEAR
 MAXIMUM TEMPERATURE (F)   52        78      2002
 MINIMUM TEMPERATURE (F)   30         4      1966


SUNRISE AND SUNSET
JANUARY 30 2015.......SUNRISE   725 AM EST   SUNSET   550 PM EST
JANUARY 31 2015.......SUNRISE   724 AM EST   SUNSET   551 PM EST


-  INDICATES NEGATIVE NUMBERS.
R  INDICATES RECORD WAS SET OR TIED.
MM INDICATES DATA IS MISSING.
T  INDICATES TRACE AMOUNT.

$$
