871
CDUS42 KGSP 232041
CLICLT

CLIMATE REPORT
NATIONAL WEATHER SERVICE GREENVILLE-SPARTANBURG SC
441 PM EDT TUE AUG 23 2016


...................................

...THE CHARLOTTE NC CLIMATE SUMMARY FOR AUGUST 23 2016...
VALID TODAY AS OF 0440 PM LOCAL TIME.

CLIMATE NORMAL PERIOD 1981 TO 2010
CLIMATE RECORD PERIOD 1878 TO 2016


WEATHER ITEM   OBSERVED TIME   RECORD YEAR NORMAL DEPARTURE LAST
                VALUE   (LST)  VALUE       VALUE  FROM      YEAR
                                                  NORMAL
..................................................................
TEMPERATURE (F)
 TODAY
  MAXIMUM         91    202 PM 103    1983  87      4       85
  MINIMUM         65    603 AM  53    1930  67     -2       71
  AVERAGE         78                        77      1       78

PRECIPITATION (IN)
  TODAY            0.00          2.74 1908   0.13  -0.13     1.19
  MONTH TO DATE    1.49                      3.17  -1.68     3.73
  SINCE JUN 1      5.86                     10.59  -4.73     7.84
  SINCE JAN 1     21.15                     27.55  -6.40    22.31

SNOWFALL (IN)
  TODAY            0.0           0.0    MM   0.0    0.0      0.0
  MONTH TO DATE    0.0                       0.0    0.0      0.0
  SINCE JUN 1      0.0                       0.0    0.0      0.0
  SINCE JUL 1      0.0                       0.0    0.0      0.0
  SNOW DEPTH       0

DEGREE DAYS
 HEATING
  TODAY            0                         0      0        0
  MONTH TO DATE    0                         0      0        0
  SINCE JUN 1      0                         3     -3        0
  SINCE JUL 1      0                         0      0        0

 COOLING
  TODAY           13                        12      1       13
  MONTH TO DATE  413                       293    120      360
  SINCE JUN 1   1386                      1024    362     1355
  SINCE JAN 1   1631                      1187    444     1648
..................................................................


WIND (MPH)
  HIGHEST WIND SPEED    12   HIGHEST WIND DIRECTION     E (110)
  HIGHEST GUST SPEED    21   HIGHEST GUST DIRECTION     E (110)
  AVERAGE WIND SPEED     5.0


SKY COVER
  POSSIBLE SUNSHINE  MM
  AVERAGE SKY COVER 0.7


WEATHER CONDITIONS
 THE FOLLOWING WEATHER WAS RECORDED TODAY.
  NO SIGNIFICANT WEATHER WAS OBSERVED.


RELATIVE HUMIDITY (PERCENT)
 HIGHEST    81           600 AM
 LOWEST     34           200 PM
 AVERAGE    58

..........................................................


THE CHARLOTTE NC CLIMATE NORMALS FOR TOMORROW
                         NORMAL    RECORD    YEAR
 MAXIMUM TEMPERATURE (F)   87        97      1968
 MINIMUM TEMPERATURE (F)   67        55      1888


SUNRISE AND SUNSET
AUGUST 23 2016........SUNRISE   650 AM EDT   SUNSET   802 PM EDT
AUGUST 24 2016........SUNRISE   651 AM EDT   SUNSET   801 PM EDT


-  INDICATES NEGATIVE NUMBERS.
R  INDICATES RECORD WAS SET OR TIED.
MM INDICATES DATA IS MISSING.
T  INDICATES TRACE AMOUNT.

$$

OUTLAW
