540
CDUS46 KLOX 210856
CLICMA


CLIMATE REPORT
NATIONAL WEATHER SERVICE LOS ANGELES/OXNARD CA
1256 AM PST TUE FEB 21 2017


...................................

...THE CAMARILLO AIRPORT CA CLIMATE SUMMARY FOR FEBRUARY 20 2017...

CLIMATE NORMAL PERIOD 1981 TO 2010
CLIMATE RECORD PERIOD 1948 TO 2017


WEATHER ITEM   OBSERVED TIME   RECORD YEAR NORMAL DEPARTURE LAST
                VALUE   (LST)  VALUE       VALUE  FROM      YEAR
                                                  NORMAL
..................................................................
TEMPERATURE (F)
 YESTERDAY
  MAXIMUM         60    236 PM  88    1995  65     -5       70
  MINIMUM         53    118 AM  30    1955  42     11       44
  AVERAGE         57                        54      3       57

PRECIPITATION (IN)
  YESTERDAY        0.17          1.80 1996   0.16   0.01     0.00
  MONTH TO DATE    5.85                      2.57   3.28     0.31
  SINCE OCT 1     18.76                     10.04   8.72     3.50
  SINCE JAN 1     14.10                      6.04   8.06     2.94

SNOWFALL (IN)
  YESTERDAY        0.0
  MONTH TO DATE    0.0
  SINCE DEC 1      0.0
  SINCE JUL 1      0.0

DEGREE DAYS
 HEATING
  YESTERDAY        8                        11     -3        8
  MONTH TO DATE  135                       230    -95       95
  SINCE DEC 1    721                       917   -196      643
  SINCE JUL 1    884                      1249   -365      788

 COOLING
  YESTERDAY        0                         0      0        0
  MONTH TO DATE    0                         0      0       53
  SINCE DEC 1      6                         9     -3       57
  SINCE JAN 1      1                         7     -6       53
..................................................................


WIND (MPH)
  HIGHEST WIND SPEED    12   HIGHEST WIND DIRECTION    NE (40)
  HIGHEST GUST SPEED    14   HIGHEST GUST DIRECTION    NE (40)
  AVERAGE WIND SPEED     3.5


SKY COVER
  POSSIBLE SUNSHINE  MM
  AVERAGE SKY COVER 1.0


WEATHER CONDITIONS
 THE FOLLOWING WEATHER WAS RECORDED YESTERDAY.
  LIGHT RAIN
  FOG
  HAZE


RELATIVE HUMIDITY (PERCENT)
 HIGHEST    93          1200 AM
 LOWEST     84           200 PM
 AVERAGE    89

..........................................................


THE CAMARILLO AIRPORT CA CLIMATE NORMALS FOR TODAY
                         NORMAL    RECORD    YEAR
 MAXIMUM TEMPERATURE (F)   65        90      1995
 MINIMUM TEMPERATURE (F)   43        33      1960


SUNRISE AND SUNSET
FEBRUARY 21 2017......SUNRISE   634 AM PST   SUNSET   546 PM PST
FEBRUARY 22 2017......SUNRISE   633 AM PST   SUNSET   547 PM PST


-  INDICATES NEGATIVE NUMBERS.
R  INDICATES RECORD WAS SET OR TIED.
MM INDICATES DATA IS MISSING.
T  INDICATES TRACE AMOUNT.




$$
