000
CDUS46 KLOX 240125
CLICMA


CLIMATE REPORT
NATIONAL WEATHER SERVICE LOS ANGELES/OXNARD CA
625 PM PDT WED AUG 23 2017


...................................

...THE CAMARILLO CLIMATE SUMMARY FOR AUGUST 23 2017...
VALID TODAY AS OF 0600 PM LOCAL TIME.

CLIMATE NORMAL PERIOD 1981 TO 2010
CLIMATE RECORD PERIOD 1923 TO 2017


WEATHER ITEM   OBSERVED TIME   RECORD YEAR NORMAL DEPARTURE LAST
                VALUE   (LST)  VALUE       VALUE  FROM      YEAR
                                                  NORMAL
..................................................................
TEMPERATURE (F)
 TODAY
  MAXIMUM         74    239 PM  94    1968  77     -3       78
  MINIMUM         65    137 AM  48    1947  59      6       59
                                      1933
                                      1925
  AVERAGE         70                        68      2       69

PRECIPITATION (IN)
  TODAY            0.00          T    1962   0.01  -0.01     0.00
                                      1961
                                      1959
  MONTH TO DATE    0.00                      0.03  -0.03     0.00
  SINCE OCT 1     19.44                     15.03   4.41     5.98
  SINCE JAN 1     14.78                     11.03   3.75     5.42

SNOWFALL (IN)
  TODAY            0.0
  MONTH TO DATE    0.0
  SINCE JUN 1      0.0
  SINCE JUL 1      0.0

DEGREE DAYS
 HEATING
  TODAY            0                         0      0        0
  MONTH TO DATE    0                         0      0        0
  SINCE JUN 1     20                        53    -33       17
  SINCE JUL 1      1                        10     -9        0

 COOLING
  TODAY            5                         3      2        4
  MONTH TO DATE  147                        69     78      113
  SINCE JUN 1    388                       163    225      359
  SINCE JAN 1    429                       194    235      430
..................................................................


WIND (MPH)
  HIGHEST WIND SPEED    14   HIGHEST WIND DIRECTION     W (260)
  HIGHEST GUST SPEED    18   HIGHEST GUST DIRECTION     W (260)
  AVERAGE WIND SPEED     5.0


SKY COVER
  POSSIBLE SUNSHINE  MM
  AVERAGE SKY COVER 0.9


WEATHER CONDITIONS
 THE FOLLOWING WEATHER WAS RECORDED TODAY.
  FOG
  HAZE


RELATIVE HUMIDITY (PERCENT)
 HIGHEST    87          1200 AM
 LOWEST     64           200 PM
 AVERAGE    76

..........................................................


THE CAMARILLO CLIMATE NORMALS FOR TOMORROW
                         NORMAL    RECORD    YEAR
 MAXIMUM TEMPERATURE (F)   77        87      1931
 MINIMUM TEMPERATURE (F)   59        46      1943


SUNRISE AND SUNSET
AUGUST 23 2017........SUNRISE   624 AM PDT   SUNSET   734 PM PDT
AUGUST 24 2017........SUNRISE   624 AM PDT   SUNSET   732 PM PDT


-  INDICATES NEGATIVE NUMBERS.
R  INDICATES RECORD WAS SET OR TIED.
MM INDICATES DATA IS MISSING.
T  INDICATES TRACE AMOUNT.




$$
