000
CDUS46 KLOX 200902
CLICMA


CLIMATE REPORT
NATIONAL WEATHER SERVICE LOS ANGELES/OXNARD CA
202 AM PDT FRI OCT 20 2017


...................................

...THE CAMARILLO AIRPORT CA CLIMATE SUMMARY FOR OCTOBER 19 2017...

CLIMATE NORMAL PERIOD 1981 TO 2010
CLIMATE RECORD PERIOD 1923 TO 2017


WEATHER ITEM   OBSERVED TIME   RECORD YEAR NORMAL DEPARTURE LAST
                VALUE   (LST)  VALUE       VALUE  FROM      YEAR
                                                  NORMAL
..................................................................
TEMPERATURE (F)
 YESTERDAY
  MAXIMUM         75    108 PM  99    1964  73      2       92
  MINIMUM         55    555 AM  40    1949  52      3       51
                                      1932
                                      1924
  AVERAGE         65                        63      2       72

PRECIPITATION (IN)
  YESTERDAY        0.00          1.23 2004   0.02  -0.02     0.00
  MONTH TO DATE    0.00                      0.28  -0.28     0.19
  SINCE OCT 1      0.00                      0.28  -0.28     0.19
  SINCE JAN 1     14.80                     11.50   3.30     5.61

SNOWFALL (IN)
  YESTERDAY        0.0
  MONTH TO DATE    0.0
  SINCE SEP 1      0.0
  SINCE JUL 1      0.0

DEGREE DAYS
 HEATING
  YESTERDAY        0                         3     -3        0
  MONTH TO DATE   10                        46    -36       19
  SINCE SEP 1     14                        63    -49       23
  SINCE JUL 1     15                        78    -63       23

 COOLING
  YESTERDAY        0                         1     -1        7
  MONTH TO DATE   62                        19     43       35
  SINCE SEP 1    255                        90    165      184
  SINCE JAN 1    751                       302    449      649
..................................................................


WIND (MPH)
  HIGHEST WIND SPEED    15   HIGHEST WIND DIRECTION    SW (230)
  HIGHEST GUST SPEED    18   HIGHEST GUST DIRECTION    SW (240)
  AVERAGE WIND SPEED     5.6


SKY COVER
  POSSIBLE SUNSHINE  MM
  AVERAGE SKY COVER 0.0


WEATHER CONDITIONS
 THE FOLLOWING WEATHER WAS RECORDED YESTERDAY.
  FOG
  HAZE


RELATIVE HUMIDITY (PERCENT)
 HIGHEST    93           300 AM
 LOWEST     46           100 PM
 AVERAGE    70

..........................................................


THE CAMARILLO AIRPORT CA CLIMATE NORMALS FOR TODAY
                         NORMAL    RECORD    YEAR
 MAXIMUM TEMPERATURE (F)   73        98      2016
 MINIMUM TEMPERATURE (F)   52        40      1949
                                             1943


SUNRISE AND SUNSET
OCTOBER 20 2017.......SUNRISE   706 AM PDT   SUNSET   616 PM PDT
OCTOBER 21 2017.......SUNRISE   707 AM PDT   SUNSET   615 PM PDT


-  INDICATES NEGATIVE NUMBERS.
R  INDICATES RECORD WAS SET OR TIED.
MM INDICATES DATA IS MISSING.
T  INDICATES TRACE AMOUNT.




$$
