000
CDUS46 KLOX 290930
CLICMA


CLIMATE REPORT
NATIONAL WEATHER SERVICE LOS ANGELES/OXNARD CA
230 AM PDT MON JUN 29 2015


...................................

...THE CAMARILLO AIRPORT CA CLIMATE SUMMARY FOR JUNE 28 2015...

CLIMATE NORMAL PERIOD 1981 TO 2010
CLIMATE RECORD PERIOD 1948 TO 2015


WEATHER ITEM   OBSERVED TIME   RECORD YEAR NORMAL DEPARTURE LAST
                VALUE   (LST)  VALUE       VALUE  FROM      YEAR
                                                  NORMAL
..................................................................
TEMPERATURE (F)
 YESTERDAY
  MAXIMUM         81   1056 AM  98    1976  74      7       77
  MINIMUM         61    532 AM  43    1964  57      4       63
  AVERAGE         71                        66      5       70

PRECIPITATION (IN)
  YESTERDAY        0.00          0.01 1991   0.00   0.00     0.00
  MONTH TO DATE    0.08                      0.05   0.03     0.00
  SINCE OCT 1      8.43                     14.98  -6.55     4.97
  SINCE JAN 1      3.52                     10.98  -7.46     4.19

SNOWFALL (IN)
  YESTERDAY        0.0
  MONTH TO DATE    0.0
  SINCE JUN 1      0.0
  SINCE JUL 1      0.0

DEGREE DAYS
 HEATING
  YESTERDAY        0                         1     -1        0
  MONTH TO DATE    4                        40    -36       12
  SINCE JUN 1      4                        40    -36       12
  SINCE JUL 1    978                      1983  -1005     1315

 COOLING
  YESTERDAY        6                         1      5        5
  MONTH TO DATE   47                        16     31       33
  SINCE JUN 1     47                        16     31       33
  SINCE JAN 1    156                        47    109      181
..................................................................


WIND (MPH)
  HIGHEST WIND SPEED    13   HIGHEST WIND DIRECTION     W (260)
  HIGHEST GUST SPEED    17   HIGHEST GUST DIRECTION    SW (240)
  AVERAGE WIND SPEED     4.1


SKY COVER
  POSSIBLE SUNSHINE  MM
  AVERAGE SKY COVER 0.0


WEATHER CONDITIONS
 THE FOLLOWING WEATHER WAS RECORDED YESTERDAY.
  NO SIGNIFICANT WEATHER WAS OBSERVED.


RELATIVE HUMIDITY (PERCENT)
 HIGHEST    90           100 AM
 LOWEST     49          1100 AM
 AVERAGE    70

..........................................................


THE CAMARILLO AIRPORT CA CLIMATE NORMALS FOR TODAY
                         NORMAL    RECORD    YEAR
 MAXIMUM TEMPERATURE (F)   74        89      2013
 MINIMUM TEMPERATURE (F)   57        43      1964


SUNRISE AND SUNSET
JUNE 29 2015..........SUNRISE   547 AM PDT   SUNSET   812 PM PDT
JUNE 30 2015..........SUNRISE   548 AM PDT   SUNSET   812 PM PDT


-  INDICATES NEGATIVE NUMBERS.
R  INDICATES RECORD WAS SET OR TIED.
MM INDICATES DATA IS MISSING.
T  INDICATES TRACE AMOUNT.




$$
