000
CDUS46 KLOX 210112
CLICMA


CLIMATE REPORT
NATIONAL WEATHER SERVICE LOS ANGELES/OXNARD CA
512 PM PST THU NOV 20 2014


...................................

...THE CAMARILLO CLIMATE SUMMARY FOR NOVEMBER 20 2014...
VALID TODAY AS OF 0500 PM LOCAL TIME.

CLIMATE NORMAL PERIOD 1981 TO 2010
CLIMATE RECORD PERIOD 1948 TO 2014


WEATHER ITEM   OBSERVED TIME   RECORD YEAR NORMAL DEPARTURE LAST
                VALUE   (LST)  VALUE       VALUE  FROM      YEAR
                                                  NORMAL
..................................................................
TEMPERATURE (F)
 TODAY
  MAXIMUM         67    119 PM  89    2006  70     -3       66
  MINIMUM         47    658 AM  34    1964  46      1       52
  AVERAGE         57                        58     -1       59

PRECIPITATION (IN)
  TODAY            0.00          1.44 1967   0.05  -0.05     0.21
  MONTH TO DATE    0.04                      0.98  -0.94     0.21
  SINCE JUL 1      0.78                      1.85  -1.07     0.25
  SINCE JAN 1      4.97                     12.83  -7.86     2.40

SNOWFALL (IN)
  TODAY            0.0
  MONTH TO DATE    0.0
  SINCE SEP 1      0.0
  SINCE JUL 1      0.0

DEGREE DAYS
 HEATING
  TODAY            8                         8      0        6
  MONTH TO DATE   49                       122    -73       62
  SINCE SEP 1     56                       230   -174      169
  SINCE JUL 1     56                       245   -189      172

 COOLING
  TODAY            0                         0      0        0
  MONTH TO DATE   31                        13     18       11
  SINCE SEP 1    369                       117    252      165
  SINCE JAN 1   1006                       329    677      634
..................................................................


WIND (MPH)
  HIGHEST WIND SPEED    13   HIGHEST WIND DIRECTION     W (260)
  HIGHEST GUST SPEED    15   HIGHEST GUST DIRECTION    SW (240)
  AVERAGE WIND SPEED     3.2


SKY COVER
  POSSIBLE SUNSHINE  MM
  AVERAGE SKY COVER 0.5


WEATHER CONDITIONS
 THE FOLLOWING WEATHER WAS RECORDED TODAY.
  NO SIGNIFICANT WEATHER WAS OBSERVED.


RELATIVE HUMIDITY (PERCENT)
 HIGHEST    89          1200 AM
 LOWEST     63          1200 PM
 AVERAGE    76

..........................................................


THE CAMARILLO CLIMATE NORMALS FOR TOMORROW
                         NORMAL    RECORD    YEAR
 MAXIMUM TEMPERATURE (F)   70        88      2002
 MINIMUM TEMPERATURE (F)   45        34      1962


SUNRISE AND SUNSET
NOVEMBER 20 2014......SUNRISE   634 AM PST   SUNSET   450 PM PST
NOVEMBER 21 2014......SUNRISE   635 AM PST   SUNSET   449 PM PST


-  INDICATES NEGATIVE NUMBERS.
R  INDICATES RECORD WAS SET OR TIED.
MM INDICATES DATA IS MISSING.
T  INDICATES TRACE AMOUNT.




$$
