000
CDUS46 KLOX 310112
CLICMA


CLIMATE REPORT
NATIONAL WEATHER SERVICE LOS ANGELES/OXNARD CA
612 PM PDT SAT JUL 30 2016


...................................

...THE CAMARILLO CLIMATE SUMMARY FOR JULY 30 2016...
VALID TODAY AS OF 0600 PM LOCAL TIME.

CLIMATE NORMAL PERIOD 1981 TO 2010
CLIMATE RECORD PERIOD 1948 TO 2016


WEATHER ITEM   OBSERVED TIME   RECORD YEAR NORMAL DEPARTURE LAST
                VALUE   (LST)  VALUE       VALUE  FROM      YEAR
                                                  NORMAL
..................................................................
TEMPERATURE (F)
 TODAY
  MAXIMUM         79    402 PM  86    1954  77      2       82
  MINIMUM         64    451 AM  52    2012  58      6       66
  AVERAGE         72                        67      5       74

PRECIPITATION (IN)
  TODAY            0.00          0.02 1965   0.00   0.00     0.00
  MONTH TO DATE    0.00                      0.02  -0.02     0.53
  SINCE OCT 1      5.98                     15.00  -9.02     8.96
  SINCE JAN 1      5.42                     11.00  -5.58     4.05

SNOWFALL (IN)
  TODAY            0.0
  MONTH TO DATE    0.0
  SINCE JUN 1      0.0
  SINCE JUL 1      0.0

DEGREE DAYS
 HEATING
  TODAY            0                         0      0        0
  MONTH TO DATE    0                         1     -1        0
  SINCE JUN 1     17                        44    -27        4
  SINCE JUL 1      0                         1     -1        0

 COOLING
  TODAY            7                         3      4        9
  MONTH TO DATE  168                        73     95      169
  SINCE JUN 1    237                        96    141      229
  SINCE JAN 1    308                       127    181      338
..................................................................


WIND (MPH)
  HIGHEST WIND SPEED    16   HIGHEST WIND DIRECTION    SW (230)
  HIGHEST GUST SPEED    25   HIGHEST GUST DIRECTION    SW (240)
  AVERAGE WIND SPEED     6.3


SKY COVER
  POSSIBLE SUNSHINE  MM
  AVERAGE SKY COVER 0.0


WEATHER CONDITIONS
 THE FOLLOWING WEATHER WAS RECORDED TODAY.
  NO SIGNIFICANT WEATHER WAS OBSERVED.


RELATIVE HUMIDITY (PERCENT)
 HIGHEST    93           300 AM
 LOWEST     64           900 AM
 AVERAGE    79

..........................................................


THE CAMARILLO CLIMATE NORMALS FOR TOMORROW
                         NORMAL    RECORD    YEAR
 MAXIMUM TEMPERATURE (F)   77        84      1971
 MINIMUM TEMPERATURE (F)   58        50      1970


SUNRISE AND SUNSET
JULY 30 2016..........SUNRISE   606 AM PDT   SUNSET   759 PM PDT
JULY 31 2016..........SUNRISE   607 AM PDT   SUNSET   758 PM PDT


-  INDICATES NEGATIVE NUMBERS.
R  INDICATES RECORD WAS SET OR TIED.
MM INDICATES DATA IS MISSING.
T  INDICATES TRACE AMOUNT.




$$
