000
CDUS46 KLOX 310856
CLICMA


CLIMATE REPORT
NATIONAL WEATHER SERVICE LOS ANGELES/OXNARD CA
156 AM PDT FRI JUL 31 2015


...................................

...THE CAMARILLO AIRPORT CA CLIMATE SUMMARY FOR JULY 30 2015...

CLIMATE NORMAL PERIOD 1981 TO 2010
CLIMATE RECORD PERIOD 1948 TO 2015


WEATHER ITEM   OBSERVED TIME   RECORD YEAR NORMAL DEPARTURE LAST
                VALUE   (LST)  VALUE       VALUE  FROM      YEAR
                                                  NORMAL
..................................................................
TEMPERATURE (F)
 YESTERDAY
  MAXIMUM         82    143 PM  86    1954  77      5       82
  MINIMUM         66    547 AM  52    2012  58      8       65
  AVERAGE         74                        67      7       74

PRECIPITATION (IN)
  YESTERDAY        0.00          0.02 1965   0.00   0.00     0.00
  MONTH TO DATE    0.53                      0.02   0.51      T
  SINCE OCT 1      8.96                     15.00  -6.04     4.97
  SINCE JAN 1      4.05                     11.00  -6.95     4.19

SNOWFALL (IN)
  YESTERDAY        0.0
  MONTH TO DATE    0.0
  SINCE JUN 1      0.0
  SINCE JUL 1      0.0

DEGREE DAYS
 HEATING
  YESTERDAY        0                         0      0        0
  MONTH TO DATE    0                         1     -1        0
  SINCE JUN 1      4                        44    -40       12
  SINCE JUL 1      0                         1     -1        0

 COOLING
  YESTERDAY        9                         3      6        9
  MONTH TO DATE  169                        73     96      216
  SINCE JUN 1    229                        96    133      261
  SINCE JAN 1    338                       127    211      409
..................................................................


WIND (MPH)
  HIGHEST WIND SPEED    14   HIGHEST WIND DIRECTION     W (270)
  HIGHEST GUST SPEED    20   HIGHEST GUST DIRECTION     W (270)
  AVERAGE WIND SPEED     4.9


SKY COVER
  POSSIBLE SUNSHINE  MM
  AVERAGE SKY COVER 0.2


WEATHER CONDITIONS
 THE FOLLOWING WEATHER WAS RECORDED YESTERDAY.
  FOG
  HAZE


RELATIVE HUMIDITY (PERCENT)
 HIGHEST    87           600 AM
 LOWEST     54           100 PM
 AVERAGE    71

..........................................................


THE CAMARILLO AIRPORT CA CLIMATE NORMALS FOR TODAY
                         NORMAL    RECORD    YEAR
 MAXIMUM TEMPERATURE (F)   77        84      1971
 MINIMUM TEMPERATURE (F)   58        50      1970


SUNRISE AND SUNSET
JULY 31 2015..........SUNRISE   607 AM PDT   SUNSET   759 PM PDT
AUGUST  1 2015........SUNRISE   607 AM PDT   SUNSET   758 PM PDT


-  INDICATES NEGATIVE NUMBERS.
R  INDICATES RECORD WAS SET OR TIED.
MM INDICATES DATA IS MISSING.
T  INDICATES TRACE AMOUNT.




$$
