000
CDUS41 KILN 202201
CLICMH


CLIMATE REPORT
NATIONAL WEATHER SERVICE WILMINGTON OH
458 PM EST THU NOV 20 2014


...................................

...THE COLUMBUS OH CLIMATE SUMMARY FOR NOVEMBER 20 2014...
VALID TODAY AS OF 0400 PM LOCAL TIME.

CLIMATE NORMAL PERIOD 1981 TO 2010
CLIMATE RECORD PERIOD 1869 TO 2014


WEATHER ITEM   OBSERVED TIME   RECORD YEAR NORMAL DEPARTURE LAST
                VALUE   (LST)  VALUE       VALUE  FROM      YEAR
                                                  NORMAL
..................................................................
TEMPERATURE (F)
 TODAY
  MAXIMUM         31   1232 AM  74    1942  51    -20       49
                                      1931
  MINIMUM         22    740 AM  11    1914  35    -13       30
  AVERAGE         27                        43    -16       40

PRECIPITATION (IN)
  TODAY            T             1.48 1906   0.12  -0.12     0.00
  MONTH TO DATE    1.05                      2.11  -1.06     1.38
  SINCE SEP 1      4.47                      7.56  -3.09     9.81
  SINCE JAN 1     34.98                     35.25  -0.27    36.45

SNOWFALL (IN)
  TODAY            T             0.9  1887   0.0    0.0      0.0
  MONTH TO DATE    4.0                       0.4    3.6      1.2
  SINCE SEP 1      4.0                       0.6    3.4      1.2
  SINCE JUL 1      4.0                       0.6    3.4      1.2
  SNOW DEPTH       1

DEGREE DAYS
 HEATING
  TODAY           38                        22     16       25
  MONTH TO DATE  546                       374    172      386
  SINCE SEP 1    922                       768    154      735
  SINCE JUL 1    922                       768    154      739

 COOLING
  TODAY            0                         0      0        0
  MONTH TO DATE    0                         0      0        0
  SINCE SEP 1    141                       135      6      178
  SINCE JAN 1   1163                      1024    139     1179
..................................................................


WIND (MPH)
  HIGHEST WIND SPEED    23   HIGHEST WIND DIRECTION    SW (240)
  HIGHEST GUST SPEED    30   HIGHEST GUST DIRECTION     W (250)
  AVERAGE WIND SPEED    16.3


SKY COVER
  POSSIBLE SUNSHINE  MM
  AVERAGE SKY COVER 0.8


WEATHER CONDITIONS
 THE FOLLOWING WEATHER WAS RECORDED TODAY.
  LIGHT SNOW
  HAZE


RELATIVE HUMIDITY (PERCENT)
 HIGHEST    69           100 AM
 LOWEST     50           300 PM
 AVERAGE    60

..........................................................


THE COLUMBUS OH CLIMATE NORMALS FOR TOMORROW
                         NORMAL    RECORD    YEAR
 MAXIMUM TEMPERATURE (F)   50        73      1934
 MINIMUM TEMPERATURE (F)   34         5      1880


SUNRISE AND SUNSET
NOVEMBER 20 2014......SUNRISE   722 AM EST   SUNSET   512 PM EST
NOVEMBER 21 2014......SUNRISE   723 AM EST   SUNSET   511 PM EST


-  INDICATES NEGATIVE NUMBERS.
R  INDICATES RECORD WAS SET OR TIED.
MM INDICATES DATA IS MISSING.
T  INDICATES TRACE AMOUNT.




$$
