000
CDUS41 KILN 040601
CLICMH


CLIMATE REPORT
NATIONAL WEATHER SERVICE WILMINGTON OH
201 AM EDT TUE AUG 4 2015


...................................

...THE COLUMBUS OH CLIMATE SUMMARY FOR AUGUST 3 2015...

CLIMATE NORMAL PERIOD 1981 TO 2010
CLIMATE RECORD PERIOD 1869 TO 2015


WEATHER ITEM   OBSERVED TIME   RECORD YEAR NORMAL DEPARTURE LAST
                VALUE   (LST)  VALUE       VALUE  FROM      YEAR
                                                  NORMAL
..................................................................
TEMPERATURE (F)
 YESTERDAY
  MAXIMUM         85    340 PM 100    1955  84      1       84
  MINIMUM         63    627 AM  45    1965  65     -2       64
  AVERAGE         74                        75     -1       74

PRECIPITATION (IN)
  YESTERDAY        0.29          1.93 1898   0.12   0.17     0.00
  MONTH TO DATE    0.29                      0.36  -0.07     0.63
  SINCE JUN 1     12.42                      9.16   3.26     9.39
  SINCE JAN 1     28.56                     24.73   3.83    26.24

SNOWFALL (IN)
  YESTERDAY        0.0           0.0    MM   0.0    0.0      0.0
  MONTH TO DATE    0.0                       0.0    0.0      0.0
  SINCE JUN 1      0.0                       0.0    0.0      0.0
  SINCE JUL 1      0.0                       0.0    0.0      0.0
  SNOW DEPTH       0

DEGREE DAYS
 HEATING
  YESTERDAY        0                         0      0        0
  MONTH TO DATE    0                         0      0        0
  SINCE JUN 1     20                        19      1        1
  SINCE JUL 1      0                         0      0        0

 COOLING
  YESTERDAY        9                        10     -1        9
  MONTH TO DATE   28                        30     -2       26
  SINCE JUN 1    508                       556    -48      566
  SINCE JAN 1    661                       638     23      721
..................................................................


WIND (MPH)
  RESULTANT WIND SPEED  10   RESULTANT WIND DIRECTION  SW (240)
  HIGHEST WIND SPEED    25   HIGHEST WIND DIRECTION    NW (320)
  HIGHEST GUST SPEED    32   HIGHEST GUST DIRECTION    NW (310)
  AVERAGE WIND SPEED    11.1


SKY COVER
  POSSIBLE SUNSHINE  MM
  AVERAGE SKY COVER 0.6


WEATHER CONDITIONS
 THE FOLLOWING WEATHER WAS RECORDED YESTERDAY.
  THUNDERSTORM
  LIGHT RAIN
  FOG


RELATIVE HUMIDITY (PERCENT)
 HIGHEST    81           800 AM
 LOWEST     47          1100 AM
 AVERAGE    64

..........................................................


THE COLUMBUS OH CLIMATE NORMALS FOR TODAY
                         NORMAL    RECORD    YEAR
 MAXIMUM TEMPERATURE (F)   84        99      1955
 MINIMUM TEMPERATURE (F)   65        49      1950
                                             1912


SUNRISE AND SUNSET
AUGUST  4 2015........SUNRISE   632 AM EDT   SUNSET   842 PM EDT
AUGUST  5 2015........SUNRISE   633 AM EDT   SUNSET   841 PM EDT


-  INDICATES NEGATIVE NUMBERS.
R  INDICATES RECORD WAS SET OR TIED.
MM INDICATES DATA IS MISSING.
T  INDICATES TRACE AMOUNT.




$$
