000
CDUS41 KILN 230545
CLICMH


CLIMATE REPORT
NATIONAL WEATHER SERVICE WILMINGTON OH
137 AM EDT MON OCT 23 2017


...................................

...THE COLUMBUS OH CLIMATE SUMMARY FOR OCTOBER 22 2017...

CLIMATE NORMAL PERIOD 1981 TO 2010
CLIMATE RECORD PERIOD 1869 TO 2017


WEATHER ITEM   OBSERVED TIME   RECORD YEAR NORMAL DEPARTURE LAST
                VALUE   (LST)  VALUE       VALUE  FROM      YEAR
                                                  NORMAL
..................................................................
TEMPERATURE (F)
 YESTERDAY
  MAXIMUM         78    238 PM  83    1947  63     15       52
  MINIMUM         52    600 AM  24    1952  43      9       40
  AVERAGE         65                        53     12       46

PRECIPITATION (IN)
  YESTERDAY        0.00          1.39 1983   0.08  -0.08     0.00
  MONTH TO DATE    2.82                      1.85   0.97     1.68
  SINCE SEP 1      5.40                      4.69   0.71     6.36
  SINCE JAN 1     39.43                     32.38   7.05    33.62

SNOWFALL (IN)
  YESTERDAY        0.0           1.0  1925   0.0    0.0      0.0
  MONTH TO DATE    0.0                       0.1   -0.1      0.0
  SINCE SEP 1      0.0                       0.1   -0.1      0.0
  SINCE JUL 1      0.0                       0.1   -0.1      0.0
  SNOW DEPTH       0

DEGREE DAYS
 HEATING
  YESTERDAY        0                        12    -12       19
  MONTH TO DATE   58                       201   -143      108
  SINCE SEP 1    109                       270   -161      126
  SINCE JUL 1    109                       270   -161      126

 COOLING
  YESTERDAY        0                         0      0        0
  MONTH TO DATE   41                        13     28       43
  SINCE SEP 1    184                       135     49      231
  SINCE JAN 1   1093                      1024     69     1324
..................................................................


WIND (MPH)
  RESULTANT WIND SPEED   6   RESULTANT WIND DIRECTION   S (160)
  HIGHEST WIND SPEED    16   HIGHEST WIND DIRECTION     S (180)
  HIGHEST GUST SPEED    22   HIGHEST GUST DIRECTION     S (170)
  AVERAGE WIND SPEED     6.6


SKY COVER
  POSSIBLE SUNSHINE  MM
  AVERAGE SKY COVER 0.8


WEATHER CONDITIONS
 THE FOLLOWING WEATHER WAS RECORDED YESTERDAY.
  NO SIGNIFICANT WEATHER WAS OBSERVED.


RELATIVE HUMIDITY (PERCENT)
 HIGHEST    89           600 AM
 LOWEST     43           200 PM
 AVERAGE    66

..........................................................


THE COLUMBUS OH CLIMATE NORMALS FOR TODAY
                         NORMAL    RECORD    YEAR
 MAXIMUM TEMPERATURE (F)   63        83      1947
 MINIMUM TEMPERATURE (F)   43        23      1969


SUNRISE AND SUNSET
OCTOBER 23 2017.......SUNRISE   751 AM EDT   SUNSET   640 PM EDT
OCTOBER 24 2017.......SUNRISE   752 AM EDT   SUNSET   639 PM EDT


-  INDICATES NEGATIVE NUMBERS.
R  INDICATES RECORD WAS SET OR TIED.
MM INDICATES DATA IS MISSING.
T  INDICATES TRACE AMOUNT.




$$
