000
CDUS41 KILN 080612
CLICMH


CLIMATE REPORT
NATIONAL WEATHER SERVICE WILMINGTON OH
110 AM EST THU DEC 8 2016


...................................

...THE COLUMBUS OH CLIMATE SUMMARY FOR DECEMBER 7 2016...

CLIMATE NORMAL PERIOD 1981 TO 2010
CLIMATE RECORD PERIOD 1869 TO 2016


WEATHER ITEM   OBSERVED TIME   RECORD YEAR NORMAL DEPARTURE LAST
                VALUE   (LST)  VALUE       VALUE  FROM      YEAR
                                                  NORMAL
..................................................................
TEMPERATURE (F)
 YESTERDAY
  MAXIMUM         38    228 PM  69    1998  43     -5       51
  MINIMUM         27    720 AM  -1    1882  29     -2       29
  AVERAGE         33                        36     -3       40

PRECIPITATION (IN)
  YESTERDAY        0.00          1.15 1950   0.10  -0.10      T
  MONTH TO DATE    0.62                      0.68  -0.06     0.24
  SINCE DEC 1      0.62                      0.68  -0.06     0.24
  SINCE JAN 1     35.31                     37.02  -1.71    40.36

SNOWFALL (IN)
  YESTERDAY        0.0           1.7  2007   0.2   -0.2      0.0
  MONTH TO DATE    0.0                       0.8   -0.8       T
  SINCE DEC 1      0.0                       0.8   -0.8       T
  SINCE JUL 1      T                         1.9   -1.9       T
  SNOW DEPTH       0

DEGREE DAYS
 HEATING
  YESTERDAY       32                        29      3       25
  MONTH TO DATE  196                       196      0      183
  SINCE DEC 1    196                       196      0      183
  SINCE JUL 1    962                      1210   -248      988

 COOLING
  YESTERDAY        0                         0      0        0
  MONTH TO DATE    0                         0      0        0
  SINCE DEC 1      0                         0      0        0
  SINCE JAN 1   1327                      1024    303     1028
..................................................................


WIND (MPH)
  RESULTANT WIND SPEED   8   RESULTANT WIND DIRECTION   W (250)
  HIGHEST WIND SPEED    17   HIGHEST WIND DIRECTION     W (280)
  HIGHEST GUST SPEED    21   HIGHEST GUST DIRECTION     W (250)
  AVERAGE WIND SPEED     8.2


SKY COVER
  POSSIBLE SUNSHINE  MM
  AVERAGE SKY COVER 0.7


WEATHER CONDITIONS
 THE FOLLOWING WEATHER WAS RECORDED YESTERDAY.
  FOG


RELATIVE HUMIDITY (PERCENT)
 HIGHEST    92          1200 AM
 LOWEST     54           200 PM
 AVERAGE    73

..........................................................


THE COLUMBUS OH CLIMATE NORMALS FOR TODAY
                         NORMAL    RECORD    YEAR
 MAXIMUM TEMPERATURE (F)   42        69      1966
 MINIMUM TEMPERATURE (F)   29        -4      1882


SUNRISE AND SUNSET
DECEMBER  8 2016......SUNRISE   741 AM EST   SUNSET   506 PM EST
DECEMBER  9 2016......SUNRISE   742 AM EST   SUNSET   506 PM EST


-  INDICATES NEGATIVE NUMBERS.
R  INDICATES RECORD WAS SET OR TIED.
MM INDICATES DATA IS MISSING.
T  INDICATES TRACE AMOUNT.




$$
