000
CDUS41 KILN 260622
CLICMH


CLIMATE REPORT
NATIONAL WEATHER SERVICE WILMINGTON OH
221 AM EDT THU MAY 26 2016


...................................

...THE COLUMBUS OH CLIMATE SUMMARY FOR MAY 25 2016...

CLIMATE NORMAL PERIOD 1981 TO 2010
CLIMATE RECORD PERIOD 1869 TO 2016


WEATHER ITEM   OBSERVED TIME   RECORD YEAR NORMAL DEPARTURE LAST
                VALUE   (LST)  VALUE       VALUE  FROM      YEAR
                                                  NORMAL
..................................................................
TEMPERATURE (F)
 YESTERDAY
  MAXIMUM         80    444 PM  93    1975  75      5       83
  MINIMUM         53    448 AM  33    1925  55     -2       65
  AVERAGE         67                        65      2       74

PRECIPITATION (IN)
  YESTERDAY        T             1.72 1944   0.14  -0.14     0.00
  MONTH TO DATE    2.14                      3.29  -1.15     2.71
  SINCE MAR 1      8.72                      9.71  -0.99    10.72
  SINCE JAN 1     13.13                     14.69  -1.56    15.29

SNOWFALL (IN)
  YESTERDAY        0.0           0.0    MM   0.0    0.0      0.0
  MONTH TO DATE    0.0                       0.0    0.0      0.0
  SINCE MAR 1      2.6                       5.3   -2.7      5.4
  SINCE JUL 1     17.1                      26.7   -9.6     33.4
  SNOW DEPTH       0

DEGREE DAYS
 HEATING
  YESTERDAY        0                         3     -3        0
  MONTH TO DATE  202                       130     72       85
  SINCE MAR 1   1106                      1217   -111     1264
  SINCE JUL 1   4547                      5212   -665     5818

 COOLING
  YESTERDAY        2                         3     -1        9
  MONTH TO DATE    5                        47    -42      102
  SINCE MAR 1      6                        59    -53      102
  SINCE JAN 1      6                        59    -53      102
..................................................................


WIND (MPH)
  RESULTANT WIND SPEED   6   RESULTANT WIND DIRECTION   S (170)
  HIGHEST WIND SPEED    16   HIGHEST WIND DIRECTION     S (190)
  HIGHEST GUST SPEED    21   HIGHEST GUST DIRECTION     S (180)
  AVERAGE WIND SPEED     6.4


SKY COVER
  POSSIBLE SUNSHINE  MM
  AVERAGE SKY COVER 0.6


WEATHER CONDITIONS
 THE FOLLOWING WEATHER WAS RECORDED YESTERDAY.
  LIGHT RAIN


RELATIVE HUMIDITY (PERCENT)
 HIGHEST    93           500 AM
 LOWEST     42          1100 AM
 AVERAGE    68

..........................................................


THE COLUMBUS OH CLIMATE NORMALS FOR TODAY
                         NORMAL    RECORD    YEAR
 MAXIMUM TEMPERATURE (F)   76        94      1911
 MINIMUM TEMPERATURE (F)   55        37      1969


SUNRISE AND SUNSET
MAY 26 2016...........SUNRISE   608 AM EDT   SUNSET   850 PM EDT
MAY 27 2016...........SUNRISE   607 AM EDT   SUNSET   851 PM EDT


-  INDICATES NEGATIVE NUMBERS.
R  INDICATES RECORD WAS SET OR TIED.
MM INDICATES DATA IS MISSING.
T  INDICATES TRACE AMOUNT.




$$
