000
CDUS41 KILN 300638
CLICMH


CLIMATE REPORT
NATIONAL WEATHER SERVICE WILMINGTON OH
236 AM EDT TUE JUN 30 2015


...................................

...THE COLUMBUS OH CLIMATE SUMMARY FOR JUNE 29 2015...

CLIMATE NORMAL PERIOD 1981 TO 2010
CLIMATE RECORD PERIOD 1869 TO 2015


WEATHER ITEM   OBSERVED TIME   RECORD YEAR NORMAL DEPARTURE LAST
                VALUE   (LST)  VALUE       VALUE  FROM      YEAR
                                                  NORMAL
..................................................................
TEMPERATURE (F)
 YESTERDAY
  MAXIMUM         66    821 PM 100    1934  85    -19       88
  MINIMUM         60    133 AM  48    1923  65     -5       72
  AVERAGE         63                        75    -12       80

PRECIPITATION (IN)
  YESTERDAY        0.40          1.50 1902   0.12   0.28      T
  MONTH TO DATE    6.37                      3.88   2.49     5.29
  SINCE JUN 1      6.37                      3.88   2.49     5.29
  SINCE JAN 1     22.51                     19.45   3.06    22.14

SNOWFALL (IN)
  YESTERDAY        0.0           0.0    MM   0.0    0.0      0.0
  MONTH TO DATE    0.0                       0.0    0.0      0.0
  SINCE JUN 1      0.0                       0.0    0.0      0.0
  SINCE JUL 1     33.4                      26.7    6.7     56.4
  SNOW DEPTH       0

DEGREE DAYS
 HEATING
  YESTERDAY        2                         0      2        0
  MONTH TO DATE   20                        18      2        1
  SINCE JUN 1     20                        18      2        1
  SINCE JUL 1   5840                      5245    595     5634

 COOLING
  YESTERDAY        0                        10    -10       15
  MONTH TO DATE  216                       206     10      274
  SINCE JUN 1    216                       206     10      274
  SINCE JAN 1    369                       288     81      429
..................................................................


WIND (MPH)
  RESULTANT WIND SPEED   4   RESULTANT WIND DIRECTION  SE (130)
  HIGHEST WIND SPEED    15   HIGHEST WIND DIRECTION    SE (150)
  HIGHEST GUST SPEED    21   HIGHEST GUST DIRECTION    SE (130)
  AVERAGE WIND SPEED     4.5


SKY COVER
  POSSIBLE SUNSHINE  MM
  AVERAGE SKY COVER 0.9


WEATHER CONDITIONS
 THE FOLLOWING WEATHER WAS RECORDED YESTERDAY.
  HEAVY RAIN
  RAIN
  LIGHT RAIN
  FOG


RELATIVE HUMIDITY (PERCENT)
 HIGHEST    97          1100 AM
 LOWEST     78          1200 AM
 AVERAGE    88

..........................................................


THE COLUMBUS OH CLIMATE NORMALS FOR TODAY
                         NORMAL    RECORD    YEAR
 MAXIMUM TEMPERATURE (F)   85        99      1901
 MINIMUM TEMPERATURE (F)   65        47      1988


SUNRISE AND SUNSET
JUNE 30 2015..........SUNRISE   606 AM EDT   SUNSET   904 PM EDT
JULY  1 2015..........SUNRISE   606 AM EDT   SUNSET   904 PM EDT


-  INDICATES NEGATIVE NUMBERS.
R  INDICATES RECORD WAS SET OR TIED.
MM INDICATES DATA IS MISSING.
T  INDICATES TRACE AMOUNT.




$$
