000
CDUS41 KILN 230614
CLICMH


CLIMATE REPORT
NATIONAL WEATHER SERVICE WILMINGTON OH
212 AM EDT THU OCT 23 2014


...................................

...THE COLUMBUS OH CLIMATE SUMMARY FOR OCTOBER 22 2014...

CLIMATE NORMAL PERIOD 1981 TO 2010
CLIMATE RECORD PERIOD 1869 TO 2014


WEATHER ITEM   OBSERVED TIME   RECORD YEAR NORMAL DEPARTURE LAST
                VALUE   (LST)  VALUE       VALUE  FROM      YEAR
                                                  NORMAL
..................................................................
TEMPERATURE (F)
 YESTERDAY
  MAXIMUM         50    724 PM  83    1947  63    -13       52
  MINIMUM         44    734 AM  24    1952  43      1       36
  AVERAGE         47                        53     -6       44

PRECIPITATION (IN)
  YESTERDAY        0.00          1.39 1983   0.08  -0.08     0.10
  MONTH TO DATE    2.26                      1.85   0.41     4.44
  SINCE SEP 1      2.91                      4.69  -1.78     6.96
  SINCE JAN 1     33.42                     32.38   1.04    33.60

SNOWFALL (IN)
  YESTERDAY        0.0           1.0  1925   0.0    0.0      0.0
  MONTH TO DATE    T                         0.1   -0.1      0.0
  SINCE SEP 1      T                         0.1   -0.1      0.0
  SINCE JUL 1      T                         0.1   -0.1      0.0
  SNOW DEPTH       0

DEGREE DAYS
 HEATING
  YESTERDAY       18                        12      6       21
  MONTH TO DATE  216                       201     15      137
  SINCE SEP 1    264                       270     -6      186
  SINCE JUL 1    264                       270     -6      190

 COOLING
  YESTERDAY        0                         0      0        0
  MONTH TO DATE    8                        13     -5       42
  SINCE SEP 1    141                       135      6      178
  SINCE JAN 1   1163                      1024    139     1179
..................................................................


WIND (MPH)
  RESULTANT WIND SPEED  10   RESULTANT WIND DIRECTION   N (350)
  HIGHEST WIND SPEED    20   HIGHEST WIND DIRECTION     N (350)
  HIGHEST GUST SPEED    24   HIGHEST GUST DIRECTION     N (350)
  AVERAGE WIND SPEED    10.0


SKY COVER
  POSSIBLE SUNSHINE  MM
  AVERAGE SKY COVER 1.0


WEATHER CONDITIONS
 THE FOLLOWING WEATHER WAS RECORDED YESTERDAY.
  FOG


RELATIVE HUMIDITY (PERCENT)
 HIGHEST    89           200 AM
 LOWEST     71           200 PM
 AVERAGE    80

..........................................................


THE COLUMBUS OH CLIMATE NORMALS FOR TODAY
                         NORMAL    RECORD    YEAR
 MAXIMUM TEMPERATURE (F)   63        83      1947
 MINIMUM TEMPERATURE (F)   43        23      1969


SUNRISE AND SUNSET
OCTOBER 23 2014.......SUNRISE   751 AM EDT   SUNSET   641 PM EDT
OCTOBER 24 2014.......SUNRISE   752 AM EDT   SUNSET   639 PM EDT


-  INDICATES NEGATIVE NUMBERS.
R  INDICATES RECORD WAS SET OR TIED.
MM INDICATES DATA IS MISSING.
T  INDICATES TRACE AMOUNT.




$$
