000
CDUS41 KILN 172058
CLICMH


CLIMATE REPORT
NATIONAL WEATHER SERVICE WILMINGTON OH
458 PM EDT THU AUG 17 2017


...................................

...THE COLUMBUS OH CLIMATE SUMMARY FOR AUGUST 17 2017...
VALID TODAY AS OF 0400 PM LOCAL TIME.

CLIMATE NORMAL PERIOD 1981 TO 2010
CLIMATE RECORD PERIOD 1869 TO 2017


WEATHER ITEM   OBSERVED TIME   RECORD YEAR NORMAL DEPARTURE LAST
                VALUE   (LST)  VALUE       VALUE  FROM      YEAR
                                                  NORMAL
..................................................................
TEMPERATURE (F)
 TODAY
  MAXIMUM         88    133 PM  97    1988  84      4       79
  MINIMUM         72    413 AM  48    1981  64      8       70
  AVERAGE         80                        74      6       75

PRECIPITATION (IN)
  TODAY            0.31          2.06 1972   0.12   0.19     0.18
  MONTH TO DATE    1.59                      1.83  -0.24     3.09
  SINCE JUN 1     14.80                     10.63   4.17    10.80
  SINCE JAN 1     33.48                     26.20   7.28    24.53

SNOWFALL (IN)
  TODAY            0.0           0.0    MM   0.0    0.0      0.0
  MONTH TO DATE    0.0                       0.0    0.0      0.0
  SINCE JUN 1      0.0                       0.0    0.0      0.0
  SINCE JUL 1      0.0                       0.0    0.0      0.0
  SNOW DEPTH       0

DEGREE DAYS
 HEATING
  TODAY            0                         0      0        0
  MONTH TO DATE    0                         0      0        0
  SINCE JUN 1      7                        19    -12        4
  SINCE JUL 1      0                         0      0        0

 COOLING
  TODAY           15                         9      6       10
  MONTH TO DATE  135                       164    -29      248
  SINCE JUN 1    683                       690     -7      876
  SINCE JAN 1    808                       772     36      941
..................................................................


WIND (MPH)
  HIGHEST WIND SPEED    20   HIGHEST WIND DIRECTION    SW (220)
  HIGHEST GUST SPEED    24   HIGHEST GUST DIRECTION    SW (220)
  AVERAGE WIND SPEED     7.2


SKY COVER
  POSSIBLE SUNSHINE  MM
  AVERAGE SKY COVER 0.6


WEATHER CONDITIONS
 THE FOLLOWING WEATHER WAS RECORDED TODAY.
  THUNDERSTORM
  LIGHT RAIN
  FOG


RELATIVE HUMIDITY (PERCENT)
 HIGHEST   100           900 AM
 LOWEST     61           300 PM
 AVERAGE    81

..........................................................


THE COLUMBUS OH CLIMATE NORMALS FOR TOMORROW
                         NORMAL    RECORD    YEAR
 MAXIMUM TEMPERATURE (F)   84        94      1940
                                             1922
                                             1916
 MINIMUM TEMPERATURE (F)   64        48      1962
                                             1953


SUNRISE AND SUNSET
AUGUST 17 2017........SUNRISE   645 AM EDT   SUNSET   825 PM EDT
AUGUST 18 2017........SUNRISE   646 AM EDT   SUNSET   824 PM EDT


-  INDICATES NEGATIVE NUMBERS.
R  INDICATES RECORD WAS SET OR TIED.
MM INDICATES DATA IS MISSING.
T  INDICATES TRACE AMOUNT.




$$
