000
CDUS41 KILN 230535
CLICMH


CLIMATE REPORT
NATIONAL WEATHER SERVICE WILMINGTON OH
134 AM EDT SAT MAY 23 2015


...................................

...THE COLUMBUS OH CLIMATE SUMMARY FOR MAY 22 2015...

CLIMATE NORMAL PERIOD 1981 TO 2010
CLIMATE RECORD PERIOD 1869 TO 2015


WEATHER ITEM   OBSERVED TIME   RECORD YEAR NORMAL DEPARTURE LAST
                VALUE   (LST)  VALUE       VALUE  FROM      YEAR
                                                  NORMAL
..................................................................
TEMPERATURE (F)
 YESTERDAY
  MAXIMUM         73    205 PM  93    1941  75     -2       79
  MINIMUM         41    517 AM  33    2002  54    -13       61
  AVERAGE         57                        64     -7       70

PRECIPITATION (IN)
  YESTERDAY        0.00          1.48 1960   0.14  -0.14     0.00
  MONTH TO DATE    2.71                      2.87  -0.16     4.00
  SINCE MAR 1     10.72                      9.29   1.43    12.06
  SINCE JAN 1     15.29                     14.27   1.02    16.85

SNOWFALL (IN)
  YESTERDAY        0.0           0.0    MM   0.0    0.0      0.0
  MONTH TO DATE    0.0                       0.0    0.0      0.0
  SINCE MAR 1      5.4                       5.3    0.1      5.4
  SINCE JUL 1     33.4                      26.7    6.7     56.4
  SNOW DEPTH       0

DEGREE DAYS
 HEATING
  YESTERDAY        8                         4      4        0
  MONTH TO DATE   81                       121    -40      110
  SINCE MAR 1   1260                      1208     52     1247
  SINCE JUL 1   5814                      5203    611     5631

 COOLING
  YESTERDAY        0                         3     -3        5
  MONTH TO DATE   91                        38     53       80
  SINCE MAR 1     91                        50     41       88
  SINCE JAN 1     91                        50     41       88
..................................................................


WIND (MPH)
  RESULTANT WIND SPEED   2   RESULTANT WIND DIRECTION  NW (320)
  HIGHEST WIND SPEED    16   HIGHEST WIND DIRECTION    NW (330)
  HIGHEST GUST SPEED    21   HIGHEST GUST DIRECTION    NW (320)
  AVERAGE WIND SPEED     5.3


SKY COVER
  POSSIBLE SUNSHINE  MM
  AVERAGE SKY COVER 0.4


WEATHER CONDITIONS
 THE FOLLOWING WEATHER WAS RECORDED YESTERDAY.
  NO SIGNIFICANT WEATHER WAS OBSERVED.


RELATIVE HUMIDITY (PERCENT)
 HIGHEST    89           200 AM
 LOWEST     37           800 PM
 AVERAGE    63

..........................................................


THE COLUMBUS OH CLIMATE NORMALS FOR TODAY
                         NORMAL    RECORD    YEAR
 MAXIMUM TEMPERATURE (F)   75        90      1939
 MINIMUM TEMPERATURE (F)   54        34      1963


SUNRISE AND SUNSET
MAY 23 2015...........SUNRISE   610 AM EDT   SUNSET   847 PM EDT
MAY 24 2015...........SUNRISE   609 AM EDT   SUNSET   848 PM EDT


-  INDICATES NEGATIVE NUMBERS.
R  INDICATES RECORD WAS SET OR TIED.
MM INDICATES DATA IS MISSING.
T  INDICATES TRACE AMOUNT.




$$
