000
CDUS41 KILN 252055
CLICMH


CLIMATE REPORT
NATIONAL WEATHER SERVICE WILMINGTON OH
455 PM EDT TUE APR 25 2017


...................................

...THE COLUMBUS OH CLIMATE SUMMARY FOR APRIL 25 2017...
VALID TODAY AS OF 0400 PM LOCAL TIME.

CLIMATE NORMAL PERIOD 1981 TO 2010
CLIMATE RECORD PERIOD 1869 TO 2017


WEATHER ITEM   OBSERVED TIME   RECORD YEAR NORMAL DEPARTURE LAST
                VALUE   (LST)  VALUE       VALUE  FROM      YEAR
                                                  NORMAL
..................................................................
TEMPERATURE (F)
 TODAY
  MAXIMUM         76    256 PM  90    1915  67      9       80
  MINIMUM         54    525 AM  25    1919  46      8       47
  AVERAGE         65                        56      9       64

PRECIPITATION (IN)
  TODAY            0.00          1.74 1950   0.12  -0.12     0.00
  MONTH TO DATE    1.54                      2.84  -1.30     1.99
  SINCE MAR 1      6.93                      5.86   1.07     6.26
  SINCE JAN 1     12.39                     10.84   1.55    10.67

SNOWFALL (IN)
  TODAY            0.0           0.0    MM   0.0    0.0      0.0
  MONTH TO DATE    T                         1.1   -1.1      0.3
  SINCE MAR 1      1.7                       5.3   -3.6      2.6
  SINCE JUL 1      9.3                      26.7  -17.4     17.1
  SNOW DEPTH       0

DEGREE DAYS
 HEATING
  TODAY            0                         9     -9        1
  MONTH TO DATE  188                       329   -141      354
  SINCE MAR 1    861                      1045   -184      858
  SINCE JUL 1   4130                      5040   -910     4299

 COOLING
  TODAY            0                         1     -1        0
  MONTH TO DATE   29                         7     22        1
  SINCE MAR 1     31                         7     24        1
  SINCE JAN 1     35                         7     28        1
..................................................................


WIND (MPH)
  HIGHEST WIND SPEED    13   HIGHEST WIND DIRECTION    SE (120)
  HIGHEST GUST SPEED    17   HIGHEST GUST DIRECTION     E (100)
  AVERAGE WIND SPEED     8.8


SKY COVER
  POSSIBLE SUNSHINE  MM
  AVERAGE SKY COVER 0.8


WEATHER CONDITIONS
 THE FOLLOWING WEATHER WAS RECORDED TODAY.
  NO SIGNIFICANT WEATHER WAS OBSERVED.


RELATIVE HUMIDITY (PERCENT)
 HIGHEST    77           100 AM
 LOWEST     49           100 PM
 AVERAGE    63

..........................................................


THE COLUMBUS OH CLIMATE NORMALS FOR TOMORROW
                         NORMAL    RECORD    YEAR
 MAXIMUM TEMPERATURE (F)   67        89      1948
                                             1915
 MINIMUM TEMPERATURE (F)   46        26      1972


SUNRISE AND SUNSET
APRIL 25 2017.........SUNRISE   639 AM EDT   SUNSET   820 PM EDT
APRIL 26 2017.........SUNRISE   638 AM EDT   SUNSET   821 PM EDT


-  INDICATES NEGATIVE NUMBERS.
R  INDICATES RECORD WAS SET OR TIED.
MM INDICATES DATA IS MISSING.
T  INDICATES TRACE AMOUNT.




$$
