000
CDUS43 KILX 202136
CLICMI


CLIMATE REPORT
NATIONAL WEATHER SERVICE LINCOLN IL
435 PM CDT WED SEP 20 2017


...................................

...THE CHAMPAIGN IL AIRPORT CLIMATE SUMMARY FOR SEPTEMBER 20 2017...
VALID TODAY AS OF 0400 PM LOCAL TIME.

CLIMATE NORMAL PERIOD 1981 TO 2010
CLIMATE RECORD PERIOD 9999 TO 9999


WEATHER ITEM   OBSERVED TIME   RECORD YEAR NORMAL DEPARTURE LAST
                VALUE   (LST)  VALUE       VALUE  FROM      YEAR
                                                  NORMAL
..................................................................
TEMPERATURE (F)
 TODAY
  MAXIMUM         95    230 PM  MM      MM  77     18       91
  MINIMUM         63    454 AM  MM      MM  51     12       60
  AVERAGE         79                        64     15       76

PRECIPITATION (IN)
  TODAY            0.00         MM      MM   0.09  -0.09     0.00
  MONTH TO DATE    0.70                      2.28  -1.58     5.13
  SINCE SEP 1      0.70                      2.28  -1.58     5.13
  SINCE JAN 1     22.80                     29.56  -6.76    29.63

DEGREE DAYS
 HEATING
  TODAY            0                         3     -3        0
  MONTH TO DATE   33                        29      4        1
  SINCE SEP 1     33                        29      4        1
  SINCE JUL 1     37                        38     -1        9

 COOLING
  TODAY           14                         2     12       11
  MONTH TO DATE   90                        80     10      137
  SINCE SEP 1     90                        80     10      137
  SINCE JAN 1    978                       907     71     1158
..................................................................


WIND (MPH)
  HIGHEST WIND SPEED    17   HIGHEST WIND DIRECTION     S (190)
  HIGHEST GUST SPEED    28   HIGHEST GUST DIRECTION     S (170)
  AVERAGE WIND SPEED     8.6


SKY COVER
  POSSIBLE SUNSHINE  MM
  AVERAGE SKY COVER 0.1


WEATHER CONDITIONS
 THE FOLLOWING WEATHER WAS RECORDED TODAY.
  FOG
  HAZE


RELATIVE HUMIDITY (PERCENT)
 HIGHEST   100           500 AM
 LOWEST     39           200 PM
 AVERAGE    70

..........................................................


THE CHAMPAIGN IL AIRPORT CLIMATE NORMALS FOR TOMORROW
                         NORMAL    RECORD    YEAR
 MAXIMUM TEMPERATURE (F)   76        MM        MM
 MINIMUM TEMPERATURE (F)   51        MM        MM


SUNRISE AND SUNSET
SEPTEMBER 20 2017.....SUNRISE   639 AM CDT   SUNSET   653 PM CDT
SEPTEMBER 21 2017.....SUNRISE   640 AM CDT   SUNSET   651 PM CDT


-  INDICATES NEGATIVE NUMBERS.
R  INDICATES RECORD WAS SET OR TIED.
MM INDICATES DATA IS MISSING.
T  INDICATES TRACE AMOUNT.




$$
