000
CDUS43 KILX 022141
CLICMI


CLIMATE REPORT
NATIONAL WEATHER SERVICE LINCOLN IL
430 PM CDT TUE JUN 2 2015


...................................

...THE CHAMPAIGN IL AIRPORT CLIMATE SUMMARY FOR JUNE 2 2015...
VALID TODAY AS OF 0400 PM LOCAL TIME.

CLIMATE NORMAL PERIOD 1981 TO 2010
CLIMATE RECORD PERIOD 9999 TO 9999


WEATHER ITEM   OBSERVED TIME   RECORD YEAR NORMAL DEPARTURE LAST
                VALUE   (LST)  VALUE       VALUE  FROM      YEAR
                                                  NORMAL
..................................................................
TEMPERATURE (F)
 TODAY
  MAXIMUM         73    257 PM  MM      MM  81     -8       82
  MINIMUM         52    502 AM  MM      MM  57     -5       70
  AVERAGE         63                        69     -6       76

PRECIPITATION (IN)
  TODAY            0.00         MM      MM   0.17  -0.17     0.06
  MONTH TO DATE    0.00                      0.36  -0.36     0.29
  SINCE JUN 1      0.00                      0.36  -0.36     0.29
  SINCE JAN 1     11.41                     15.52  -4.11    14.83

DEGREE DAYS
 HEATING
  TODAY            2                         2      0        0
  MONTH TO DATE    6                         4      2        0
  SINCE JUN 1      6                         4      2        0
  SINCE JUL 1   6173                      5810    363     6486

 COOLING
  TODAY            0                         5     -5       11
  MONTH TO DATE    0                        10    -10       24
  SINCE JUN 1      0                        10    -10       24
  SINCE JAN 1    154                       102     52      176
..................................................................


WIND (MPH)
  HIGHEST WIND SPEED    16   HIGHEST WIND DIRECTION    NE (50)
  HIGHEST GUST SPEED    22   HIGHEST GUST DIRECTION    NE (50)
  AVERAGE WIND SPEED     8.8


SKY COVER
  POSSIBLE SUNSHINE  MM
  AVERAGE SKY COVER 0.1


WEATHER CONDITIONS
 THE FOLLOWING WEATHER WAS RECORDED TODAY.
  FOG


RELATIVE HUMIDITY (PERCENT)
 HIGHEST    96           300 AM
 LOWEST     53           100 PM
 AVERAGE    75

..........................................................


THE CHAMPAIGN IL AIRPORT CLIMATE NORMALS FOR TOMORROW
                         NORMAL    RECORD    YEAR
 MAXIMUM TEMPERATURE (F)   81        MM        MM
 MINIMUM TEMPERATURE (F)   57        MM        MM


SUNRISE AND SUNSET
JUNE  2 2015..........SUNRISE   526 AM CDT   SUNSET   817 PM CDT
JUNE  3 2015..........SUNRISE   526 AM CDT   SUNSET   817 PM CDT


-  INDICATES NEGATIVE NUMBERS.
R  INDICATES RECORD WAS SET OR TIED.
MM INDICATES DATA IS MISSING.
T  INDICATES TRACE AMOUNT.




$$
