000
CDUS43 KILX 240654
CLICMI


CLIMATE REPORT
NATIONAL WEATHER SERVICE LINCOLN IL
152 AM CDT THU JUL 24 2014


...................................

...THE CHAMPAIGN IL AIRPORT CLIMATE SUMMARY FOR JULY 23 2014...

CLIMATE NORMAL PERIOD 1981 TO 2010
CLIMATE RECORD PERIOD 9999 TO 9999


WEATHER ITEM   OBSERVED TIME   RECORD YEAR NORMAL DEPARTURE LAST
                VALUE   (LST)  VALUE       VALUE  FROM      YEAR
                                                  NORMAL
..................................................................
TEMPERATURE (F)
 YESTERDAY
  MAXIMUM         78    211 PM  MM      MM  84     -6       84
  MINIMUM         58   1159 PM  MM      MM  64     -6       64
  AVERAGE         68                        74     -6       74

PRECIPITATION (IN)
  YESTERDAY        0.00         MM      MM   0.16  -0.16     0.11
  MONTH TO DATE    5.04                      3.36   1.68     4.70
  SINCE JUN 1     11.38                      7.53   3.85     7.95
  SINCE JAN 1     25.92                     22.69   3.23    23.63

DEGREE DAYS
 HEATING
  YESTERDAY        0                         0      0        0
  MONTH TO DATE    5                         0      5        0
  SINCE JUN 1      5                        17    -12       13
  SINCE JUL 1      5                         0      5        0

 COOLING
  YESTERDAY        3                         9     -6        9
  MONTH TO DATE  130                       216    -86      237
  SINCE JUN 1    411                       439    -28      456
  SINCE JAN 1    563                       531     32      588
..................................................................


WIND (MPH)
  HIGHEST WIND SPEED    23   HIGHEST WIND DIRECTION     N (20)
  HIGHEST GUST SPEED    29   HIGHEST GUST DIRECTION     N (20)
  AVERAGE WIND SPEED    13.2


SKY COVER
  POSSIBLE SUNSHINE  MM
  AVERAGE SKY COVER 0.4


WEATHER CONDITIONS
 THE FOLLOWING WEATHER WAS RECORDED YESTERDAY.
  FOG


RELATIVE HUMIDITY (PERCENT)
 HIGHEST    90           600 AM
 LOWEST     49           500 PM
 AVERAGE    70

..........................................................


THE CHAMPAIGN IL AIRPORT CLIMATE NORMALS FOR TODAY
                         NORMAL    RECORD    YEAR
 MAXIMUM TEMPERATURE (F)   84        MM        MM
 MINIMUM TEMPERATURE (F)   64        MM        MM


SUNRISE AND SUNSET
JULY 24 2014..........SUNRISE   544 AM CDT   SUNSET   815 PM CDT
JULY 25 2014..........SUNRISE   545 AM CDT   SUNSET   814 PM CDT


-  INDICATES NEGATIVE NUMBERS.
R  INDICATES RECORD WAS SET OR TIED.
MM INDICATES DATA IS MISSING.
T  INDICATES TRACE AMOUNT.




$$
