000
CDUS43 KILX 180642
CLICMI


CLIMATE REPORT
NATIONAL WEATHER SERVICE LINCOLN IL
1242 AM CST THU DEC 18 2014


...................................

...THE CHAMPAIGN IL AIRPORT CLIMATE SUMMARY FOR DECEMBER 17 2014...

CLIMATE NORMAL PERIOD 1981 TO 2010
CLIMATE RECORD PERIOD 9999 TO 9999


WEATHER ITEM   OBSERVED TIME   RECORD YEAR NORMAL DEPARTURE LAST
                VALUE   (LST)  VALUE       VALUE  FROM      YEAR
                                                  NORMAL
..................................................................
TEMPERATURE (F)
 YESTERDAY
  MAXIMUM         27   1211 AM  MM      MM  36     -9       29
  MINIMUM         22   1025 AM  MM      MM  21      1       12
  AVERAGE         25                        28     -3       21

PRECIPITATION (IN)
  YESTERDAY        T            MM      MM   0.07  -0.07      T
  MONTH TO DATE    0.68                      1.30  -0.62     0.74
  SINCE DEC 1      0.68                      1.30  -0.62     0.74
  SINCE JAN 1     38.07                     38.50  -0.43    30.63

DEGREE DAYS
 HEATING
  YESTERDAY       40                        37      3       44
  MONTH TO DATE  530                       581    -51      668
  SINCE DEC 1    530                       581    -51      668
  SINCE JUL 1   1880                      1745    135     1862

 COOLING
  YESTERDAY        0                         0      0        0
  MONTH TO DATE    0                         0      0        0
  SINCE DEC 1      0                         0      0        0
  SINCE JAN 1    948                       945      3     1067
..................................................................


WIND (MPH)
  HIGHEST WIND SPEED    22   HIGHEST WIND DIRECTION     W (290)
  HIGHEST GUST SPEED    25   HIGHEST GUST DIRECTION     W (290)
  AVERAGE WIND SPEED     9.9


SKY COVER
  POSSIBLE SUNSHINE  MM
  AVERAGE SKY COVER 1.0


WEATHER CONDITIONS
 THE FOLLOWING WEATHER WAS RECORDED YESTERDAY.
  LIGHT SNOW
  FOG
  HAZE


RELATIVE HUMIDITY (PERCENT)
 HIGHEST    88           400 AM
 LOWEST     74           400 PM
 AVERAGE    81

..........................................................


THE CHAMPAIGN IL AIRPORT CLIMATE NORMALS FOR TODAY
                         NORMAL    RECORD    YEAR
 MAXIMUM TEMPERATURE (F)   35        MM        MM
 MINIMUM TEMPERATURE (F)   21        MM        MM


SUNRISE AND SUNSET
DECEMBER 18 2014......SUNRISE   710 AM CST   SUNSET   430 PM CST
DECEMBER 19 2014......SUNRISE   710 AM CST   SUNSET   430 PM CST


-  INDICATES NEGATIVE NUMBERS.
R  INDICATES RECORD WAS SET OR TIED.
MM INDICATES DATA IS MISSING.
T  INDICATES TRACE AMOUNT.




$$
