000
CDUS43 KILX 222132
CLICMI


CLIMATE REPORT
NATIONAL WEATHER SERVICE LINCOLN IL
431 PM CDT MON MAY 22 2017


...................................

...THE CHAMPAIGN IL AIRPORT CLIMATE SUMMARY FOR MAY 22 2017...
VALID TODAY AS OF 0400 PM LOCAL TIME.

CLIMATE NORMAL PERIOD 1981 TO 2010
CLIMATE RECORD PERIOD 9999 TO 9999


WEATHER ITEM   OBSERVED TIME   RECORD YEAR NORMAL DEPARTURE LAST
                VALUE   (LST)  VALUE       VALUE  FROM      YEAR
                                                  NORMAL
..................................................................
TEMPERATURE (F)
 TODAY
  MAXIMUM         73    256 PM  MM      MM  77     -4       86
  MINIMUM         48    446 AM  MM      MM  53     -5       48
  AVERAGE         61                        65     -4       67

PRECIPITATION (IN)
  TODAY            0.00         MM      MM   0.14  -0.14     0.00
  MONTH TO DATE    4.80                      3.30   1.50     1.78
  SINCE MAR 1     12.69                      9.84   2.85     8.10
  SINCE JAN 1     15.43                     13.91   1.52     9.76

DEGREE DAYS
 HEATING
  TODAY            4                         3      1        0
  MONTH TO DATE  138                       120     18      153
  SINCE MAR 1   1043                      1282   -239     1072
  SINCE JUL 1   4562                      5784  -1222     4759

 COOLING
  TODAY            0                         3     -3        2
  MONTH TO DATE   54                        44     10        9
  SINCE MAR 1     78                        55     23       23
  SINCE JAN 1     78                        55     23       23
..................................................................


WIND (MPH)
  HIGHEST WIND SPEED    21   HIGHEST WIND DIRECTION    SW (220)
  HIGHEST GUST SPEED    28   HIGHEST GUST DIRECTION    SW (230)
  AVERAGE WIND SPEED    10.7


SKY COVER
  POSSIBLE SUNSHINE  MM
  AVERAGE SKY COVER 0.0


WEATHER CONDITIONS
 THE FOLLOWING WEATHER WAS RECORDED TODAY.
  NO SIGNIFICANT WEATHER WAS OBSERVED.


RELATIVE HUMIDITY (PERCENT)
 HIGHEST    93           400 AM
 LOWEST     35           300 PM
 AVERAGE    64

..........................................................


THE CHAMPAIGN IL AIRPORT CLIMATE NORMALS FOR TOMORROW
                         NORMAL    RECORD    YEAR
 MAXIMUM TEMPERATURE (F)   78        MM        MM
 MINIMUM TEMPERATURE (F)   54        MM        MM


SUNRISE AND SUNSET
MAY 22 2017...........SUNRISE   532 AM CDT   SUNSET   808 PM CDT
MAY 23 2017...........SUNRISE   531 AM CDT   SUNSET   809 PM CDT


-  INDICATES NEGATIVE NUMBERS.
R  INDICATES RECORD WAS SET OR TIED.
MM INDICATES DATA IS MISSING.
T  INDICATES TRACE AMOUNT.




$$
