000
CDUS43 KILX 220659
CLICMI


CLIMATE REPORT
NATIONAL WEATHER SERVICE LINCOLN IL
1248 AM CST THU FEB 22 2018


...................................

...THE CHAMPAIGN IL AIRPORT CLIMATE SUMMARY FOR FEBRUARY 21 2018...

CLIMATE NORMAL PERIOD 1981 TO 2010
CLIMATE RECORD PERIOD 9999 TO 9999


WEATHER ITEM   OBSERVED TIME   RECORD YEAR NORMAL DEPARTURE LAST
                VALUE   (LST)  VALUE       VALUE  FROM      YEAR
                                                  NORMAL
..................................................................
TEMPERATURE (F)
 YESTERDAY
  MAXIMUM         35    342 PM  MM      MM  40     -5       62
  MINIMUM         31    835 AM  MM      MM  23      8       52
  AVERAGE         33                        32      1       57

PRECIPITATION (IN)
  YESTERDAY        0.43         MM      MM   0.07   0.36     0.03
  MONTH TO DATE    5.46                      1.52   3.94     0.22
  SINCE DEC 1      6.53                      6.09   0.44     3.81
  SINCE JAN 1      6.30                      3.57   2.73     2.66

DEGREE DAYS
 HEATING
  YESTERDAY       32                        34     -2        8
  MONTH TO DATE  778                       770      8      545
  SINCE DEC 1   3145                      3116     29     2657
  SINCE JUL 1   4096                      4280   -184     3390

 COOLING
  YESTERDAY        0                         0      0        0
  MONTH TO DATE    0                         0      0        0
  SINCE DEC 1      0                         0      0        0
  SINCE JAN 1      0                         0      0        0
..................................................................


WIND (MPH)
  HIGHEST WIND SPEED    24   HIGHEST WIND DIRECTION    NW (330)
  HIGHEST GUST SPEED    29   HIGHEST GUST DIRECTION    NW (330)
  AVERAGE WIND SPEED    15.1


SKY COVER
  POSSIBLE SUNSHINE  MM
  AVERAGE SKY COVER 1.0


WEATHER CONDITIONS
 THE FOLLOWING WEATHER WAS RECORDED YESTERDAY.
  RAIN
  FREEZING RAIN
  LT FREEZING RAIN
  FOG


RELATIVE HUMIDITY (PERCENT)
 HIGHEST    96           100 AM
 LOWEST     82           400 PM
 AVERAGE    89

..........................................................


THE CHAMPAIGN IL AIRPORT CLIMATE NORMALS FOR TODAY
                         NORMAL    RECORD    YEAR
 MAXIMUM TEMPERATURE (F)   40        MM        MM
 MINIMUM TEMPERATURE (F)   24        MM        MM


SUNRISE AND SUNSET
FEBRUARY 22 2018......SUNRISE   637 AM CST   SUNSET   537 PM CST
FEBRUARY 23 2018......SUNRISE   635 AM CST   SUNSET   538 PM CST


-  INDICATES NEGATIVE NUMBERS.
R  INDICATES RECORD WAS SET OR TIED.
MM INDICATES DATA IS MISSING.
T  INDICATES TRACE AMOUNT.




$$
