962
CDUS43 KILX 302135
CLICMI


CLIMATE REPORT
NATIONAL WEATHER SERVICE LINCOLN IL
434 PM CDT THU MAR 30 2017


...................................

...THE CHAMPAIGN IL AIRPORT CLIMATE SUMMARY FOR MARCH 30 2017...
VALID TODAY AS OF 0400 PM LOCAL TIME.

CLIMATE NORMAL PERIOD 1981 TO 2010
CLIMATE RECORD PERIOD 9999 TO 9999


WEATHER ITEM   OBSERVED TIME   RECORD YEAR NORMAL DEPARTURE LAST
                VALUE   (LST)  VALUE       VALUE  FROM      YEAR
                                                  NORMAL
..................................................................
TEMPERATURE (F)
 TODAY
  MAXIMUM         66    150 PM  MM      MM  57      9       60
  MINIMUM         49    608 AM  MM      MM  34     15       37
  AVERAGE         58                        46     12       49

PRECIPITATION (IN)
  TODAY            0.56         MM      MM   0.11   0.45     0.65
  MONTH TO DATE    2.03                      2.64  -0.61     2.54
  SINCE MAR 1      2.03                      2.64  -0.61     2.54
  SINCE JAN 1      4.77                      6.71  -1.94     4.20

DEGREE DAYS
 HEATING
  TODAY            7                        19    -12       16
  MONTH TO DATE  648                       737    -89      527
  SINCE MAR 1    648                       737    -89      527
  SINCE JUL 1   4167                      5239  -1072     4214

 COOLING
  TODAY            0                         0      0        0
  MONTH TO DATE    0                         0      0        0
  SINCE MAR 1      0                         0      0        0
  SINCE JAN 1      0                         0      0        0
..................................................................


WIND (MPH)
  HIGHEST WIND SPEED    20   HIGHEST WIND DIRECTION    SE (140)
  HIGHEST GUST SPEED    25   HIGHEST GUST DIRECTION    SE (140)
  AVERAGE WIND SPEED    15.1


SKY COVER
  POSSIBLE SUNSHINE  MM
  AVERAGE SKY COVER 0.8


WEATHER CONDITIONS
 THE FOLLOWING WEATHER WAS RECORDED TODAY.
  THUNDERSTORM
  HEAVY RAIN
  RAIN
  LIGHT RAIN
  FOG
  HAZE


RELATIVE HUMIDITY (PERCENT)
 HIGHEST    93           600 AM
 LOWEST     71          1200 AM
 AVERAGE    82

..........................................................


THE CHAMPAIGN IL AIRPORT CLIMATE NORMALS FOR TOMORROW
                         NORMAL    RECORD    YEAR
 MAXIMUM TEMPERATURE (F)   58        MM        MM
 MINIMUM TEMPERATURE (F)   35        MM        MM


SUNRISE AND SUNSET
MARCH 30 2017.........SUNRISE   640 AM CDT   SUNSET   716 PM CDT
MARCH 31 2017.........SUNRISE   638 AM CDT   SUNSET   717 PM CDT


-  INDICATES NEGATIVE NUMBERS.
R  INDICATES RECORD WAS SET OR TIED.
MM INDICATES DATA IS MISSING.
T  INDICATES TRACE AMOUNT.




$$
