000
CDUS43 KICT 250652
CLICNU


CLIMATE REPORT
NATIONAL WEATHER SERVICE WICHITA KS
152 AM CDT FRI JUL 25 2014


...................................

...THE CHANUTE KS CLIMATE SUMMARY FOR JULY 24 2014...

CLIMATE NORMAL PERIOD 1981 TO 2010
CLIMATE RECORD PERIOD 1894 TO 2014


WEATHER ITEM   OBSERVED TIME   RECORD YEAR NORMAL DEPARTURE LAST
                VALUE   (LST)  VALUE       VALUE  FROM      YEAR
                                                  NORMAL
..................................................................
TEMPERATURE (F)
 YESTERDAY
  MAXIMUM         87    413 PM 111    1934  90     -3       92
  MINIMUM         67    500 AM  53    2003  69     -2       68
  AVERAGE         77                        80     -3       80

PRECIPITATION (IN)
  YESTERDAY        0.00          2.02 1968   0.13  -0.13     0.00
  MONTH TO DATE    1.52                      3.54  -2.02     0.91
  SINCE JUN 1      9.57                      9.57   0.00     5.03
  SINCE JAN 1     19.03                     25.97  -6.94    23.59

DEGREE DAYS
 HEATING
  YESTERDAY        0                         0      0        0
  MONTH TO DATE    1                         0      1        0
  SINCE JUN 1      1                         6     -5       10
  SINCE JUL 1      1                         0      1        0

 COOLING
  YESTERDAY       12                        15     -3       15
  MONTH TO DATE  239                       347   -108      363
  SINCE JUN 1    537                       639   -102      677
  SINCE JAN 1    729                       772    -43      800
..................................................................


WIND (MPH)
  HIGHEST WIND SPEED    15   HIGHEST WIND DIRECTION    SE (140)
  HIGHEST GUST SPEED    24   HIGHEST GUST DIRECTION    SE (120)
  AVERAGE WIND SPEED     8.4


SKY COVER
  POSSIBLE SUNSHINE  MM
  AVERAGE SKY COVER 0.1


WEATHER CONDITIONS
 THE FOLLOWING WEATHER WAS RECORDED YESTERDAY.
  NO SIGNIFICANT WEATHER WAS OBSERVED.


RELATIVE HUMIDITY (PERCENT)
 HIGHEST    87           400 AM
 LOWEST     51           200 PM
 AVERAGE    69

..........................................................


THE CHANUTE KS CLIMATE NORMALS FOR TODAY
                         NORMAL    RECORD    YEAR
 MAXIMUM TEMPERATURE (F)   90       107      1934
 MINIMUM TEMPERATURE (F)   69        50      1911


SUNRISE AND SUNSET
JULY 25 2014..........SUNRISE   620 AM CDT   SUNSET   836 PM CDT
JULY 26 2014..........SUNRISE   621 AM CDT   SUNSET   836 PM CDT


-  INDICATES NEGATIVE NUMBERS.
R  INDICATES RECORD WAS SET OR TIED.
MM INDICATES DATA IS MISSING.
T  INDICATES TRACE AMOUNT.




$$
