141
CDUS43 KICT 260619
CLICNU


CLIMATE REPORT
NATIONAL WEATHER SERVICE WICHITA KS
119 AM CDT MON SEP 26 2016


...................................

...THE CHANUTE KS CLIMATE SUMMARY FOR SEPTEMBER 25 2016...

CLIMATE NORMAL PERIOD 1981 TO 2010
CLIMATE RECORD PERIOD 1894 TO 2016


WEATHER ITEM   OBSERVED TIME   RECORD YEAR NORMAL DEPARTURE LAST
                VALUE   (LST)  VALUE       VALUE  FROM      YEAR
                                                  NORMAL
..................................................................
TEMPERATURE (F)
 YESTERDAY
  MAXIMUM         72   1038 AM  95    1939  77     -5       86
  MINIMUM         61    142 PM  37    1989  55      6       61
  AVERAGE         67                        66      1       74

PRECIPITATION (IN)
  YESTERDAY        0.78          2.28 2012   0.14   0.64     0.00
  MONTH TO DATE    6.91                      2.98   3.93     1.29
  SINCE SEP 1      6.91                      2.98   3.93     1.29
  SINCE JAN 1     32.14                     33.47  -1.33    32.60

DEGREE DAYS
 HEATING
  YESTERDAY        0                         3     -3        0
  MONTH TO DATE    0                        28    -28        6
  SINCE SEP 1      0                        28    -28        6
  SINCE JUL 1      0                        29    -29        6

 COOLING
  YESTERDAY        2                         4     -2        9
  MONTH TO DATE  260                       179     81      231
  SINCE SEP 1    260                       179     81      231
  SINCE JAN 1   1741                      1483    258     1550
..................................................................


WIND (MPH)
  HIGHEST WIND SPEED    20   HIGHEST WIND DIRECTION     N (340)
  HIGHEST GUST SPEED    24   HIGHEST GUST DIRECTION     N (340)
  AVERAGE WIND SPEED     4.8


SKY COVER
  POSSIBLE SUNSHINE  MM
  AVERAGE SKY COVER 0.8


WEATHER CONDITIONS
 THE FOLLOWING WEATHER WAS RECORDED YESTERDAY.
  THUNDERSTORM
  HEAVY RAIN
  LIGHT RAIN
  FOG


RELATIVE HUMIDITY (PERCENT)
 HIGHEST    97           200 AM
 LOWEST     78           300 PM
 AVERAGE    88

..........................................................


THE CHANUTE KS CLIMATE NORMALS FOR TODAY
                         NORMAL    RECORD    YEAR
 MAXIMUM TEMPERATURE (F)   76        94      1938
 MINIMUM TEMPERATURE (F)   54        32      1912


SUNRISE AND SUNSET
SEPTEMBER 26 2016.....SUNRISE   714 AM CDT   SUNSET   712 PM CDT
SEPTEMBER 27 2016.....SUNRISE   714 AM CDT   SUNSET   710 PM CDT


-  INDICATES NEGATIVE NUMBERS.
R  INDICATES RECORD WAS SET OR TIED.
MM INDICATES DATA IS MISSING.
T  INDICATES TRACE AMOUNT.




$$
