000
CDUS43 KICT 290656
CLICNU


CLIMATE REPORT
NATIONAL WEATHER SERVICE WICHITA KS
156 AM CDT THU JUN 29 2017


...................................

...THE CHANUTE KS CLIMATE SUMMARY FOR JUNE 28 2017...

CLIMATE NORMAL PERIOD 1981 TO 2010
CLIMATE RECORD PERIOD 1894 TO 2017


WEATHER ITEM   OBSERVED TIME   RECORD YEAR NORMAL DEPARTURE LAST
                VALUE   (LST)  VALUE       VALUE  FROM      YEAR
                                                  NORMAL
..................................................................
TEMPERATURE (F)
 YESTERDAY
  MAXIMUM         91        MM 102    1936  88      3       90
  MINIMUM         79   1100 PM  55    1985  68     11       69
  AVERAGE         85                        78      7       80

PRECIPITATION (IN)
  YESTERDAY        0.00          2.65 1943   0.17  -0.17      T
  MONTH TO DATE    1.18                      5.71  -4.53     3.20
  SINCE JUN 1      1.18                      5.71  -4.53     3.20
  SINCE JAN 1     22.26                     22.11   0.15    14.99

DEGREE DAYS
 HEATING
  YESTERDAY        0                         0      0        0
  MONTH TO DATE    0                         4     -4        0
  SINCE JUN 1      0                         4     -4        0
  SINCE JUL 1   3452                      4481  -1029     3647

 COOLING
  YESTERDAY       20                        13      7       15
  MONTH TO DATE  281                       267     14      404
  SINCE JUN 1    281                       267     14      404
  SINCE JAN 1    448                       400     48      511
..................................................................


WIND (MPH)
  HIGHEST WIND SPEED    25   HIGHEST WIND DIRECTION     S (180)
  HIGHEST GUST SPEED    36   HIGHEST GUST DIRECTION     S (180)
  AVERAGE WIND SPEED    18.7


SKY COVER
  POSSIBLE SUNSHINE  MM
  AVERAGE SKY COVER 0.1


WEATHER CONDITIONS
 THE FOLLOWING WEATHER WAS RECORDED YESTERDAY.
  NO SIGNIFICANT WEATHER WAS OBSERVED.


RELATIVE HUMIDITY (PERCENT)
 HIGHEST    71          1000 PM
 LOWEST     49           300 PM
 AVERAGE    60

..........................................................


THE CHANUTE KS CLIMATE NORMALS FOR TODAY
                         NORMAL    RECORD    YEAR
 MAXIMUM TEMPERATURE (F)   88       104      1952
 MINIMUM TEMPERATURE (F)   68        50      1923


SUNRISE AND SUNSET
JUNE 29 2017..........SUNRISE   603 AM CDT   SUNSET   848 PM CDT
JUNE 30 2017..........SUNRISE   604 AM CDT   SUNSET   847 PM CDT


-  INDICATES NEGATIVE NUMBERS.
R  INDICATES RECORD WAS SET OR TIED.
MM INDICATES DATA IS MISSING.
T  INDICATES TRACE AMOUNT.




$$
