000
CDUS45 KGJT 252349
CLICNY


CLIMATE REPORT
NATIONAL WEATHER SERVICE GRAND JUNCTION CO
530 PM MDT MON MAY 25 2015


...................................

...THE CANYONLANDS AIRPORT UT CLIMATE SUMMARY FOR MAY 25 2015...
VALID TODAY AS OF 0500 PM LOCAL TIME.

CLIMATE NORMAL PERIOD 1981 TO 2010
CLIMATE RECORD PERIOD 9999 TO 9999


WEATHER ITEM   OBSERVED TIME   RECORD YEAR NORMAL DEPARTURE LAST
                VALUE   (LST)  VALUE       VALUE  FROM      YEAR
                                                  NORMAL
..................................................................
TEMPERATURE (F)
 TODAY
  MAXIMUM         74    123 PM  MM      MM  82     -8       67
  MINIMUM         47    504 AM  MM      MM  49     -2       54
  AVERAGE         61                        66     -5       61

PRECIPITATION (IN)
  TODAY            0.00         MM      MM   0.02  -0.02     0.11
  MONTH TO DATE    1.33                      0.49   0.84     1.44
  SINCE MAR 1      1.95                      1.95   0.00     2.05
  SINCE JAN 1      2.52                      3.11  -0.59     2.38

SNOWFALL (IN)
  TODAY           MM            MM      MM  MM     MM       MM
  MONTH TO DATE   MM                        MM     MM       MM
  SINCE MAR 1     MM                        MM     MM       MM
  SINCE JUL 1     MM                        MM     MM       MM
  SNOW DEPTH      MM

DEGREE DAYS
 HEATING
  TODAY            4                         2      2        4
  MONTH TO DATE  129                       123      6      148
  SINCE MAR 1   1012                      1139   -127     1062
  SINCE JUL 1   4729                      5548   -819     5810

 COOLING
  TODAY            0                         3     -3        0
  MONTH TO DATE   13                        36    -23       38
  SINCE MAR 1     14                        39    -25       41
  SINCE JAN 1     14                        39    -25       41
..................................................................


WIND (MPH)
  HIGHEST WIND SPEED    20   HIGHEST WIND DIRECTION    NE (30)
  HIGHEST GUST SPEED    24   HIGHEST GUST DIRECTION    NE (40)
  AVERAGE WIND SPEED     6.5


SKY COVER
  POSSIBLE SUNSHINE  MM
  AVERAGE SKY COVER 0.4


WEATHER CONDITIONS
 THE FOLLOWING WEATHER WAS RECORDED TODAY.
  NO SIGNIFICANT WEATHER WAS OBSERVED.


RELATIVE HUMIDITY (PERCENT)
 HIGHEST    80           500 AM
 LOWEST     31           100 PM
 AVERAGE    56

..........................................................


THE CANYONLANDS AIRPORT UT CLIMATE NORMALS FOR TOMORROW
                         NORMAL    RECORD    YEAR
 MAXIMUM TEMPERATURE (F)   83        MM        MM
 MINIMUM TEMPERATURE (F)   50        MM        MM


SUNRISE AND SUNSET
MAY 25 2015...........SUNRISE   600 AM MDT   SUNSET   833 PM MDT
MAY 26 2015...........SUNRISE   559 AM MDT   SUNSET   834 PM MDT


-  INDICATES NEGATIVE NUMBERS.
R  INDICATES RECORD WAS SET OR TIED.
MM INDICATES DATA IS MISSING.
T  INDICATES TRACE AMOUNT.




$$
