000
CDUS45 KGJT 120825
CLICNY


CLIMATE REPORT
NATIONAL WEATHER SERVICE GRAND JUNCTION CO
124 AM MST TUE DEC 12 2017


...................................

...THE CANYONLANDS AIRPORT UT CLIMATE SUMMARY FOR DECEMBER 11 2017...

CLIMATE NORMAL PERIOD 1981 TO 2010
CLIMATE RECORD PERIOD 9999 TO 9999


WEATHER ITEM   OBSERVED TIME   RECORD YEAR NORMAL DEPARTURE LAST
                VALUE   (LST)  VALUE       VALUE  FROM      YEAR
                                                  NORMAL
..................................................................
TEMPERATURE (F)
 YESTERDAY
  MAXIMUM         48    222 PM  MM      MM  38     10       52
  MINIMUM          9    623 AM  MM      MM  17     -8       25
  AVERAGE         29                        27      2       39

PRECIPITATION (IN)
  YESTERDAY        0.00         MM      MM   0.02  -0.02      T
  MONTH TO DATE    0.00                      0.18  -0.18      T
  SINCE DEC 1      0.00                      0.18  -0.18      T
  SINCE JAN 1      4.06                      8.38  -4.32     6.21

SNOWFALL (IN)
  YESTERDAY       MM            MM      MM  MM     MM       MM
  MONTH TO DATE   MM                        MM     MM       MM
  SINCE DEC 1     MM                        MM     MM       MM
  SINCE JUL 1     MM                        MM     MM       MM
  SNOW DEPTH      MM

DEGREE DAYS
 HEATING
  YESTERDAY       36                        38     -2       26
  MONTH TO DATE  356                       395    -39      383
  SINCE DEC 1    356                       395    -39      383
  SINCE JUL 1   1368                      1604   -236     1152

 COOLING
  YESTERDAY        0                         0      0        0
  MONTH TO DATE    0                         0      0        0
  SINCE DEC 1      0                         0      0        0
  SINCE JAN 1   1729                      1289    440     1627
..................................................................


WIND (MPH)
  HIGHEST WIND SPEED    12   HIGHEST WIND DIRECTION    NW (330)
  HIGHEST GUST SPEED    13   HIGHEST GUST DIRECTION    NW (330)
  AVERAGE WIND SPEED     2.9


SKY COVER
  POSSIBLE SUNSHINE  MM
  AVERAGE SKY COVER 0.0


WEATHER CONDITIONS
 THE FOLLOWING WEATHER WAS RECORDED YESTERDAY.
  NO SIGNIFICANT WEATHER WAS OBSERVED.


RELATIVE HUMIDITY (PERCENT)
 HIGHEST    64           800 AM
 LOWEST     17           300 PM
 AVERAGE    41

..........................................................


THE CANYONLANDS AIRPORT UT CLIMATE NORMALS FOR TODAY
                         NORMAL    RECORD    YEAR
 MAXIMUM TEMPERATURE (F)   38        MM        MM
 MINIMUM TEMPERATURE (F)   17        MM        MM


SUNRISE AND SUNSET
DECEMBER 12 2017......SUNRISE   728 AM MST   SUNSET   458 PM MST
DECEMBER 13 2017......SUNRISE   729 AM MST   SUNSET   458 PM MST


-  INDICATES NEGATIVE NUMBERS.
R  INDICATES RECORD WAS SET OR TIED.
MM INDICATES DATA IS MISSING.
T  INDICATES TRACE AMOUNT.




$$
