000
CDUS41 KGYX 252144
CLICON


CLIMATE REPORT
NATIONAL WEATHER SERVICE GRAY ME
444 PM EST SUN FEB 25 2018


...................................

...THE CONCORD NH CLIMATE SUMMARY FOR FEBRUARY 25 2018...
VALID TODAY AS OF 0400 PM LOCAL TIME.

CLIMATE NORMAL PERIOD 1981 TO 2010
CLIMATE RECORD PERIOD 1868 TO 2018


WEATHER ITEM   OBSERVED TIME   RECORD YEAR NORMAL DEPARTURE LAST
                VALUE   (LST)  VALUE       VALUE  FROM      YEAR
                                                  NORMAL
..................................................................
TEMPERATURE (F)
 TODAY
  MAXIMUM         36    250 PM  68    2017  38     -2       68
  MINIMUM         26    250 AM -19    1894  16     10       41
  AVERAGE         31                        27      4       55

PRECIPITATION (IN)
  TODAY            0.32          2.11 1981   0.10   0.22     0.29
  MONTH TO DATE    3.61                      2.31   1.30     2.71
  SINCE DEC 1      9.86                      8.21   1.65     8.27
  SINCE JAN 1      6.79                      5.01   1.78     4.95

SNOWFALL (IN)
  TODAY            1.7          13.9  1981   0.4    1.3      0.0
  MONTH TO DATE   20.6                      11.1    9.5     24.2
  SINCE DEC 1     58.6                      43.7   14.9     56.3
  SINCE JUL 1     59.2                      46.3   12.9     57.0
  SNOW DEPTH       7

DEGREE DAYS
 HEATING
  TODAY           34                        38     -4       10
  MONTH TO DATE  877                      1025   -148      887
  SINCE DEC 1   3522                      3587    -65     3162
  SINCE JUL 1   4723                      5147   -424     4414

 COOLING
  TODAY            0                         0      0        0
  MONTH TO DATE    0                         0      0        0
  SINCE DEC 1      0                         0      0        0
  SINCE JAN 1      0                         0      0        0
..................................................................


WIND (MPH)
  HIGHEST WIND SPEED    12   HIGHEST WIND DIRECTION    SE (120)
  HIGHEST GUST SPEED    16   HIGHEST GUST DIRECTION    SE (130)
  AVERAGE WIND SPEED     3.9


SKY COVER
  POSSIBLE SUNSHINE  MM
  AVERAGE SKY COVER 0.7


WEATHER CONDITIONS
 THE FOLLOWING WEATHER WAS RECORDED TODAY.
  LIGHT RAIN
  HEAVY SNOW
  SNOW
  LIGHT SNOW
  FOG
  FOG W/VISIBILITY <= 1/4 MILE


RELATIVE HUMIDITY (PERCENT)
 HIGHEST    96           100 PM
 LOWEST     63           500 AM
 AVERAGE    80

..........................................................


THE CONCORD NH CLIMATE NORMALS FOR TOMORROW
                         NORMAL    RECORD    YEAR
 MAXIMUM TEMPERATURE (F)   38        66      1957
 MINIMUM TEMPERATURE (F)   17       -15      1993
                                             1950


SUNRISE AND SUNSET
FEBRUARY 25 2018......SUNRISE   629 AM EST   SUNSET   530 PM EST
FEBRUARY 26 2018......SUNRISE   627 AM EST   SUNSET   531 PM EST


-  INDICATES NEGATIVE NUMBERS.
R  INDICATES RECORD WAS SET OR TIED.
MM INDICATES DATA IS MISSING.
T  INDICATES TRACE AMOUNT.




$$
