894
CDUS41 KGYX 282043
CLICON


CLIMATE REPORT
NATIONAL WEATHER SERVICE GRAY ME
443 PM EDT WED SEP 28 2016


...................................

...THE CONCORD NH CLIMATE SUMMARY FOR SEPTEMBER 28 2016...
VALID TODAY AS OF 0400 PM LOCAL TIME.

CLIMATE NORMAL PERIOD 1981 TO 2010
CLIMATE RECORD PERIOD 1868 TO 2016


WEATHER ITEM   OBSERVED TIME   RECORD YEAR NORMAL DEPARTURE LAST
                VALUE   (LST)  VALUE       VALUE  FROM      YEAR
                                                  NORMAL
..................................................................
TEMPERATURE (F)
 TODAY
  MAXIMUM         58    248 PM  90    1873  68    -10       79
  MINIMUM         51   1207 AM  21    1947  42      9       39
  AVERAGE         55                        55      0       59

PRECIPITATION (IN)
  TODAY            0.00          1.15 2012   0.12  -0.12     0.00
  MONTH TO DATE    2.94                      3.12  -0.18     1.54
  SINCE SEP 1      2.94                      3.12  -0.18     1.54
  SINCE JAN 1     21.12                     29.39  -8.27    24.88

SNOWFALL (IN)
  TODAY            0.0           0.0  2002   0.0    0.0      0.0
                                      2001
                                      2000
  MONTH TO DATE    0.0                       0.0    0.0      0.0
  SINCE SEP 1      0.0                       0.0    0.0      0.0
  SINCE JUL 1      0.0                       0.0    0.0      0.0
  SNOW DEPTH       0

DEGREE DAYS
 HEATING
  TODAY           10                        10      0        6
  MONTH TO DATE   75                       164    -89       76
  SINCE SEP 1     75                       164    -89       76
  SINCE JUL 1     87                       212   -125       84

 COOLING
  TODAY            0                         0      0        0
  MONTH TO DATE   91                        37     54       89
  SINCE SEP 1     91                        37     54       89
  SINCE JAN 1    715                       450    265      589
..................................................................


WIND (MPH)
  HIGHEST WIND SPEED    14   HIGHEST WIND DIRECTION     E (70)
  HIGHEST GUST SPEED    21   HIGHEST GUST DIRECTION    NE (40)
  AVERAGE WIND SPEED     5.8


SKY COVER
  POSSIBLE SUNSHINE  MM
  AVERAGE SKY COVER 1.0


WEATHER CONDITIONS
 THE FOLLOWING WEATHER WAS RECORDED TODAY.
  FOG


RELATIVE HUMIDITY (PERCENT)
 HIGHEST    93           100 AM
 LOWEST     67           300 PM
 AVERAGE    80

..........................................................


THE CONCORD NH CLIMATE NORMALS FOR TOMORROW
                         NORMAL    RECORD    YEAR
 MAXIMUM TEMPERATURE (F)   67        86      1952
 MINIMUM TEMPERATURE (F)   42        25      1947


SUNRISE AND SUNSET
SEPTEMBER 28 2016.....SUNRISE   640 AM EDT   SUNSET   632 PM EDT
SEPTEMBER 29 2016.....SUNRISE   642 AM EDT   SUNSET   630 PM EDT


-  INDICATES NEGATIVE NUMBERS.
R  INDICATES RECORD WAS SET OR TIED.
MM INDICATES DATA IS MISSING.
T  INDICATES TRACE AMOUNT.




$$
