000
CDUS41 KGYX 242040
CLICON


CLIMATE REPORT
NATIONAL WEATHER SERVICE GRAY ME
440 PM EDT WED MAY 24 2017


...................................

...THE CONCORD NH CLIMATE SUMMARY FOR MAY 24 2017...
VALID TODAY AS OF 0400 PM LOCAL TIME.

CLIMATE NORMAL PERIOD 1981 TO 2010
CLIMATE RECORD PERIOD 1868 TO 2017


WEATHER ITEM   OBSERVED TIME   RECORD YEAR NORMAL DEPARTURE LAST
                VALUE   (LST)  VALUE       VALUE  FROM      YEAR
                                                  NORMAL
..................................................................
TEMPERATURE (F)
 TODAY
  MAXIMUM         72    259 PM  91    2007  71      1       66
                                      1991
                                      1977
  MINIMUM         50    509 AM  29    1971  45      5       56
                                      1965
  AVERAGE         61                        58      3       61

PRECIPITATION (IN)
  TODAY            0.00          2.04 1979   0.13  -0.13     0.71
  MONTH TO DATE    4.36                      2.77   1.59     2.49
  SINCE MAR 1     12.57                      9.45   3.12     6.81
  SINCE JAN 1     17.52                     14.77   2.75    12.56

SNOWFALL (IN)
  TODAY            0.0           0.0  2002   0.0    0.0      0.0
                                      2001
                                      2000
  MONTH TO DATE    0.0                       0.2   -0.2      0.0
  SINCE MAR 1     29.3                      14.1   15.2      5.0
  SINCE JUL 1     86.3                      61.6   24.7     29.7
  SNOW DEPTH       0

DEGREE DAYS
 HEATING
  TODAY            4                         8     -4        4
  MONTH TO DATE  273                       258     15      259
  SINCE MAR 1   1847                      1845      2     1667
  SINCE JUL 1   6345                      7105   -760     6016

 COOLING
  TODAY            0                         1     -1        0
  MONTH TO DATE   24                         7     17        0
  SINCE MAR 1     32                         9     23        0
  SINCE JAN 1     32                         9     23        0
..................................................................


WIND (MPH)
  HIGHEST WIND SPEED    10   HIGHEST WIND DIRECTION    SE (150)
  HIGHEST GUST SPEED    14   HIGHEST GUST DIRECTION     S (160)
  AVERAGE WIND SPEED     2.4


SKY COVER
  POSSIBLE SUNSHINE  MM
  AVERAGE SKY COVER 0.1


WEATHER CONDITIONS
 THE FOLLOWING WEATHER WAS RECORDED TODAY.
  NO SIGNIFICANT WEATHER WAS OBSERVED.


RELATIVE HUMIDITY (PERCENT)
 HIGHEST    96           600 AM
 LOWEST     44           300 PM
 AVERAGE    70

..........................................................


THE CONCORD NH CLIMATE NORMALS FOR TOMORROW
                         NORMAL    RECORD    YEAR
 MAXIMUM TEMPERATURE (F)   72        93      2007
 MINIMUM TEMPERATURE (F)   46        24      1956


SUNRISE AND SUNSET
MAY 24 2017...........SUNRISE   514 AM EDT   SUNSET   812 PM EDT
MAY 25 2017...........SUNRISE   513 AM EDT   SUNSET   813 PM EDT


-  INDICATES NEGATIVE NUMBERS.
R  INDICATES RECORD WAS SET OR TIED.
MM INDICATES DATA IS MISSING.
T  INDICATES TRACE AMOUNT.




$$
