000
CDUS41 KGYX 121429
CLICON


CLIMATE REPORT
NATIONAL WEATHER SERVICE GRAY ME
929 AM EST FRI FEB 12 2016


...................................

...THE CONCORD NH CLIMATE SUMMARY FOR FEBRUARY 11 2016...

CLIMATE NORMAL PERIOD 1981 TO 2010
CLIMATE RECORD PERIOD 1868 TO 2016


WEATHER ITEM   OBSERVED TIME   RECORD YEAR NORMAL DEPARTURE LAST
                VALUE   (LST)  VALUE       VALUE  FROM      YEAR
                                                  NORMAL
..................................................................
TEMPERATURE (F)
 YESTERDAY
  MAXIMUM         27   1221 AM  60    1981  34     -7       26
  MINIMUM          6   1159 PM -23    1948  13     -7       -5
  AVERAGE         17                        23     -6       11

PRECIPITATION (IN)
  YESTERDAY        T             0.93 1955   0.10  -0.10     0.00
  MONTH TO DATE    1.59                      1.01   0.58     1.82
  SINCE DEC 1      7.73                      6.91   0.82    10.25
  SINCE JAN 1      2.95                      3.71  -0.76     5.09

SNOWFALL (IN)
  YESTERDAY       MM             9.9  1921   0.5   MM        0.0
  MONTH TO DATE    8.3                       5.2    3.1     23.5
  SINCE DEC 1     20.3                      37.8  -17.5     52.3
  SINCE JUL 1     20.3                      40.4  -20.1     65.2
  SNOW DEPTH       0

DEGREE DAYS
 HEATING
  YESTERDAY       48                        42      6       54
  MONTH TO DATE  384                       469    -85      564
  SINCE DEC 1   2392                      3031   -639     3041
  SINCE JUL 1   3672                      4591   -919     4545

 COOLING
  YESTERDAY        0                         0      0        0
  MONTH TO DATE    0                         0      0        0
  SINCE DEC 1      0                         0      0        0
  SINCE JAN 1      0                         0      0        0
..................................................................


WIND (MPH)
  RESULTANT WIND SPEED   9   RESULTANT WIND DIRECTION   W (290)
  HIGHEST WIND SPEED    23   HIGHEST WIND DIRECTION    NW (310)
  HIGHEST GUST SPEED    34   HIGHEST GUST DIRECTION    NW (310)
  AVERAGE WIND SPEED    10.4


SKY COVER
  AVERAGE SKY COVER 0.6


WEATHER CONDITIONS
 THE FOLLOWING WEATHER WAS RECORDED YESTERDAY.
  LIGHT SNOW
  HAZE


RELATIVE HUMIDITY (PERCENT)
 HIGHEST    88           500 AM
 LOWEST     46          1200 PM
 AVERAGE    67

..........................................................


THE CONCORD NH CLIMATE NORMALS FOR TODAY
                         NORMAL    RECORD    YEAR
 MAXIMUM TEMPERATURE (F)   34        68      1872
 MINIMUM TEMPERATURE (F)   13       -19      1962


SUNRISE AND SUNSET
FEBRUARY 12 2016......SUNRISE   649 AM EST   SUNSET   512 PM EST
FEBRUARY 13 2016......SUNRISE   647 AM EST   SUNSET   514 PM EST


-  INDICATES NEGATIVE NUMBERS.
R  INDICATES RECORD WAS SET OR TIED.
MM INDICATES DATA IS MISSING.
T  INDICATES TRACE AMOUNT.




$$
