000
CDUS41 KGYX 250803
CLICON


CLIMATE REPORT
NATIONAL WEATHER SERVICE GRAY ME
402 AM EDT TUE APR 25 2017


...................................

...THE CONCORD NH CLIMATE SUMMARY FOR APRIL 24 2017...

CLIMATE NORMAL PERIOD 1981 TO 2010
CLIMATE RECORD PERIOD 1868 TO 2017


WEATHER ITEM   OBSERVED TIME   RECORD YEAR NORMAL DEPARTURE LAST
                VALUE   (LST)  VALUE       VALUE  FROM      YEAR
                                                  NORMAL
..................................................................
TEMPERATURE (F)
 YESTERDAY
  MAXIMUM         77        MM  88    2001  62     15       58
  MINIMUM         33        MM  21    1971  35     -2       31
  AVERAGE         55                        48      7       45

PRECIPITATION (IN)
  YESTERDAY        0.00          1.55 1983   0.11  -0.11     0.00
  MONTH TO DATE    3.30                      2.72   0.58     1.30
  SINCE MAR 1      7.28                      5.99   1.29     3.97
  SINCE JAN 1     12.23                     11.31   0.92     9.72

SNOWFALL (IN)
  YESTERDAY        0.0           4.5  1928   0.1   -0.1      0.0
  MONTH TO DATE    6.9                       2.7    4.2      2.7
  SINCE MAR 1     29.3                      13.8   15.5      5.0
  SINCE JUL 1     86.3                      61.3   25.0     29.7
  SNOW DEPTH       0

DEGREE DAYS
 HEATING
  YESTERDAY       10                        17     -7       20
  MONTH TO DATE  420                       508    -88      509
  SINCE MAR 1   1524                      1495     29     1291
  SINCE JUL 1   6022                      6755   -733     5640

 COOLING
  YESTERDAY        0                         0      0        0
  MONTH TO DATE    2                         0      2        0
  SINCE MAR 1      2                         0      2        0
  SINCE JAN 1      2                         0      2        0
..................................................................


WIND (MPH)
  RESULTANT WIND SPEED   1   RESULTANT WIND DIRECTION   E (80)
  HIGHEST WIND SPEED     9   HIGHEST WIND DIRECTION    SE (140)
  HIGHEST GUST SPEED    MM   HIGHEST GUST DIRECTION    MM
  AVERAGE WIND SPEED     3.0


SKY COVER
  AVERAGE SKY COVER 0.0


WEATHER CONDITIONS
 THE FOLLOWING WEATHER WAS RECORDED YESTERDAY.
  NO SIGNIFICANT WEATHER WAS OBSERVED.


RELATIVE HUMIDITY (PERCENT)
 HIGHEST    92           100 AM
 LOWEST     21           400 PM
 AVERAGE    57

..........................................................


THE CONCORD NH CLIMATE NORMALS FOR TODAY
                         NORMAL    RECORD    YEAR
 MAXIMUM TEMPERATURE (F)   62        90      2009
 MINIMUM TEMPERATURE (F)   36        18      1965


SUNRISE AND SUNSET
APRIL 25 2017.........SUNRISE   548 AM EDT   SUNSET   741 PM EDT
APRIL 26 2017.........SUNRISE   546 AM EDT   SUNSET   742 PM EDT


-  INDICATES NEGATIVE NUMBERS.
R  INDICATES RECORD WAS SET OR TIED.
MM INDICATES DATA IS MISSING.
T  INDICATES TRACE AMOUNT.




$$
