558
CDUS41 KGYX 122146
CLICON


CLIMATE REPORT
NATIONAL WEATHER SERVICE GRAY ME
446 PM EST TUE DEC 12 2017


...................................

...THE CONCORD NH CLIMATE SUMMARY FOR DECEMBER 12 2017...
VALID TODAY AS OF 0400 PM LOCAL TIME.

CLIMATE NORMAL PERIOD 1981 TO 2010
CLIMATE RECORD PERIOD 1868 TO 2017


WEATHER ITEM   OBSERVED TIME   RECORD YEAR NORMAL DEPARTURE LAST
                VALUE   (LST)  VALUE       VALUE  FROM      YEAR
                                                  NORMAL
..................................................................
TEMPERATURE (F)
 TODAY
  MAXIMUM         29    259 PM  67    1979  37     -8       35
  MINIMUM         26   1124 AM -17    1917  19      7       20
  AVERAGE         28                        28      0       28

PRECIPITATION (IN)
  TODAY            0.48          1.63 2010   0.11   0.37     0.51
                                      1952
  MONTH TO DATE    1.32                      1.33  -0.01     1.60
  SINCE DEC 1      1.32                      1.33  -0.01     1.60
  SINCE JAN 1     42.16                     38.74   3.42    31.35

SNOWFALL (IN)
  TODAY            3.3          11.5  1960   0.4    2.9      4.5
  MONTH TO DATE    8.0                       4.8    3.2      7.7
  SINCE DEC 1      8.0                       4.8    3.2      7.7
  SINCE JUL 1      8.6                       7.4    1.2      8.4
  SNOW DEPTH       4

DEGREE DAYS
 HEATING
  TODAY           37                        37      0       37
  MONTH TO DATE  385                       417    -32      406
  SINCE DEC 1    385                       417    -32      406
  SINCE JUL 1   1586                      1977   -391     1658

 COOLING
  TODAY            0                         0      0        0
  MONTH TO DATE    0                         0      0        0
  SINCE DEC 1      0                         0      0        0
  SINCE JAN 1    564                       452    112      715
..................................................................


WIND (MPH)
  HIGHEST WIND SPEED    12   HIGHEST WIND DIRECTION     E (80)
  HIGHEST GUST SPEED    15   HIGHEST GUST DIRECTION     E (80)
  AVERAGE WIND SPEED     4.7


SKY COVER
  POSSIBLE SUNSHINE  MM
  AVERAGE SKY COVER 1.0


WEATHER CONDITIONS
 THE FOLLOWING WEATHER WAS RECORDED TODAY.
  FREEZING RAIN
  LT FREEZING RAIN
  SNOW
  LIGHT SNOW
  FOG
  FOG W/VISIBILITY <= 1/4 MILE


RELATIVE HUMIDITY (PERCENT)
 HIGHEST    92           500 AM
 LOWEST     75          1200 AM
 AVERAGE    84

..........................................................


THE CONCORD NH CLIMATE NORMALS FOR TOMORROW
                         NORMAL    RECORD    YEAR
 MAXIMUM TEMPERATURE (F)   37        61      1923
 MINIMUM TEMPERATURE (F)   18       -13      1895


SUNRISE AND SUNSET
DECEMBER 12 2017......SUNRISE   709 AM EST   SUNSET   411 PM EST
DECEMBER 13 2017......SUNRISE   710 AM EST   SUNSET   411 PM EST


-  INDICATES NEGATIVE NUMBERS.
R  INDICATES RECORD WAS SET OR TIED.
MM INDICATES DATA IS MISSING.
T  INDICATES TRACE AMOUNT.




$$
