000
CDUS41 KGYX 010806
CLICON


CLIMATE REPORT
NATIONAL WEATHER SERVICE GRAY ME
405 AM EDT SAT AUG 1 2015


...................................

...THE CONCORD NH CLIMATE SUMMARY FOR JULY 31 2015...

CLIMATE NORMAL PERIOD 1981 TO 2010
CLIMATE RECORD PERIOD 1868 TO 2015


WEATHER ITEM   OBSERVED TIME   RECORD YEAR NORMAL DEPARTURE LAST
                VALUE   (LST)  VALUE       VALUE  FROM      YEAR
                                                  NORMAL
..................................................................
TEMPERATURE (F)
 YESTERDAY
  MAXIMUM         87    203 PM  95    1917  83      4       79
  MINIMUM         59   1159 PM  41    1932  58      1       52
  AVERAGE         73                        70      3       66

PRECIPITATION (IN)
  YESTERDAY        0.00          1.20 1985   0.12  -0.12     0.25
                                      1927
  MONTH TO DATE    2.03                      3.74  -1.71     7.49
  SINCE JUN 1      7.33                      7.43  -0.10    11.32
  SINCE JAN 1     17.78                     23.09  -5.31    29.06

SNOWFALL (IN)
  YESTERDAY        0.0           0.0  2002   0.0    0.0      0.0
                                      2001
                                      2000
  MONTH TO DATE    0.0                       0.0    0.0      0.0
  SINCE JUN 1      0.0                       0.0    0.0      0.0
  SINCE JUL 1      0.0                       0.0    0.0      0.0
  SNOW DEPTH       0

DEGREE DAYS
 HEATING
  YESTERDAY        0                         0      0        0
  MONTH TO DATE    8                        13     -5        0
  SINCE JUN 1    103                       102      1       56
  SINCE JUL 1      8                        17     -9        0

 COOLING
  YESTERDAY        8                         6      2        1
  MONTH TO DATE  194                       172     22      175
  SINCE JUN 1    259                       256      3      248
  SINCE JAN 1    325                       274     51      250
..................................................................


WIND (MPH)
  RESULTANT WIND SPEED   4   RESULTANT WIND DIRECTION   W (270)
  HIGHEST WIND SPEED    21   HIGHEST WIND DIRECTION    NW (320)
  HIGHEST GUST SPEED    27   HIGHEST GUST DIRECTION    NW (310)
  AVERAGE WIND SPEED     6.3


SKY COVER
  AVERAGE SKY COVER 0.0


WEATHER CONDITIONS
 THE FOLLOWING WEATHER WAS RECORDED YESTERDAY.
  FOG


RELATIVE HUMIDITY (PERCENT)
 HIGHEST    93           400 AM
 LOWEST     30           100 PM
 AVERAGE    62

..........................................................


THE CONCORD NH CLIMATE NORMALS FOR TODAY
                         NORMAL    RECORD    YEAR
 MAXIMUM TEMPERATURE (F)   83        99      1917
 MINIMUM TEMPERATURE (F)   58        40      1896


SUNRISE AND SUNSET
AUGUST  1 2015........SUNRISE   536 AM EDT   SUNSET   808 PM EDT
AUGUST  2 2015........SUNRISE   537 AM EDT   SUNSET   807 PM EDT


-  INDICATES NEGATIVE NUMBERS.
R  INDICATES RECORD WAS SET OR TIED.
MM INDICATES DATA IS MISSING.
T  INDICATES TRACE AMOUNT.




$$
