472
CDUS45 KPUB 241043
CLICOS


CLIMATE REPORT
NATIONAL WEATHER SERVICE PUEBLO
443 AM MDT FRI MAR 24 2017


...................................

...THE COLORADO SPRINGS CO CLIMATE SUMMARY FOR MARCH 23 2017...

CLIMATE NORMAL PERIOD 1981 TO 2010
CLIMATE RECORD PERIOD 1872 TO 2017


WEATHER ITEM   OBSERVED TIME   RECORD YEAR NORMAL DEPARTURE LAST
                VALUE   (LST)  VALUE       VALUE  FROM      YEAR
                                                  NORMAL
..................................................................
TEMPERATURE (F)
 YESTERDAY
  MAXIMUM         73    252 PM  76    1967  54     19       48
  MINIMUM         37    422 AM  -5    1898  28      9       24
  AVERAGE         55                        41     14       36

PRECIPITATION (IN)
  YESTERDAY        0.02          0.60 1919   0.04  -0.02     0.12
  MONTH TO DATE    0.02                      0.72  -0.70     0.29
  SINCE MAR 1      0.02                      0.72  -0.70     0.29
  SINCE JAN 1      0.41                      1.38  -0.97     1.83

SNOWFALL (IN)
  YESTERDAY        0.0           5.3  2010   0.3   -0.3      0.9
  MONTH TO DATE    0.0                       6.0   -6.0      3.2
  SINCE MAR 1      0.0                       6.0   -6.0      3.2
  SINCE JUL 1     13.4                      30.0  -16.6     30.3
  SNOW DEPTH       0

DEGREE DAYS
 HEATING
  YESTERDAY       10                        24    -14       29
  MONTH TO DATE  385                       619   -234      493
  SINCE MAR 1    385                       619   -234      493
  SINCE JUL 1   4138                      5182  -1044     4396

 COOLING
  YESTERDAY        0                         0      0        0
  MONTH TO DATE    0                         0      0        0
  SINCE MAR 1      0                         0      0        0
  SINCE JAN 1      0                         0      0        0
..................................................................


WIND (MPH)
  HIGHEST WIND SPEED    52   HIGHEST WIND DIRECTION     N (10)
  HIGHEST GUST SPEED    65   HIGHEST GUST DIRECTION     N (20)
  AVERAGE WIND SPEED    19.6


SKY COVER
  POSSIBLE SUNSHINE  MM
  AVERAGE SKY COVER 0.5


WEATHER CONDITIONS
 THE FOLLOWING WEATHER WAS RECORDED YESTERDAY.
  LIGHT RAIN
  SANDSTORM


RELATIVE HUMIDITY (PERCENT)
 HIGHEST    79           500 AM
 LOWEST      8           100 PM
 AVERAGE    44

..........................................................


THE COLORADO SPRINGS CO CLIMATE NORMALS FOR TODAY
                         NORMAL    RECORD    YEAR
 MAXIMUM TEMPERATURE (F)   54        74      2012
 MINIMUM TEMPERATURE (F)   28         2      1965


SUNRISE AND SUNSET
MARCH 24 2017.........SUNRISE   656 AM MDT   SUNSET   715 PM MDT
MARCH 25 2017.........SUNRISE   654 AM MDT   SUNSET   716 PM MDT


-  INDICATES NEGATIVE NUMBERS.
R  INDICATES RECORD WAS SET OR TIED.
MM INDICATES DATA IS MISSING.
T  INDICATES TRACE AMOUNT.




$$
