000
CDUS45 KPUB 210021
CLICOS


CLIMATE REPORT
NATIONAL WEATHER SERVICE PUEBLO
621 PM MDT MON OCT 20 2014


...................................

...THE COLORADO SPRINGS CO CLIMATE SUMMARY FOR OCTOBER 20 2014...
VALID TODAY AS OF 0500 PM LOCAL TIME.

CLIMATE NORMAL PERIOD 1981 TO 2010
CLIMATE RECORD PERIOD 1872 TO 2014


WEATHER ITEM   OBSERVED TIME   RECORD YEAR NORMAL DEPARTURE LAST
                VALUE   (LST)  VALUE       VALUE  FROM      YEAR
                                                  NORMAL
..................................................................
TEMPERATURE (F)
 TODAY
  MAXIMUM         69    257 PM  79    2012  62      7       56
                                      2007
                                      2003
  MINIMUM         41    619 AM  17    1916  35      6       36
  AVERAGE         55                        48      7       46

PRECIPITATION (IN)
  TODAY            0.00          0.40 1996   0.03  -0.03     0.03
  MONTH TO DATE    2.96                      0.56   2.40     0.39
  SINCE SEP 1      3.57                      1.75   1.82     5.19
  SINCE JAN 1     16.62                     15.54   1.08    18.85

SNOWFALL (IN)
  TODAY            0.0           4.0  1996   0.2   -0.2      0.0
  MONTH TO DATE    T                         1.6   -1.6      0.2
  SINCE SEP 1      T                         1.8   -1.8      0.2
  SINCE JUL 1      T                         1.8   -1.8      0.2
  SNOW DEPTH       0

DEGREE DAYS
 HEATING
  TODAY           10                        17     -7       19
  MONTH TO DATE  224                       276    -52      307
  SINCE SEP 1    311                       435   -124      380
  SINCE JUL 1    341                       466   -125      390

 COOLING
  TODAY            0                         0      0        0
  MONTH TO DATE    0                         0      0        0
  SINCE SEP 1     60                        36     24       92
  SINCE JAN 1    487                       454     33      694
..................................................................


WIND (MPH)
  HIGHEST WIND SPEED    24   HIGHEST WIND DIRECTION     S (170)
  HIGHEST GUST SPEED    30   HIGHEST GUST DIRECTION     S (160)
  AVERAGE WIND SPEED     8.9


SKY COVER
  POSSIBLE SUNSHINE  MM
  AVERAGE SKY COVER 0.1


WEATHER CONDITIONS
 THE FOLLOWING WEATHER WAS RECORDED TODAY.
  NO SIGNIFICANT WEATHER WAS OBSERVED.


RELATIVE HUMIDITY (PERCENT)
 HIGHEST    79           600 AM
 LOWEST     26           300 PM
 AVERAGE    53

..........................................................


THE COLORADO SPRINGS CO CLIMATE NORMALS FOR TOMORROW
                         NORMAL    RECORD    YEAR
 MAXIMUM TEMPERATURE (F)   61        84      2003
 MINIMUM TEMPERATURE (F)   34        11      1911


SUNRISE AND SUNSET
OCTOBER 20 2014.......SUNRISE   713 AM MDT   SUNSET   613 PM MDT
OCTOBER 21 2014.......SUNRISE   714 AM MDT   SUNSET   612 PM MDT


-  INDICATES NEGATIVE NUMBERS.
R  INDICATES RECORD WAS SET OR TIED.
MM INDICATES DATA IS MISSING.
T  INDICATES TRACE AMOUNT.




$$
