000
CDUS45 KPUB 100021
CLICOS


CLIMATE REPORT
NATIONAL WEATHER SERVICE PUEBLO
521 PM MST FRI DEC 9 2016


...................................

...THE COLORADO SPRINGS CO CLIMATE SUMMARY FOR DECEMBER 9 2016...
VALID TODAY AS OF 0500 PM LOCAL TIME.

CLIMATE NORMAL PERIOD 1981 TO 2010
CLIMATE RECORD PERIOD 1872 TO 2016


WEATHER ITEM   OBSERVED TIME   RECORD YEAR NORMAL DEPARTURE LAST
                VALUE   (LST)  VALUE       VALUE  FROM      YEAR
                                                  NORMAL
..................................................................
TEMPERATURE (F)
 TODAY
  MAXIMUM         51    139 PM  70    1957  42      9       62
  MINIMUM          2    322 AM -27    1919  18    -16       31
  AVERAGE         27                        30     -3       47

PRECIPITATION (IN)
  TODAY            T             0.35 1945   0.01  -0.01     0.00
  MONTH TO DATE    0.13                      0.11   0.02     0.02
  SINCE DEC 1      0.13                      0.11   0.02     0.02
  SINCE JAN 1     13.80                     16.31  -2.51    25.02

SNOWFALL (IN)
  TODAY            T             3.3  2012   0.2   -0.2      0.0
  MONTH TO DATE    2.4                       1.7    0.7       T
  SINCE DEC 1      2.4                       1.7    0.7       T
  SINCE JUL 1      2.4                       9.5   -7.1      5.8
  SNOW DEPTH       T

DEGREE DAYS
 HEATING
  TODAY           38                        35      3       18
  MONTH TO DATE  371                       308     63      233
  SINCE DEC 1    371                       308     63      233
  SINCE JUL 1   1274                      1789   -515     1336

 COOLING
  TODAY            0                         0      0        0
  MONTH TO DATE    0                         0      0        0
  SINCE DEC 1      0                         0      0        0
  SINCE JAN 1    710                       455    255      617
..................................................................


WIND (MPH)
  HIGHEST WIND SPEED    15   HIGHEST WIND DIRECTION     N (20)
  HIGHEST GUST SPEED    19   HIGHEST GUST DIRECTION     N (360)
  AVERAGE WIND SPEED     6.3


SKY COVER
  POSSIBLE SUNSHINE  MM
  AVERAGE SKY COVER 0.6


WEATHER CONDITIONS
 THE FOLLOWING WEATHER WAS RECORDED TODAY.
  LIGHT SNOW
  FOG


RELATIVE HUMIDITY (PERCENT)
 HIGHEST    83           400 AM
 LOWEST     36           300 PM
 AVERAGE    60

..........................................................


THE COLORADO SPRINGS CO CLIMATE NORMALS FOR TOMORROW
                         NORMAL    RECORD    YEAR
 MAXIMUM TEMPERATURE (F)   42        66      2015
                                             1975
                                             1929
 MINIMUM TEMPERATURE (F)   18       -13      1898


SUNRISE AND SUNSET
DECEMBER  9 2016......SUNRISE   706 AM MST   SUNSET   437 PM MST
DECEMBER 10 2016......SUNRISE   707 AM MST   SUNSET   437 PM MST


-  INDICATES NEGATIVE NUMBERS.
R  INDICATES RECORD WAS SET OR TIED.
MM INDICATES DATA IS MISSING.
T  INDICATES TRACE AMOUNT.




$$
