000
CDUS45 KPUB 011026
CLICOS


CLIMATE REPORT
NATIONAL WEATHER SERVICE PUEBLO
426 AM MDT WED JUL 1 2015


...................................

...THE COLORADO SPRINGS CO CLIMATE SUMMARY FOR JUNE 30 2015...

CLIMATE NORMAL PERIOD 1981 TO 2010
CLIMATE RECORD PERIOD 1872 TO 2015


WEATHER ITEM   OBSERVED TIME   RECORD YEAR NORMAL DEPARTURE LAST
                VALUE   (LST)  VALUE       VALUE  FROM      YEAR
                                                  NORMAL
..................................................................
TEMPERATURE (F)
 YESTERDAY
  MAXIMUM         87    326 PM  97    2012  84      3       95
                                      1963
  MINIMUM         57    436 AM  46    1946  55      2       59
  AVERAGE         72                        69      3       77

PRECIPITATION (IN)
  YESTERDAY        0.00          1.73 1943   0.07  -0.07     0.02
  MONTH TO DATE    5.72                      2.50   3.22     1.29
  SINCE JUN 1      5.72                      2.50   3.22     1.29
  SINCE JAN 1     17.95                      7.61  10.34     6.08

SNOWFALL (IN)
  YESTERDAY        0.0           T    2014   0.0    0.0       T
  MONTH TO DATE    T                         0.0    0.0       T
  SINCE JUN 1      T                         0.0    0.0       T
  SINCE JUL 1     46.5                      37.7    8.8     34.8
  SNOW DEPTH       0

DEGREE DAYS
 HEATING
  YESTERDAY        0                         1     -1        0
  MONTH TO DATE   10                        78    -68       39
  SINCE JUN 1     10                        79    -69       39
  SINCE JUL 1   5777                      6292   -515     6085

 COOLING
  YESTERDAY        7                         5      2       12
  MONTH TO DATE  122                        83     39      104
  SINCE JUN 1    122                        83     39      104
  SINCE JAN 1    122                        93     29      117
..................................................................


WIND (MPH)
  HIGHEST WIND SPEED    17   HIGHEST WIND DIRECTION     N (360)
  HIGHEST GUST SPEED    23   HIGHEST GUST DIRECTION     N (10)
  AVERAGE WIND SPEED     7.1


SKY COVER
  POSSIBLE SUNSHINE  MM
  AVERAGE SKY COVER 0.5


WEATHER CONDITIONS
 THE FOLLOWING WEATHER WAS RECORDED YESTERDAY.
  NO SIGNIFICANT WEATHER WAS OBSERVED.


RELATIVE HUMIDITY (PERCENT)
 HIGHEST    80           300 AM
 LOWEST     27           400 PM
 AVERAGE    54

..........................................................


THE COLORADO SPRINGS CO CLIMATE NORMALS FOR TODAY
                         NORMAL    RECORD    YEAR
 MAXIMUM TEMPERATURE (F)   84        96      2012
                                             2002
                                             1990
 MINIMUM TEMPERATURE (F)   55        43      1951


SUNRISE AND SUNSET
JULY  1 2015..........SUNRISE   537 AM MDT   SUNSET   828 PM MDT
JULY  2 2015..........SUNRISE   538 AM MDT   SUNSET   828 PM MDT


-  INDICATES NEGATIVE NUMBERS.
R  INDICATES RECORD WAS SET OR TIED.
MM INDICATES DATA IS MISSING.
T  INDICATES TRACE AMOUNT.




$$
