000
CDUS45 KPUB 251204
CLICOS


CLIMATE REPORT
NATIONAL WEATHER SERVICE PUEBLO
500 AM MST SAT FEB 25 2017


...................................

...THE COLORADO SPRINGS CO CLIMATE SUMMARY FOR FEBRUARY 24 2017...

CLIMATE NORMAL PERIOD 1981 TO 2010
CLIMATE RECORD PERIOD 1872 TO 2017


WEATHER ITEM   OBSERVED TIME   RECORD YEAR NORMAL DEPARTURE LAST
                VALUE   (LST)  VALUE       VALUE  FROM      YEAR
                                                  NORMAL
..................................................................
TEMPERATURE (F)
 YESTERDAY
  MAXIMUM         30    104 PM  71    1986  47    -17       55
  MINIMUM         12    631 AM  -5    1955  21     -9       20
  AVERAGE         21                        34    -13       38

PRECIPITATION (IN)
  YESTERDAY        T             0.36 1912   0.01  -0.01     0.00
  MONTH TO DATE    0.06                      0.27  -0.21     1.00
  SINCE DEC 1      1.06                      0.93   0.13     1.79
  SINCE JAN 1      0.38                      0.59  -0.21     1.54

SNOWFALL (IN)
  YESTERDAY        0.1           5.3  1912   0.2   -0.1      0.0
  MONTH TO DATE    0.7                       4.2   -3.5     10.1
  SINCE DEC 1     13.4                      15.5   -2.1     21.3
  SINCE JUL 1     13.4                      23.3   -9.9     27.1
  SNOW DEPTH       0

DEGREE DAYS
 HEATING
  YESTERDAY       44                        31     13       27
  MONTH TO DATE  558                       796   -238      698
  SINCE DEC 1   2709                      2958   -249     2692
  SINCE JUL 1   3612                      4439   -827     3795

 COOLING
  YESTERDAY        0                         0      0        0
  MONTH TO DATE    0                         0      0        0
  SINCE DEC 1      0                         0      0        0
  SINCE JAN 1      0                         0      0        0
..................................................................


WIND (MPH)
  HIGHEST WIND SPEED    25   HIGHEST WIND DIRECTION     N (350)
  HIGHEST GUST SPEED    31   HIGHEST GUST DIRECTION     N (360)
  AVERAGE WIND SPEED     6.6


SKY COVER
  POSSIBLE SUNSHINE  MM
  AVERAGE SKY COVER 0.6


WEATHER CONDITIONS
 THE FOLLOWING WEATHER WAS RECORDED YESTERDAY.
  LIGHT SNOW
  FOG
  HAZE


RELATIVE HUMIDITY (PERCENT)
 HIGHEST    80          1100 PM
 LOWEST     42          1100 AM
 AVERAGE    61

..........................................................


THE COLORADO SPRINGS CO CLIMATE NORMALS FOR TODAY
                         NORMAL    RECORD    YEAR
 MAXIMUM TEMPERATURE (F)   47        71      1986
 MINIMUM TEMPERATURE (F)   21        -4      1960


SUNRISE AND SUNSET
FEBRUARY 25 2017......SUNRISE   636 AM MST   SUNSET   548 PM MST
FEBRUARY 26 2017......SUNRISE   635 AM MST   SUNSET   549 PM MST


-  INDICATES NEGATIVE NUMBERS.
R  INDICATES RECORD WAS SET OR TIED.
MM INDICATES DATA IS MISSING.
T  INDICATES TRACE AMOUNT.




$$
