000
CDUS45 KPUB 041145
CLICOS

CLIMATE REPORT
NATIONAL WEATHER SERVICE PUEBLO
455 AM MDT TUE AUG 4 2015


...................................

...THE COLORADO SPRINGS CO CLIMATE SUMMARY FOR AUGUST 3 2015...

CLIMATE NORMAL PERIOD 1981 TO 2010
CLIMATE RECORD PERIOD 1872 TO 2015


WEATHER ITEM   OBSERVED TIME   RECORD YEAR NORMAL DEPARTURE LAST
                VALUE   (LST)  VALUE       VALUE  FROM      YEAR
                                                  NORMAL
..................................................................
TEMPERATURE (F)
 YESTERDAY
  MAXIMUM         77    305 PM  99    1954  83     -6       80
  MINIMUM         59   1155 PM  44    1909  57      2       52
  AVERAGE         68                        70     -2       66

PRECIPITATION (IN)
  YESTERDAY        0.06          1.36 2006   0.12  -0.06     0.00
  MONTH TO DATE    0.06                      0.36  -0.30     0.00
  SINCE JUN 1      8.92                      5.70   3.22     5.92
  SINCE JAN 1     21.15                     10.81  10.34    10.71

SNOWFALL (IN)
  YESTERDAY        0.0           0.0  2002   0.0    0.0      0.0
  MONTH TO DATE    0.0                       0.0    0.0      0.0
  SINCE JUN 1      T                         0.0    0.0       T
  SINCE JUL 1      T                         0.0    0.0       T
  SNOW DEPTH       0

DEGREE DAYS
 HEATING
  YESTERDAY        0                         0      0        0
  MONTH TO DATE    0                         0      0        4
  SINCE JUN 1     20                        89    -69       66
  SINCE JUL 1     10                        10      0       27

 COOLING
  YESTERDAY        3                         6     -3        1
  MONTH TO DATE   19                        18      1        1
  SINCE JUN 1    323                       292     31      299
  SINCE JAN 1    323                       302     21      312
..................................................................


WIND (MPH)
  HIGHEST WIND SPEED    35   HIGHEST WIND DIRECTION    SE (140)
  HIGHEST GUST SPEED    43   HIGHEST GUST DIRECTION    SE (130)
  AVERAGE WIND SPEED     6.6


SKY COVER
  POSSIBLE SUNSHINE  MM
  AVERAGE SKY COVER 0.8


WEATHER CONDITIONS
 THE FOLLOWING WEATHER WAS RECORDED YESTERDAY.
  THUNDERSTORM
  RAIN
  LIGHT RAIN
  FOG


RELATIVE HUMIDITY (PERCENT)
 HIGHEST    87          1100 PM
 LOWEST     41           300 PM
 AVERAGE    64

..........................................................


THE COLORADO SPRINGS CO CLIMATE NORMALS FOR TODAY
                         NORMAL    RECORD    YEAR
 MAXIMUM TEMPERATURE (F)   83        94      2008
 MINIMUM TEMPERATURE (F)   57        39      1935


SUNRISE AND SUNSET
AUGUST  4 2015........SUNRISE   602 AM MDT   SUNSET   807 PM MDT
AUGUST  5 2015........SUNRISE   603 AM MDT   SUNSET   806 PM MDT


-  INDICATES NEGATIVE NUMBERS.
R  INDICATES RECORD WAS SET OR TIED.
MM INDICATES DATA IS MISSING.
T  INDICATES TRACE AMOUNT.




$$
