000
CDUS45 KPUB 291047
CLICOS


CLIMATE REPORT
NATIONAL WEATHER SERVICE PUEBLO
446 AM MDT MON MAY 29 2017


...................................

...THE COLORADO SPRINGS CO CLIMATE SUMMARY FOR MAY 28 2017...

CLIMATE NORMAL PERIOD 1981 TO 2010
CLIMATE RECORD PERIOD 1872 TO 2017


WEATHER ITEM   OBSERVED TIME   RECORD YEAR NORMAL DEPARTURE LAST
                VALUE   (LST)  VALUE       VALUE  FROM      YEAR
                                                  NORMAL
..................................................................
TEMPERATURE (F)
 YESTERDAY
  MAXIMUM         69    336 PM  91    1974  73     -4       68
  MINIMUM         41    143 AM  31    1947  46     -5       41
  AVERAGE         55                        59     -4       55

PRECIPITATION (IN)
  YESTERDAY        0.00          1.07 1946   0.07  -0.07     0.00
  MONTH TO DATE    3.13                      1.78   1.35     1.89
  SINCE MAR 1      5.71                      4.20   1.51     4.90
  SINCE JAN 1      6.10                      4.86   1.24     6.44

SNOWFALL (IN)
  YESTERDAY        0.0           T    2001   0.0    0.0      0.0
  MONTH TO DATE    0.1                       0.7   -0.6       T
  SINCE MAR 1     11.8                      13.7   -1.9     23.6
  SINCE JUL 1     25.2                      37.7  -12.5     50.7
  SNOW DEPTH       0

DEGREE DAYS
 HEATING
  YESTERDAY       10                         6      4       10
  MONTH TO DATE  267                       273     -6      304
  SINCE MAR 1   1308                      1632   -324     1557
  SINCE JUL 1   5061                      6195  -1134     5460

 COOLING
  YESTERDAY        0                         1     -1        0
  MONTH TO DATE    2                         4     -2        2
  SINCE MAR 1      2                         5     -3        2
  SINCE JAN 1      2                         5     -3        2
..................................................................


WIND (MPH)
  HIGHEST WIND SPEED    17   HIGHEST WIND DIRECTION    SE (150)
  HIGHEST GUST SPEED    23   HIGHEST GUST DIRECTION     S (160)
  AVERAGE WIND SPEED     7.3


SKY COVER
  POSSIBLE SUNSHINE  MM
  AVERAGE SKY COVER 0.3


WEATHER CONDITIONS
 THE FOLLOWING WEATHER WAS RECORDED YESTERDAY.
  NO SIGNIFICANT WEATHER WAS OBSERVED.


RELATIVE HUMIDITY (PERCENT)
 HIGHEST    83          1200 AM
 LOWEST     22           100 PM
 AVERAGE    53

..........................................................


THE COLORADO SPRINGS CO CLIMATE NORMALS FOR TODAY
                         NORMAL    RECORD    YEAR
 MAXIMUM TEMPERATURE (F)   73        93      2000
 MINIMUM TEMPERATURE (F)   47        31      1947


SUNRISE AND SUNSET
MAY 29 2017...........SUNRISE   537 AM MDT   SUNSET   816 PM MDT
MAY 30 2017...........SUNRISE   536 AM MDT   SUNSET   817 PM MDT


-  INDICATES NEGATIVE NUMBERS.
R  INDICATES RECORD WAS SET OR TIED.
MM INDICATES DATA IS MISSING.
T  INDICATES TRACE AMOUNT.




$$
