000
CDUS43 KLSX 240745
CLICOU


CLIMATE REPORT
NATIONAL WEATHER SERVICE ST LOUIS MO
145 AM CST FRI NOV 24 2017


...................................

...THE COLUMBIA ASOS CLIMATE SUMMARY FOR NOVEMBER 23 2017...

CLIMATE NORMAL PERIOD 1981 TO 2010
CLIMATE RECORD PERIOD 1890 TO 2017


WEATHER ITEM   OBSERVED TIME   RECORD YEAR NORMAL DEPARTURE LAST
                VALUE   (LST)  VALUE       VALUE  FROM      YEAR
                                                  NORMAL
..................................................................
TEMPERATURE (F)
 YESTERDAY
  MAXIMUM         58    235 PM  75    1974  50      8       54
  MINIMUM         28    626 AM   4    1950  32     -4       42
  AVERAGE         43                        41      2       48

PRECIPITATION (IN)
  YESTERDAY        0.00          0.82 1927   0.11  -0.11     0.00
  MONTH TO DATE    0.36                      2.50  -2.14     1.79
  SINCE SEP 1      6.29                      9.68  -3.39    10.70
  SINCE JAN 1     37.40                     39.43  -2.03    39.04

SNOWFALL (IN)
  YESTERDAY        0.0           1.5  1971   0.0    0.0      0.0
  MONTH TO DATE    0.0                       0.5   -0.5      0.0
  SINCE SEP 1      T                         0.5   -0.5      0.0
  SINCE JUL 1      T                         0.5   -0.5      0.0
  SNOW DEPTH       0

DEGREE DAYS
 HEATING
  YESTERDAY       22                        24     -2       17
  MONTH TO DATE  445                       436      9      286
  SINCE SEP 1    695                       799   -104      427
  SINCE JUL 1    698                       801   -103      427

 COOLING
  YESTERDAY        0                         0      0        0
  MONTH TO DATE    0                         0      0       19
  SINCE SEP 1    287                       164    123      321
  SINCE JAN 1   1401                      1247    154     1632
..................................................................


WIND (MPH)
  HIGHEST WIND SPEED    15   HIGHEST WIND DIRECTION    SW (240)
  HIGHEST GUST SPEED    18   HIGHEST GUST DIRECTION     W (250)
  AVERAGE WIND SPEED     7.4


SKY COVER
  AVERAGE SKY COVER 0.1


WEATHER CONDITIONS
 THE FOLLOWING WEATHER WAS RECORDED YESTERDAY.
  NO SIGNIFICANT WEATHER WAS OBSERVED.


RELATIVE HUMIDITY (PERCENT)
 HIGHEST    69
 LOWEST     35
 AVERAGE    52

..........................................................


THE COLUMBIA ASOS CLIMATE NORMALS FOR TODAY
                         NORMAL    RECORD    YEAR
 MAXIMUM TEMPERATURE (F)   49        70      1966
 MINIMUM TEMPERATURE (F)   31         4      1950


SUNRISE AND SUNSET
NOVEMBER 24 2017......SUNRISE   701 AM CST   SUNSET   450 PM CST
NOVEMBER 25 2017......SUNRISE   702 AM CST   SUNSET   449 PM CST


-  INDICATES NEGATIVE NUMBERS.
R  INDICATES RECORD WAS SET OR TIED.
MM INDICATES DATA IS MISSING.
T  INDICATES TRACE AMOUNT.




$$
