000
CDUS43 KLSX 040733
CLICOU


CLIMATE REPORT
NATIONAL WEATHER SERVICE ST LOUIS MO
132 AM CST SUN DEC 4 2016


...................................

...THE COLUMBIA ASOS CLIMATE SUMMARY FOR DECEMBER 3 2016...

CLIMATE NORMAL PERIOD 1981 TO 2010
CLIMATE RECORD PERIOD 1890 TO 2016


WEATHER ITEM   OBSERVED TIME   RECORD YEAR NORMAL DEPARTURE LAST
                VALUE   (LST)  VALUE       VALUE  FROM      YEAR
                                                  NORMAL
..................................................................
TEMPERATURE (F)
 YESTERDAY
  MAXIMUM         45    400 PM  75    2012  45      0       48
  MINIMUM         30    513 AM   0    1895  27      3       30
  AVERAGE         38                        36      2       39

PRECIPITATION (IN)
  YESTERDAY        0.01          1.12 1937   0.09  -0.08     0.00
  MONTH TO DATE    0.01                      0.28  -0.27      T
  SINCE DEC 1      0.01                      0.28  -0.27      T
  SINCE JAN 1     39.06                     40.46  -1.40    42.71

SNOWFALL (IN)
  YESTERDAY        0.0           2.8  1921   0.1   -0.1      0.0
  MONTH TO DATE    0.0                       0.3   -0.3       T
  SINCE DEC 1      0.0                       0.3   -0.3       T
  SINCE JUL 1      0.0                       1.2   -1.2       T
  SNOW DEPTH       0

DEGREE DAYS
 HEATING
  YESTERDAY       27                        29     -2       26
  MONTH TO DATE   83                        85     -2       78
  SINCE DEC 1     83                        85     -2       78
  SINCE JUL 1    666                      1070   -404      774

 COOLING
  YESTERDAY        0                         0      0        0
  MONTH TO DATE    0                         0      0        0
  SINCE DEC 1      0                         0      0        0
  SINCE JAN 1   1632                      1249    383     1387
..................................................................


WIND (MPH)
  HIGHEST WIND SPEED    13   HIGHEST WIND DIRECTION    SE (130)
  HIGHEST GUST SPEED    17   HIGHEST GUST DIRECTION    SE (120)
  AVERAGE WIND SPEED     7.4


SKY COVER
  AVERAGE SKY COVER 0.5


WEATHER CONDITIONS
 THE FOLLOWING WEATHER WAS RECORDED YESTERDAY.
  LIGHT RAIN


RELATIVE HUMIDITY (PERCENT)
 HIGHEST    85
 LOWEST     58
 AVERAGE    72

..........................................................


THE COLUMBIA ASOS CLIMATE NORMALS FOR TODAY
                         NORMAL    RECORD    YEAR
 MAXIMUM TEMPERATURE (F)   45        70      1933
 MINIMUM TEMPERATURE (F)   27         2      2006
                                             1893


SUNRISE AND SUNSET
DECEMBER  4 2016......SUNRISE   712 AM CST   SUNSET   447 PM CST
DECEMBER  5 2016......SUNRISE   712 AM CST   SUNSET   447 PM CST


-  INDICATES NEGATIVE NUMBERS.
R  INDICATES RECORD WAS SET OR TIED.
MM INDICATES DATA IS MISSING.
T  INDICATES TRACE AMOUNT.




$$
