938
CDUS43 KLSX 312227
CLICOU


CLIMATE REPORT
NATIONAL WEATHER SERVICE ST LOUIS MO
526 PM CDT WED AUG 31 2016


...................................

...THE COLUMBIA ASOS CLIMATE SUMMARY FOR AUGUST 31 2016...
VALID TODAY AS OF 0500 PM LOCAL TIME.

CLIMATE NORMAL PERIOD 1981 TO 2010
CLIMATE RECORD PERIOD 1890 TO 2016


WEATHER ITEM   OBSERVED TIME   RECORD YEAR NORMAL DEPARTURE LAST
                VALUE   (LST)  VALUE       VALUE  FROM      YEAR
                                                  NORMAL
..................................................................
TEMPERATURE (F)
 TODAY
  MAXIMUM         82    228 PM 103    1913  85     -3       90
  MINIMUM         68    229 AM  40    1915  63      5       70
  AVERAGE         75                        74      1       80

PRECIPITATION (IN)
  TODAY            0.29          2.23 2012   0.14   0.15     0.00
  MONTH TO DATE    5.82                      4.36   1.46     3.14
  SINCE JUN 1     18.19                     13.20   4.99    19.10
  SINCE JAN 1     28.32                     29.75  -1.43    31.96

SNOWFALL (IN)
  TODAY            0.0           0.0  2015   0.0    0.0      0.0
  MONTH TO DATE    0.0                       0.0    0.0      0.0
  SINCE JUN 1      0.0                       0.0    0.0      0.0
  SINCE JUL 1      0.0                       0.0    0.0      0.0
  SNOW DEPTH       0

DEGREE DAYS
 HEATING
  TODAY            0                         0      0        0
  MONTH TO DATE    0                         0      0        1
  SINCE JUN 1      0                        13    -13        9
  SINCE JUL 1      0                         2     -2        2

 COOLING
  TODAY           10                         9      1       15
  MONTH TO DATE  369                       350     19      293
  SINCE JUN 1   1187                       980    207     1002
  SINCE JAN 1   1311                      1083    228     1121
..................................................................


WIND (MPH)
  HIGHEST WIND SPEED    15   HIGHEST WIND DIRECTION     N (20)
  HIGHEST GUST SPEED    17   HIGHEST GUST DIRECTION     N (20)
  AVERAGE WIND SPEED     2.9


SKY COVER
  AVERAGE SKY COVER 0.6



RELATIVE HUMIDITY (PERCENT)
 HIGHEST   100           100 AM
 LOWEST     87          1200 PM
 AVERAGE    94

..........................................................


THE COLUMBIA ASOS CLIMATE NORMALS FOR TOMORROW
                         NORMAL    RECORD    YEAR
 MAXIMUM TEMPERATURE (F)   84       102      1913
 MINIMUM TEMPERATURE (F)   63        45      1967
                                             1949
                                             1893


SUNRISE AND SUNSET
AUGUST 31 2016........SUNRISE   637 AM CDT   SUNSET   740 PM CDT
SEPTEMBER  1 2016.....SUNRISE   638 AM CDT   SUNSET   738 PM CDT


-  INDICATES NEGATIVE NUMBERS.
R  INDICATES RECORD WAS SET OR TIED.
MM INDICATES DATA IS MISSING.
T  INDICATES TRACE AMOUNT.




$$
