000
CDUS43 KLSX 030730
CLICOU


CLIMATE REPORT
NATIONAL WEATHER SERVICE ST LOUIS MO
130 AM CST TUE MAR 3 2015


...................................

...THE COLUMBIA ASOS CLIMATE SUMMARY FOR MARCH 2 2015...

CLIMATE NORMAL PERIOD 1981 TO 2010
CLIMATE RECORD PERIOD 1890 TO 2015


WEATHER ITEM   OBSERVED TIME   RECORD YEAR NORMAL DEPARTURE LAST
                VALUE   (LST)  VALUE       VALUE  FROM      YEAR
                                                  NORMAL
..................................................................
TEMPERATURE (F)
 YESTERDAY
  MAXIMUM         36    341 PM  78    1992  50    -14       17
                                      1976
                                      1904
  MINIMUM         14    529 AM  -5    1890  30    -16        2
  AVERAGE         25                        40    -15       10

PRECIPITATION (IN)
  YESTERDAY        T             0.92 1940   0.09  -0.09     0.05
  MONTH TO DATE    0.07                      0.17  -0.10     0.05
  SINCE MAR 1      0.07                      0.17  -0.10     0.05
  SINCE JAN 1      2.42                      4.34  -1.92     2.31

SNOWFALL (IN)
  YESTERDAY        T             7.2  1960   0.1   -0.1      0.4
  MONTH TO DATE    1.0                       0.2    0.8      0.4
  SINCE MAR 1      1.0                       0.2    0.8      0.4
  SINCE JUL 1     11.4                      16.3   -4.9     17.7
  SNOW DEPTH       3

DEGREE DAYS
 HEATING
  YESTERDAY       40                        26     14       55
  MONTH TO DATE   81                        52     29       91
  SINCE MAR 1     81                        52     29       91
  SINCE JUL 1   4136                      3998    138     4520

 COOLING
  YESTERDAY        0                         0      0        0
  MONTH TO DATE    0                         0      0        0
  SINCE MAR 1      0                         0      0        0
  SINCE JAN 1      0                         0      0        0
..................................................................


WIND (MPH)
  HIGHEST WIND SPEED    18   HIGHEST WIND DIRECTION    SE (130)
  HIGHEST GUST SPEED    22   HIGHEST GUST DIRECTION    SE (130)
  AVERAGE WIND SPEED     7.8


SKY COVER
  AVERAGE SKY COVER 0.3


WEATHER CONDITIONS
 THE FOLLOWING WEATHER WAS RECORDED YESTERDAY.
  FOG
  FOG W/VISIBILITY <= 1/4 MILE
  HAZE


RELATIVE HUMIDITY (PERCENT)
 HIGHEST   100
 LOWEST     47
 AVERAGE    74

..........................................................


THE COLUMBIA ASOS CLIMATE NORMALS FOR TODAY
                         NORMAL    RECORD    YEAR
 MAXIMUM TEMPERATURE (F)   50        80      1983
                                             1946
 MINIMUM TEMPERATURE (F)   30        -2      2014


SUNRISE AND SUNSET
MARCH  3 2015.........SUNRISE   639 AM CST   SUNSET   604 PM CST
MARCH  4 2015.........SUNRISE   637 AM CST   SUNSET   605 PM CST


-  INDICATES NEGATIVE NUMBERS.
R  INDICATES RECORD WAS SET OR TIED.
MM INDICATES DATA IS MISSING.
T  INDICATES TRACE AMOUNT.




$$
