000
CDUS43 KLSX 010728
CLICOU


CLIMATE REPORT
NATIONAL WEATHER SERVICE ST LOUIS MO
228 AM CDT SAT OCT 1 2016


...................................

...THE COLUMBIA ASOS CLIMATE SUMMARY FOR SEPTEMBER 30 2016...

CLIMATE NORMAL PERIOD 1981 TO 2010
CLIMATE RECORD PERIOD 1890 TO 2016


WEATHER ITEM   OBSERVED TIME   RECORD YEAR NORMAL DEPARTURE LAST
                VALUE   (LST)  VALUE       VALUE  FROM      YEAR
                                                  NORMAL
..................................................................
TEMPERATURE (F)
 YESTERDAY
  MAXIMUM         72   1201 PM  95    1897  73     -1       72
  MINIMUM         52    459 AM  26    1895  50      2       51
  AVERAGE         62                        61      1       62

PRECIPITATION (IN)
  YESTERDAY        0.00          1.85 1926   0.12  -0.12     0.03
  MONTH TO DATE    7.33                      3.87   3.46     1.17
  SINCE SEP 1      7.33                      3.87   3.46     1.17
  SINCE JAN 1     35.67                     33.62   2.05    33.13

SNOWFALL (IN)
  YESTERDAY        0.0           0.0  2015   0.0    0.0      0.0
  MONTH TO DATE    0.0                       0.0    0.0      0.0
  SINCE SEP 1      0.0                       0.0    0.0      0.0
  SINCE JUL 1      0.0                       0.0    0.0      0.0
  SNOW DEPTH       0

DEGREE DAYS
 HEATING
  YESTERDAY        3                         6     -3        3
  MONTH TO DATE    9                        65    -56       19
  SINCE SEP 1      9                        66    -57       19
  SINCE JUL 1      9                        68    -59       21

 COOLING
  YESTERDAY        0                         2     -2        0
  MONTH TO DATE  232                       144     88      238
  SINCE SEP 1    232                       144     88      238
  SINCE JAN 1   1543                      1227    316     1359
..................................................................


WIND (MPH)
  HIGHEST WIND SPEED    17   HIGHEST WIND DIRECTION    NW (330)
  HIGHEST GUST SPEED    21   HIGHEST GUST DIRECTION     N (360)
  AVERAGE WIND SPEED     8.6


SKY COVER
  AVERAGE SKY COVER 0.6


WEATHER CONDITIONS
 THE FOLLOWING WEATHER WAS RECORDED YESTERDAY.
  NO SIGNIFICANT WEATHER WAS OBSERVED.


RELATIVE HUMIDITY (PERCENT)
 HIGHEST   100
 LOWEST     57
 AVERAGE    79

..........................................................


THE COLUMBIA ASOS CLIMATE NORMALS FOR TODAY
                         NORMAL    RECORD    YEAR
 MAXIMUM TEMPERATURE (F)   72        94      1897
 MINIMUM TEMPERATURE (F)   50        28      1895


SUNRISE AND SUNSET
OCTOBER  1 2016.......SUNRISE   705 AM CDT   SUNSET   651 PM CDT
OCTOBER  2 2016.......SUNRISE   706 AM CDT   SUNSET   649 PM CDT


-  INDICATES NEGATIVE NUMBERS.
R  INDICATES RECORD WAS SET OR TIED.
MM INDICATES DATA IS MISSING.
T  INDICATES TRACE AMOUNT.




$$
