000
CDUS45 KRIW 020742
CLICPR


CLIMATE REPORT
NATIONAL WEATHER SERVICE RIVERTON WY
1241 AM MST MON MAR 2 2015


...................................

...THE CASPER WY CLIMATE SUMMARY FOR MARCH 1 2015...

CLIMATE NORMAL PERIOD 1981 TO 2010
CLIMATE RECORD PERIOD 1939 TO 2015


WEATHER ITEM   OBSERVED TIME   RECORD YEAR NORMAL DEPARTURE LAST
                VALUE   (LST)  VALUE       VALUE  FROM      YEAR
                                                  NORMAL
..................................................................
TEMPERATURE (F)
 YESTERDAY
  MAXIMUM         30    430 PM  64    1986  43    -13        6
  MINIMUM          5    725 AM -12    1960  19    -14       -4
  AVERAGE         18                        30    -12        1

PRECIPITATION (IN)
  YESTERDAY        T             0.31 1952   0.02  -0.02     0.20
  MONTH TO DATE    T                         0.02  -0.02     0.20
  SINCE MAR 1      T                         0.02  -0.02     0.20
  SINCE JAN 1      1.31                      1.10   0.21     1.68

SNOWFALL (IN)
  YESTERDAY        T                         0.3   -0.3      3.0
  MONTH TO DATE    T                         0.3   -0.3      3.0
  SINCE MAR 1      T                         0.3   -0.3      3.0
  SINCE JUL 1     51.4                      49.7    1.7     69.2
  SNOW DEPTH       T

DEGREE DAYS
 HEATING
  YESTERDAY       47                        34     13       64
  MONTH TO DATE   47                        34     13       64
  SINCE MAR 1     47                        34     13       64
  SINCE JUL 1   5098                      5482   -384     5828

 COOLING
  YESTERDAY        0                         0      0        0
  MONTH TO DATE    0                         0      0        0
  SINCE MAR 1      0                         0      0        0
  SINCE JAN 1      0                         0      0        0
..................................................................


WIND (MPH)
  HIGHEST WIND SPEED    16   HIGHEST WIND DIRECTION     W (250)
  HIGHEST GUST SPEED    20   HIGHEST GUST DIRECTION     W (250)
  AVERAGE WIND SPEED     4.3


SKY COVER
  POSSIBLE SUNSHINE  MM
  AVERAGE SKY COVER 0.2


WEATHER CONDITIONS
 THE FOLLOWING WEATHER WAS RECORDED YESTERDAY.
  LIGHT SNOW
  FOG


RELATIVE HUMIDITY (PERCENT)
 HIGHEST    92           300 AM
 LOWEST     36           300 PM
 AVERAGE    64

..........................................................


THE CASPER WY CLIMATE NORMALS FOR TODAY
                         NORMAL    RECORD    YEAR
 MAXIMUM TEMPERATURE (F)   43        64      2009
 MINIMUM TEMPERATURE (F)   19       -16      1960
                                             1943


SUNRISE AND SUNSET
MARCH  2 2015.........SUNRISE   640 AM MST   SUNSET   556 PM MST
MARCH  3 2015.........SUNRISE   639 AM MST   SUNSET   558 PM MST


-  INDICATES NEGATIVE NUMBERS.
R  INDICATES RECORD WAS SET OR TIED.
MM INDICATES DATA IS MISSING.
T  INDICATES TRACE AMOUNT.




$$
