000
CDUS45 KRIW 280742
CLICPR


CLIMATE REPORT
NATIONAL WEATHER SERVICE RIVERTON WY
127 AM MDT SAT MAR 28 2015


...................................

...THE CASPER WY CLIMATE SUMMARY FOR MARCH 27 2015...

CLIMATE NORMAL PERIOD 1981 TO 2010
CLIMATE RECORD PERIOD 1939 TO 2015


WEATHER ITEM   OBSERVED TIME   RECORD YEAR NORMAL DEPARTURE LAST
                VALUE   (LST)  VALUE       VALUE  FROM      YEAR
                                                  NORMAL
..................................................................
TEMPERATURE (F)
 YESTERDAY
  MAXIMUM         69    441 PM  73    1986  51     18       39
                                      1946
  MINIMUM         35    928 PM  -6    2009  25     10       27
  AVERAGE         52                        38     14       33

PRECIPITATION (IN)
  YESTERDAY        0.00          0.37 2007   0.03  -0.03     0.13
  MONTH TO DATE    0.64                      0.69  -0.05     1.36
  SINCE MAR 1      0.64                      0.69  -0.05     1.36
  SINCE JAN 1      1.95                      1.77   0.18     2.84

SNOWFALL (IN)
  YESTERDAY        0.0                       0.4   -0.4      1.4
  MONTH TO DATE    9.3                       9.3    0.0     15.6
  SINCE MAR 1      9.3                       9.3    0.0     15.6
  SINCE JUL 1     60.7                      58.7    2.0     81.8
  SNOW DEPTH       0

DEGREE DAYS
 HEATING
  YESTERDAY       13                        27    -14       32
  MONTH TO DATE  713                       819   -106      817
  SINCE MAR 1    713                       819   -106      817
  SINCE JUL 1   5764                      6267   -503     6581

 COOLING
  YESTERDAY        0                         0      0        0
  MONTH TO DATE    0                         0      0        0
  SINCE MAR 1      0                         0      0        0
  SINCE JAN 1      0                         0      0        0
..................................................................


WIND (MPH)
  HIGHEST WIND SPEED    26   HIGHEST WIND DIRECTION    NW (300)
  HIGHEST GUST SPEED    37   HIGHEST GUST DIRECTION     W (280)
  AVERAGE WIND SPEED    12.1


SKY COVER
  POSSIBLE SUNSHINE  MM
  AVERAGE SKY COVER 0.3


WEATHER CONDITIONS
 THE FOLLOWING WEATHER WAS RECORDED YESTERDAY.
  NO SIGNIFICANT WEATHER WAS OBSERVED.


RELATIVE HUMIDITY (PERCENT)
 HIGHEST    64           400 AM
 LOWEST     17           500 PM
 AVERAGE    41

..........................................................


THE CASPER WY CLIMATE NORMALS FOR TODAY
                         NORMAL    RECORD    YEAR
 MAXIMUM TEMPERATURE (F)   52        74      1986
 MINIMUM TEMPERATURE (F)   25        -6      1944


SUNRISE AND SUNSET
MARCH 28 2015.........SUNRISE   655 AM MDT   SUNSET   727 PM MDT
MARCH 29 2015.........SUNRISE   654 AM MDT   SUNSET   728 PM MDT


-  INDICATES NEGATIVE NUMBERS.
R  INDICATES RECORD WAS SET OR TIED.
MM INDICATES DATA IS MISSING.
T  INDICATES TRACE AMOUNT.




$$
