000
CDUS45 KRIW 260732
CLICPR


CLIMATE REPORT
NATIONAL WEATHER SERVICE RIVERTON WY
1231 AM MST SUN FEB 26 2017


...................................

...THE CASPER WY CLIMATE SUMMARY FOR FEBRUARY 25 2017...

CLIMATE NORMAL PERIOD 1981 TO 2010
CLIMATE RECORD PERIOD 1939 TO 2017


WEATHER ITEM   OBSERVED TIME   RECORD YEAR NORMAL DEPARTURE LAST
                VALUE   (LST)  VALUE       VALUE  FROM      YEAR
                                                  NORMAL
..................................................................
TEMPERATURE (F)
 YESTERDAY
  MAXIMUM         20    430 PM  65    1986  41    -21       51
  MINIMUM          9   1100 PM -16    2014  18     -9       14
  AVERAGE         15                        29    -14       33

PRECIPITATION (IN)
  YESTERDAY        0.00          0.31 1998   0.02  -0.02     0.00
  MONTH TO DATE    0.81                      0.50   0.31     0.41
  SINCE DEC 1      2.66                      1.50   1.16     2.46
  SINCE JAN 1      1.35                      1.01   0.34     1.40

SNOWFALL (IN)
  YESTERDAY        0.0                       0.3   -0.3      0.0
  MONTH TO DATE   14.3                       8.7    5.6     15.2
  SINCE DEC 1     50.3                      28.8   21.5     45.4
  SINCE JUL 1     53.5                      48.3    5.2     58.7
  SNOW DEPTH       5

DEGREE DAYS
 HEATING
  YESTERDAY       50                        36     14       32
  MONTH TO DATE  807                       965   -158      866
  SINCE DEC 1   3631                      3488    143     3316
  SINCE JUL 1   5057                      5342   -285     4838

 COOLING
  YESTERDAY        0                         0      0        0
  MONTH TO DATE    0                         0      0        0
  SINCE DEC 1      0                         0      0        0
  SINCE JAN 1      0                         0      0        0
..................................................................


WIND (MPH)
  HIGHEST WIND SPEED    31   HIGHEST WIND DIRECTION    SW (240)
  HIGHEST GUST SPEED    37   HIGHEST GUST DIRECTION    SW (220)
  AVERAGE WIND SPEED    17.3


SKY COVER
  POSSIBLE SUNSHINE  MM
  AVERAGE SKY COVER 0.3


WEATHER CONDITIONS
 THE FOLLOWING WEATHER WAS RECORDED YESTERDAY.
  LIGHT SNOW


RELATIVE HUMIDITY (PERCENT)
 HIGHEST    83          1200 AM
 LOWEST     58          1100 PM
 AVERAGE    71

..........................................................


THE CASPER WY CLIMATE NORMALS FOR TODAY
                         NORMAL    RECORD    YEAR
 MAXIMUM TEMPERATURE (F)   41        63      1950
 MINIMUM TEMPERATURE (F)   18       -13      2002
                                             1947


SUNRISE AND SUNSET
FEBRUARY 26 2017......SUNRISE   646 AM MST   SUNSET   552 PM MST
FEBRUARY 27 2017......SUNRISE   644 AM MST   SUNSET   553 PM MST


-  INDICATES NEGATIVE NUMBERS.
R  INDICATES RECORD WAS SET OR TIED.
MM INDICATES DATA IS MISSING.
T  INDICATES TRACE AMOUNT.




$$
