000
CDUS45 KRIW 010739
CLICPR


CLIMATE REPORT
NATIONAL WEATHER SERVICE RIVERTON WY
136 AM MDT WED JUL 1 2015


...................................

...THE CASPER WY CLIMATE SUMMARY FOR JUNE 30 2015...

CLIMATE NORMAL PERIOD 1981 TO 2010
CLIMATE RECORD PERIOD 1939 TO 2015


WEATHER ITEM   OBSERVED TIME   RECORD YEAR NORMAL DEPARTURE LAST
                VALUE   (LST)  VALUE       VALUE  FROM      YEAR
                                                  NORMAL
..................................................................
TEMPERATURE (F)
 YESTERDAY
  MAXIMUM         92    245 PM 102    1990  85      7       76
  MINIMUM         55    236 AM  35    1968  50      5       45
  AVERAGE         74                        67      7       61

PRECIPITATION (IN)
  YESTERDAY        T             0.34 1984   0.04  -0.04     0.00
  MONTH TO DATE    1.50                      1.61  -0.11     1.35
  SINCE JUN 1      1.50                      1.61  -0.11     1.35
  SINCE JAN 1      9.00                      6.82   2.18     6.11

SNOWFALL (IN)
  YESTERDAY        0.0                       0.0    0.0      0.0
  MONTH TO DATE    0.0                       0.1   -0.1      0.0
  SINCE JUN 1      0.0                       0.1   -0.1      0.0
  SINCE JUL 1     71.7                      74.9   -3.2     91.6
  SNOW DEPTH       0

DEGREE DAYS
 HEATING
  YESTERDAY        0                         2     -2        4
  MONTH TO DATE   26                       136   -110      158
  SINCE JUN 1     26                       136   -110      158
  SINCE JUL 1   6964                      7580   -616     7868

 COOLING
  YESTERDAY        9                         4      5        0
  MONTH TO DATE   76                        53     23       17
  SINCE JUN 1     76                        53     23       17
  SINCE JAN 1     76                        57     19       23
..................................................................


WIND (MPH)
  HIGHEST WIND SPEED    35   HIGHEST WIND DIRECTION     N (360)
  HIGHEST GUST SPEED    47   HIGHEST GUST DIRECTION     N (350)
  AVERAGE WIND SPEED     8.7


SKY COVER
  POSSIBLE SUNSHINE  MM
  AVERAGE SKY COVER 0.1


WEATHER CONDITIONS
 THE FOLLOWING WEATHER WAS RECORDED YESTERDAY.
  THUNDERSTORM
  LIGHT RAIN


RELATIVE HUMIDITY (PERCENT)
 HIGHEST    73           900 PM
 LOWEST     21           100 PM
 AVERAGE    47

..........................................................


THE CASPER WY CLIMATE NORMALS FOR TODAY
                         NORMAL    RECORD    YEAR
 MAXIMUM TEMPERATURE (F)   85       100      2012
 MINIMUM TEMPERATURE (F)   50        37      1968


SUNRISE AND SUNSET
JULY  1 2015..........SUNRISE   531 AM MDT   SUNSET   848 PM MDT
JULY  2 2015..........SUNRISE   531 AM MDT   SUNSET   848 PM MDT


-  INDICATES NEGATIVE NUMBERS.
R  INDICATES RECORD WAS SET OR TIED.
MM INDICATES DATA IS MISSING.
T  INDICATES TRACE AMOUNT.




$$
