000
CDUS45 KRIW 240750
CLICPR


CLIMATE REPORT
NATIONAL WEATHER SERVICE RIVERTON WY
1248 AM MST MON NOV 24 2014


...................................

...THE CASPER WY CLIMATE SUMMARY FOR NOVEMBER 23 2014...

CLIMATE NORMAL PERIOD 1981 TO 2010
CLIMATE RECORD PERIOD 1939 TO 2014


WEATHER ITEM   OBSERVED TIME   RECORD YEAR NORMAL DEPARTURE LAST
                VALUE   (LST)  VALUE       VALUE  FROM      YEAR
                                                  NORMAL
..................................................................
TEMPERATURE (F)
 YESTERDAY
  MAXIMUM         37   1237 PM  60    2006  40     -3       28
  MINIMUM         20    842 PM -21    1985  19      1       -9
  AVERAGE         29                        30     -1       10

PRECIPITATION (IN)
  YESTERDAY        0.00          0.29 1967   0.02  -0.02     0.00
  MONTH TO DATE    0.57                      0.62  -0.05     0.24
  SINCE SEP 1      2.26                      2.81  -0.55     4.74
  SINCE JAN 1     10.64                     11.89  -1.25    13.94

SNOWFALL (IN)
  YESTERDAY        0.0                       0.3   -0.3      0.0
  MONTH TO DATE    6.7                       7.8   -1.1      3.6
  SINCE SEP 1     10.9                      17.0   -6.1     24.8
  SINCE JUL 1     10.9                      17.0   -6.1     24.8
  SNOW DEPTH       0

DEGREE DAYS
 HEATING
  YESTERDAY       36                        36      0       55
  MONTH TO DATE  855                       697    158      727
  SINCE SEP 1   1499                      1550    -51     1616
  SINCE JUL 1   1546                      1596    -50     1616

 COOLING
  YESTERDAY        0                         0      0        0
  MONTH TO DATE    0                         0      0        0
  SINCE SEP 1     29                        25      4       80
  SINCE JAN 1    357                       422    -65      618
..................................................................


WIND (MPH)
  HIGHEST WIND SPEED    28   HIGHEST WIND DIRECTION    NW (330)
  HIGHEST GUST SPEED    35   HIGHEST GUST DIRECTION    NW (330)
  AVERAGE WIND SPEED    11.5


SKY COVER
  POSSIBLE SUNSHINE  MM
  AVERAGE SKY COVER 0.1


WEATHER CONDITIONS
 THE FOLLOWING WEATHER WAS RECORDED YESTERDAY.
  NO SIGNIFICANT WEATHER WAS OBSERVED.


RELATIVE HUMIDITY (PERCENT)
 HIGHEST    81           200 AM
 LOWEST     43           300 PM
 AVERAGE    62

..........................................................


THE CASPER WY CLIMATE NORMALS FOR TODAY
                         NORMAL    RECORD    YEAR
 MAXIMUM TEMPERATURE (F)   40        61      1995
 MINIMUM TEMPERATURE (F)   18       -19      1993


SUNRISE AND SUNSET
NOVEMBER 24 2014......SUNRISE   709 AM MST   SUNSET   436 PM MST
NOVEMBER 25 2014......SUNRISE   710 AM MST   SUNSET   435 PM MST


-  INDICATES NEGATIVE NUMBERS.
R  INDICATES RECORD WAS SET OR TIED.
MM INDICATES DATA IS MISSING.
T  INDICATES TRACE AMOUNT.




$$
