000
CDUS45 KRIW 210750
CLICPR


CLIMATE REPORT
NATIONAL WEATHER SERVICE RIVERTON WY
1249 AM MST SUN JAN 21 2018


...................................

...THE CASPER WY CLIMATE SUMMARY FOR JANUARY 20 2018...

CLIMATE NORMAL PERIOD 1981 TO 2010
CLIMATE RECORD PERIOD 1939 TO 2018


WEATHER ITEM   OBSERVED TIME   RECORD YEAR NORMAL DEPARTURE LAST
                VALUE   (LST)  VALUE       VALUE  FROM      YEAR
                                                  NORMAL
..................................................................
TEMPERATURE (F)
 YESTERDAY
  MAXIMUM         32    230 AM  57    2005  35     -3       37
  MINIMUM         22   1159 PM -19    1959  15      7       22
  AVERAGE         27                        25      2       30

PRECIPITATION (IN)
  YESTERDAY        0.53R         0.23 1962   0.02   0.51     0.05
  MONTH TO DATE    0.58                      0.33   0.25     0.24
  SINCE DEC 1      1.95                      0.82   1.13     1.55
  SINCE JAN 1      0.58                      0.33   0.25     0.24

SNOWFALL (IN)
  YESTERDAY        8.1                       0.3    7.8      0.7
  MONTH TO DATE    9.1                       6.0    3.1      5.4
  SINCE DEC 1     28.5                      17.0   11.5     27.6
  SINCE JUL 1     37.7                      36.5    1.2     30.8
  SNOW DEPTH       1

DEGREE DAYS
 HEATING
  YESTERDAY       38                        40     -2       35
  MONTH TO DATE  738                       805    -67      906
  SINCE DEC 1   2048                      2080    -32     2363
  SINCE JUL 1   3792                      3934   -142     3789

 COOLING
  YESTERDAY        0                         0      0        0
  MONTH TO DATE    0                         0      0        0
  SINCE DEC 1      0                         0      0        0
  SINCE JAN 1      0                         0      0        0
..................................................................


WIND (MPH)
  HIGHEST WIND SPEED    23   HIGHEST WIND DIRECTION     N (20)
  HIGHEST GUST SPEED    28   HIGHEST GUST DIRECTION     N (20)
  AVERAGE WIND SPEED    11.2


SKY COVER
  POSSIBLE SUNSHINE  MM
  AVERAGE SKY COVER 1.0


WEATHER CONDITIONS
 THE FOLLOWING WEATHER WAS RECORDED YESTERDAY.
  SNOW
  LIGHT SNOW
  FOG
  FOG W/VISIBILITY <= 1/4 MILE


RELATIVE HUMIDITY (PERCENT)
 HIGHEST   100           200 AM
 LOWEST     85          1200 AM
 AVERAGE    93

..........................................................


THE CASPER WY CLIMATE NORMALS FOR TODAY
                         NORMAL    RECORD    YEAR
 MAXIMUM TEMPERATURE (F)   35        56      1950
 MINIMUM TEMPERATURE (F)   15       -21      1962


SUNRISE AND SUNSET
JANUARY 21 2018.......SUNRISE   730 AM MST   SUNSET   504 PM MST
JANUARY 22 2018.......SUNRISE   730 AM MST   SUNSET   506 PM MST


-  INDICATES NEGATIVE NUMBERS.
R  INDICATES RECORD WAS SET OR TIED.
MM INDICATES DATA IS MISSING.
T  INDICATES TRACE AMOUNT.




$$
