855
CDUS46 KLOX 290907
CLICQT


CLIMATE REPORT
NATIONAL WEATHER SERVICE LOS ANGELES/OXNARD CA
207 AM PDT SAT APR 29 2017


...................................

...THE DOWNTOWN LOS ANGELES (USC) CA CLIMATE SUMMARY FOR APRIL 28 2017...

CLIMATE NORMAL PERIOD 1981 TO 2010
CLIMATE RECORD PERIOD 1877 TO 2017


WEATHER ITEM   OBSERVED TIME   RECORD YEAR NORMAL DEPARTURE LAST
                VALUE   (LST)  VALUE       VALUE  FROM      YEAR
                                                  NORMAL
..................................................................
TEMPERATURE (F)
 YESTERDAY
  MAXIMUM         85    307 PM  96    2008  74     11       71
  MINIMUM         69    559 AM  41    1900  55     14       55
                                      1894
  AVERAGE         77                        64     13       63

PRECIPITATION (IN)
  YESTERDAY        0.00          1.02 2005   0.03  -0.03     0.00
  MONTH TO DATE    0.08                      0.87  -0.79     0.24
  SINCE OCT 1     18.67                     14.25   4.42     6.83
  SINCE JAN 1     12.72                     10.22   2.50     5.80

SNOWFALL (IN)
  YESTERDAY        0.0
  MONTH TO DATE    0.0
  SINCE MAR 1      0.0
  SINCE JUL 1      0.0

DEGREE DAYS
 HEATING
  YESTERDAY        0                         2     -2        2
  MONTH TO DATE   12                        95    -83       22
  SINCE MAR 1     54                       252   -198       94
  SINCE JUL 1    706                      1027   -321      734

 COOLING
  YESTERDAY       12                         2     10        0
  MONTH TO DATE   91                        39     52       81
  SINCE MAR 1    156                        59     97      104
  SINCE JAN 1    164                        82     82      179
..................................................................


WIND (MPH)
  HIGHEST WIND SPEED    18   HIGHEST WIND DIRECTION    NW (320)
  HIGHEST GUST SPEED    32   HIGHEST GUST DIRECTION    NW (330)
  AVERAGE WIND SPEED     8.0


SKY COVER
  POSSIBLE SUNSHINE  MM
  AVERAGE SKY COVER 0.0


WEATHER CONDITIONS
 THE FOLLOWING WEATHER WAS RECORDED YESTERDAY.
  NO SIGNIFICANT WEATHER WAS OBSERVED.


RELATIVE HUMIDITY (PERCENT)
 HIGHEST    25           600 AM
 LOWEST      8           400 PM
 AVERAGE    17

..........................................................


THE DOWNTOWN LOS ANGELES (USC) CA CLIMATE NORMALS FOR TODAY
                         NORMAL    RECORD    YEAR
 MAXIMUM TEMPERATURE (F)   74        98      1981
 MINIMUM TEMPERATURE (F)   55        44      1901
                                             1894
                                             1892


SUNRISE AND SUNSET
APRIL 29 2017.........SUNRISE   606 AM PDT   SUNSET   736 PM PDT
APRIL 30 2017.........SUNRISE   605 AM PDT   SUNSET   736 PM PDT


-  INDICATES NEGATIVE NUMBERS.
R  INDICATES RECORD WAS SET OR TIED.
MM INDICATES DATA IS MISSING.
T  INDICATES TRACE AMOUNT.




$$
