000
CDUS46 KLOX 180112
CLICQT


CLIMATE REPORT
NATIONAL WEATHER SERVICE LOS ANGELES/OXNARD CA
612 PM PDT WED SEP 17 2014


...................................

...THE DOWNTOWN LOS ANGELES (USC) CA CLIMATE SUMMARY FOR SEPTEMBER 17 2014...
VALID TODAY AS OF 0600 PM LOCAL TIME.

CLIMATE NORMAL PERIOD 1981 TO 2010
CLIMATE RECORD PERIOD 1877 TO 2014


WEATHER ITEM   OBSERVED TIME   RECORD YEAR NORMAL DEPARTURE LAST
                VALUE   (LST)  VALUE       VALUE  FROM      YEAR
                                                  NORMAL
..................................................................
TEMPERATURE (F)
 TODAY
  MAXIMUM         96   1008 AM 108    1913  83     13       80
  MINIMUM         75    427 AM  46    1884  63     12       60
  AVERAGE         86                        73     13       70

PRECIPITATION (IN)
  TODAY            0.00          0.42 1963   0.01  -0.01     0.00
  MONTH TO DATE    0.01                      0.08  -0.07     0.00
  SINCE JUL 1      0.05                      0.13  -0.08     0.09
  SINCE JAN 1      5.16                     10.74  -5.58     2.72

SNOWFALL (IN)
  TODAY            0.0
  MONTH TO DATE    0.0
  SINCE SEP 1      0.0
  SINCE JUL 1      0.0

DEGREE DAYS
 HEATING
  TODAY            0                         0      0        0
  MONTH TO DATE    0                         0      0        0
  SINCE SEP 1      0                         0      0        0
  SINCE JUL 1      0                         0      0        0

 COOLING
  TODAY           21                         8     13        5
  MONTH TO DATE  249                       149    100      181
  SINCE SEP 1    249                       149    100      181
  SINCE JAN 1   1326                       983    343      986
..................................................................


WIND (MPH)
  HIGHEST WIND SPEED     9   HIGHEST WIND DIRECTION     W (260)
  HIGHEST GUST SPEED    16   HIGHEST GUST DIRECTION     W (270)
  AVERAGE WIND SPEED     1.5


SKY COVER
  POSSIBLE SUNSHINE  MM
  AVERAGE SKY COVER 0.0


WEATHER CONDITIONS
 THE FOLLOWING WEATHER WAS RECORDED TODAY.
  HAZE


RELATIVE HUMIDITY (PERCENT)
 HIGHEST    60           300 AM
 LOWEST     29           300 PM
 AVERAGE    45

..........................................................


THE DOWNTOWN LOS ANGELES (USC) CA CLIMATE NORMALS FOR TOMORROW
                         NORMAL    RECORD    YEAR
 MAXIMUM TEMPERATURE (F)   83       103      1939
 MINIMUM TEMPERATURE (F)   63        48      1884


SUNRISE AND SUNSET
SEPTEMBER 17 2014.....SUNRISE   638 AM PDT   SUNSET   657 PM PDT
SEPTEMBER 18 2014.....SUNRISE   638 AM PDT   SUNSET   655 PM PDT


-  INDICATES NEGATIVE NUMBERS.
R  INDICATES RECORD WAS SET OR TIED.
MM INDICATES DATA IS MISSING.
T  INDICATES TRACE AMOUNT.




$$
