000
CDUS46 KLOX 010903
CLICQT


CLIMATE REPORT
NATIONAL WEATHER SERVICE LOS ANGELES/OXNARD CA
102 AM PST SUN MAR 1 2015


...................................

...THE DOWNTOWN LOS ANGELES (USC) CA CLIMATE SUMMARY FOR FEBRUARY 28 2015...

CLIMATE NORMAL PERIOD 1981 TO 2010
CLIMATE RECORD PERIOD 1877 TO 2015


WEATHER ITEM   OBSERVED TIME   RECORD YEAR NORMAL DEPARTURE LAST
                VALUE   (LST)  VALUE       VALUE  FROM      YEAR
                                                  NORMAL
..................................................................
TEMPERATURE (F)
 YESTERDAY
  MAXIMUM         65   1158 AM  88    1901  69     -4       62
  MINIMUM         52   1025 PM  39    1962  50      2       56
  AVERAGE         59                        60     -1       59

PRECIPITATION (IN)
  YESTERDAY        0.11          2.85 1938   0.12  -0.01     2.24
  MONTH TO DATE    0.83                      3.80  -2.97     3.58
  SINCE OCT 1      6.53                     10.95  -4.42     4.46
  SINCE JAN 1      1.92                      6.92  -5.00     3.58

SNOWFALL (IN)
  YESTERDAY        0.0
  MONTH TO DATE    0.0
  SINCE DEC 1      0.0
  SINCE JUL 1      0.0

DEGREE DAYS
 HEATING
  YESTERDAY        6                         6      0        6
  MONTH TO DATE   51                       186   -135      104
  SINCE DEC 1    340                       644   -304      396
  SINCE JUL 1    363                       775   -412      477

 COOLING
  YESTERDAY        0                         1     -1        0
  MONTH TO DATE   35                        14     21        6
  SINCE DEC 1     61                        27     34       39
  SINCE JAN 1     57                        23     34       23
..................................................................


WIND (MPH)
  HIGHEST WIND SPEED     9   HIGHEST WIND DIRECTION     W (270)
  HIGHEST GUST SPEED    16   HIGHEST GUST DIRECTION     W (270)
  AVERAGE WIND SPEED     1.4


SKY COVER
  POSSIBLE SUNSHINE  MM
  AVERAGE SKY COVER 0.5


WEATHER CONDITIONS
 THE FOLLOWING WEATHER WAS RECORDED YESTERDAY.
  HEAVY RAIN
  RAIN
  LIGHT RAIN
  FOG


RELATIVE HUMIDITY (PERCENT)
 HIGHEST    83           300 AM
 LOWEST     44          1200 PM
 AVERAGE    64

..........................................................


THE DOWNTOWN LOS ANGELES (USC) CA CLIMATE NORMALS FOR TODAY
                         NORMAL    RECORD    YEAR
 MAXIMUM TEMPERATURE (F)   69        88      1967
 MINIMUM TEMPERATURE (F)   50        36      1894


SUNRISE AND SUNSET
MARCH  1 2015.........SUNRISE   622 AM PST   SUNSET   549 PM PST
MARCH  2 2015.........SUNRISE   621 AM PST   SUNSET   550 PM PST


-  INDICATES NEGATIVE NUMBERS.
R  INDICATES RECORD WAS SET OR TIED.
MM INDICATES DATA IS MISSING.
T  INDICATES TRACE AMOUNT.




$$
