000
CDUS42 KILM 200852
CLICRE


CLIMATE REPORT
NATIONAL WEATHER SERVICE WILMINGTON NC
452 AM EDT FRI OCT 20 2017


...................................

...THE N.MYRTLE BEACH SOUTH CAROLINA CLIMATE SUMMARY FOR OCTOBER 19 2017...

CLIMATE NORMAL PERIOD 1981 TO 2010
CLIMATE RECORD PERIOD 1949 TO 2017


WEATHER ITEM   OBSERVED TIME   RECORD YEAR NORMAL DEPARTURE LAST
                VALUE   (LST)  VALUE       VALUE  FROM      YEAR
                                                  NORMAL
..................................................................
TEMPERATURE (F)
 YESTERDAY
  MAXIMUM         79   1253 PM  86    2007  74      5       82
  MINIMUM         56    638 AM  38    2015  54      2       64
  AVERAGE         68                        64      4       73

PRECIPITATION (IN)
  YESTERDAY        0.00          0.67 2013   0.14  -0.14     0.00
  MONTH TO DATE    1.87                      2.65  -0.78     9.38
  SINCE SEP 1      6.15                      8.93  -2.78    27.75
  SINCE JAN 1     41.76                     44.28  -2.52    53.39

DEGREE DAYS
 HEATING
  YESTERDAY        0                         3     -3        0
  MONTH TO DATE   10                        31    -21        6
  SINCE SEP 1     10                        35    -25        6
  SINCE JUL 1     10                        35    -25        6

 COOLING
  YESTERDAY        3                         2      1        8
  MONTH TO DATE  146                        76     70       98
  SINCE SEP 1    496                       384    112      476
  SINCE JAN 1   2161                      1860    301     2332
..................................................................


WIND (MPH)
  HIGHEST WIND SPEED    12   HIGHEST WIND DIRECTION    NE (30)
  HIGHEST GUST SPEED    16   HIGHEST GUST DIRECTION    NE (30)
  AVERAGE WIND SPEED     5.4


SKY COVER
  POSSIBLE SUNSHINE  MM
  AVERAGE SKY COVER 0.1


WEATHER CONDITIONS
 THE FOLLOWING WEATHER WAS RECORDED YESTERDAY.
  FOG


RELATIVE HUMIDITY (PERCENT)
 HIGHEST   100           800 PM
 LOWEST     54          1200 PM
 AVERAGE    77

..........................................................


THE N.MYRTLE BEACH SOUTH CAROLINA CLIMATE NORMALS FOR TODAY
                         NORMAL    RECORD    YEAR
 MAXIMUM TEMPERATURE (F)   74        84      2006
                                             1953
 MINIMUM TEMPERATURE (F)   54        36      1992


SUNRISE AND SUNSET
OCTOBER 20 2017.......SUNRISE   724 AM EDT   SUNSET   635 PM EDT
OCTOBER 21 2017.......SUNRISE   725 AM EDT   SUNSET   634 PM EDT


-  INDICATES NEGATIVE NUMBERS.
R  INDICATES RECORD WAS SET OR TIED.
MM INDICATES DATA IS MISSING.
T  INDICATES TRACE AMOUNT.




$$
