000
CDUS42 KILM 122146
CLICRE


CLIMATE REPORT
NATIONAL WEATHER SERVICE WILMINGTON NC
445 PM EST TUE DEC 12 2017


...................................

...THE N.MYRTLE BEACH SOUTH CAROLINA CLIMATE SUMMARY FOR DECEMBER 12 2017...
VALID TODAY AS OF 0400 PM LOCAL TIME.

CLIMATE NORMAL PERIOD 1981 TO 2010
CLIMATE RECORD PERIOD 1949 TO 2017


WEATHER ITEM   OBSERVED TIME   RECORD YEAR NORMAL DEPARTURE LAST
                VALUE   (LST)  VALUE       VALUE  FROM      YEAR
                                                  NORMAL
..................................................................
TEMPERATURE (F)
 TODAY
  MAXIMUM         63    153 PM  78    2007  59      4       70
  MINIMUM         45   1222 AM  25    1988  40      5       54
  AVERAGE         54                        49      5       62

PRECIPITATION (IN)
  TODAY            0.00          0.44 2012   0.12  -0.12     0.10
  MONTH TO DATE    1.98                      1.43   0.55     1.27
  SINCE DEC 1      1.98                      1.43   0.55     1.27
  SINCE JAN 1     47.66                     49.98  -2.32    54.84

SNOWFALL (IN)
  TODAY           MM
  MONTH TO DATE   MM
  SINCE DEC 1     MM
  SINCE JUL 1     MM
  SNOW DEPTH      MM

DEGREE DAYS
 HEATING
  TODAY           11                        16     -5        3
  MONTH TO DATE  164                       173     -9      167
  SINCE DEC 1    164                       173     -9      167
  SINCE JUL 1    505                       534    -29      470

 COOLING
  TODAY            0                         0      0        0
  MONTH TO DATE    0                         0      0        0
  SINCE DEC 1      0                         0      0        0
  SINCE JAN 1   2197                      1899    298     2370
..................................................................


WIND (MPH)
  HIGHEST WIND SPEED    20   HIGHEST WIND DIRECTION    SW (210)
  HIGHEST GUST SPEED    26   HIGHEST GUST DIRECTION     W (280)
  AVERAGE WIND SPEED    12.2


SKY COVER
  POSSIBLE SUNSHINE  MM
  AVERAGE SKY COVER 0.0


WEATHER CONDITIONS
 THE FOLLOWING WEATHER WAS RECORDED TODAY.
  NO SIGNIFICANT WEATHER WAS OBSERVED.


RELATIVE HUMIDITY (PERCENT)
 HIGHEST    86          1200 AM
 LOWEST     43           200 PM
 AVERAGE    65

..........................................................


THE N.MYRTLE BEACH SOUTH CAROLINA CLIMATE NORMALS FOR TOMORROW
                         NORMAL    RECORD    YEAR
 MAXIMUM TEMPERATURE (F)   59        74      2015
                                             2001
 MINIMUM TEMPERATURE (F)   39        24      1950


SUNRISE AND SUNSET
DECEMBER 12 2017......SUNRISE   711 AM EST   SUNSET   507 PM EST
DECEMBER 13 2017......SUNRISE   711 AM EST   SUNSET   507 PM EST


-  INDICATES NEGATIVE NUMBERS.
R  INDICATES RECORD WAS SET OR TIED.
MM INDICATES DATA IS MISSING.
T  INDICATES TRACE AMOUNT.




$$
