000
CDUS42 KILM 132041
CLICRE


CLIMATE REPORT
NATIONAL WEATHER SERVICE WILMINGTON NC
441 PM EDT SUN JUL 13 2014


...................................

...THE NORTH MYRTLE BEACH SC CLIMATE SUMMARY FOR JULY 13 2014...
VALID TODAY AS OF 0400 PM LOCAL TIME.

CLIMATE NORMAL PERIOD 1981 TO 2010
CLIMATE RECORD PERIOD 1949 TO 2014


WEATHER ITEM   OBSERVED TIME   RECORD YEAR NORMAL DEPARTURE LAST
                VALUE   (LST)  VALUE       VALUE  FROM      YEAR
                                                  NORMAL
..................................................................
TEMPERATURE (F)
 TODAY
  MAXIMUM         85    247 PM  98    1992  88     -3       82
  MINIMUM         73    545 AM  63    1953  73      0       73
  AVERAGE         79                        81     -2       78

PRECIPITATION (IN)
  TODAY            0.00                      0.20  -0.20     1.31
  MONTH TO DATE    4.25                      2.37   1.88     5.32
  SINCE JUN 1      6.88                      7.01  -0.13    17.77
  SINCE JAN 1     19.86                     24.41  -4.55    35.21

DEGREE DAYS
 HEATING
  TODAY            0                         0      0        0
  MONTH TO DATE    0                         0      0        0
  SINCE JUN 1      0                         0      0        0
  SINCE JUL 1      0                         0      0        0

 COOLING
  TODAY           14                        16     -2       13
  MONTH TO DATE  193                       200     -7      201
  SINCE JUN 1    598                       557     41      588
  SINCE JAN 1    880                       769    111      768
..................................................................


WIND (MPH)
  HIGHEST WIND SPEED    15   HIGHEST WIND DIRECTION     S (180)
  HIGHEST GUST SPEED    19   HIGHEST GUST DIRECTION     S (160)
  AVERAGE WIND SPEED     6.3


SKY COVER
  POSSIBLE SUNSHINE  MM
  AVERAGE SKY COVER 0.2


WEATHER CONDITIONS
 THE FOLLOWING WEATHER WAS RECORDED TODAY.
  NO SIGNIFICANT WEATHER WAS OBSERVED.


RELATIVE HUMIDITY (PERCENT)
 HIGHEST    93           500 AM
 LOWEST     65           900 AM
 AVERAGE    79

..........................................................


THE NORTH MYRTLE BEACH SC CLIMATE NORMALS FOR TOMORROW
                         NORMAL    RECORD    YEAR
 MAXIMUM TEMPERATURE (F)   88        97      1993
 MINIMUM TEMPERATURE (F)   73        62      2001


SUNRISE AND SUNSET
JULY 13 2014..........SUNRISE   614 AM EDT   SUNSET   827 PM EDT
JULY 14 2014..........SUNRISE   615 AM EDT   SUNSET   827 PM EDT


-  INDICATES NEGATIVE NUMBERS.
R  INDICATES RECORD WAS SET OR TIED.
MM INDICATES DATA IS MISSING.
T  INDICATES TRACE AMOUNT.




$$
