000
CDUS42 KILM 210840
CLICRE


CLIMATE REPORT
NATIONAL WEATHER SERVICE WILMINGTON NC
440 AM EDT SUN SEP 21 2014


...................................

...THE NORTH MYRTLE BEACH SC CLIMATE SUMMARY FOR SEPTEMBER 20 2014...

CLIMATE NORMAL PERIOD 1981 TO 2010
CLIMATE RECORD PERIOD 1949 TO 2014


WEATHER ITEM   OBSERVED TIME   RECORD YEAR NORMAL DEPARTURE LAST
                VALUE   (LST)  VALUE       VALUE  FROM      YEAR
                                                  NORMAL
..................................................................
TEMPERATURE (F)
 YESTERDAY
  MAXIMUM         76    310 PM  89    1950  83     -7       80
  MINIMUM         66    603 AM  55    1951  66      0       61
  AVERAGE         71                        74     -3       71

PRECIPITATION (IN)
  YESTERDAY        0.01                      0.15  -0.14     0.00
  MONTH TO DATE    3.75                      4.43  -0.68     0.82
  SINCE SEP 1      3.75                      4.43  -0.68     0.82
  SINCE JAN 1     32.40                     39.78  -7.38    41.58

DEGREE DAYS
 HEATING
  YESTERDAY        0                         0      0        0
  MONTH TO DATE    0                         0      0        0
  SINCE SEP 1      0                         0      0        0
  SINCE JUL 1      0                         0      0        0

 COOLING
  YESTERDAY        6                         9     -3        6
  MONTH TO DATE  259                       229     30      236
  SINCE SEP 1    259                       229     30      236
  SINCE JAN 1   1847                      1705    142     1687
..................................................................


WIND (MPH)
  HIGHEST WIND SPEED    17   HIGHEST WIND DIRECTION    NE (30)
  HIGHEST GUST SPEED    23   HIGHEST GUST DIRECTION    NE (40)
  AVERAGE WIND SPEED    10.1


SKY COVER
  POSSIBLE SUNSHINE  MM
  AVERAGE SKY COVER 0.1


WEATHER CONDITIONS
 THE FOLLOWING WEATHER WAS RECORDED YESTERDAY.
  LIGHT RAIN


RELATIVE HUMIDITY (PERCENT)
 HIGHEST    90          1100 PM
 LOWEST     73          1000 AM
 AVERAGE    82

..........................................................


THE NORTH MYRTLE BEACH SC CLIMATE NORMALS FOR TODAY
                         NORMAL    RECORD    YEAR
 MAXIMUM TEMPERATURE (F)   83        92      1954
 MINIMUM TEMPERATURE (F)   66        54      1991


SUNRISE AND SUNSET
SEPTEMBER 21 2014.....SUNRISE   702 AM EDT   SUNSET   713 PM EDT
SEPTEMBER 22 2014.....SUNRISE   703 AM EDT   SUNSET   712 PM EDT


-  INDICATES NEGATIVE NUMBERS.
R  INDICATES RECORD WAS SET OR TIED.
MM INDICATES DATA IS MISSING.
T  INDICATES TRACE AMOUNT.




$$
