000
CDUS42 KILM 222049
CLICRE


CLIMATE REPORT
NATIONAL WEATHER SERVICE WILMINGTON NC
449 PM EDT WED MAR 22 2017


...................................

...THE NORTH MYRTLE BEACH SC CLIMATE SUMMARY FOR MARCH 22 2017...
VALID TODAY AS OF 0400 PM LOCAL TIME.

CLIMATE NORMAL PERIOD 1981 TO 2010
CLIMATE RECORD PERIOD 1949 TO 2017


WEATHER ITEM   OBSERVED TIME   RECORD YEAR NORMAL DEPARTURE LAST
                VALUE   (LST)  VALUE       VALUE  FROM      YEAR
                                                  NORMAL
..................................................................
TEMPERATURE (F)
 TODAY
  MAXIMUM         70    248 PM  86    1995  66      4       63
  MINIMUM         58    538 AM  26    1956  46     12       36
  AVERAGE         64                        56      8       50

PRECIPITATION (IN)
  TODAY            0.09                      0.12  -0.03     0.00
  MONTH TO DATE    1.69                      2.75  -1.06     0.65
  SINCE MAR 1      1.69                      2.75  -1.06     0.65
  SINCE JAN 1      5.22                      9.86  -4.64     8.72

SNOWFALL (IN)
  TODAY           MM
  MONTH TO DATE   MM
  SINCE MAR 1     MM
  SINCE JUL 1     MM
  SNOW DEPTH      MM

DEGREE DAYS
 HEATING
  TODAY            1                        10     -9       15
  MONTH TO DATE  306                       262     44      156
  SINCE MAR 1    306                       262     44      156
  SINCE JUL 1   1710                      2206   -496     1631

 COOLING
  TODAY            0                         0      0        0
  MONTH TO DATE    3                         0      3       22
  SINCE MAR 1      3                         0      3       22
  SINCE JAN 1      4                         0      4       22
..................................................................


WIND (MPH)
  HIGHEST WIND SPEED    22   HIGHEST WIND DIRECTION     N (10)
  HIGHEST GUST SPEED    33   HIGHEST GUST DIRECTION     N (360)
  AVERAGE WIND SPEED    10.0


SKY COVER
  POSSIBLE SUNSHINE  MM
  AVERAGE SKY COVER 0.5


WEATHER CONDITIONS
 THE FOLLOWING WEATHER WAS RECORDED TODAY.
  THUNDERSTORM
  RAIN
  LIGHT RAIN
  FOG


RELATIVE HUMIDITY (PERCENT)
 HIGHEST   100           400 AM
 LOWEST     40           300 PM
 AVERAGE    70

..........................................................


THE NORTH MYRTLE BEACH SC CLIMATE NORMALS FOR TOMORROW
                         NORMAL    RECORD    YEAR
 MAXIMUM TEMPERATURE (F)   66        85      2011
 MINIMUM TEMPERATURE (F)   46        28      2002


SUNRISE AND SUNSET
MARCH 22 2017.........SUNRISE   716 AM EDT   SUNSET   728 PM EDT
MARCH 23 2017.........SUNRISE   714 AM EDT   SUNSET   729 PM EDT


-  INDICATES NEGATIVE NUMBERS.
R  INDICATES RECORD WAS SET OR TIED.
MM INDICATES DATA IS MISSING.
T  INDICATES TRACE AMOUNT.




$$
