000
CDUS42 KILM 250941
CLICRE


CLIMATE REPORT
NATIONAL WEATHER SERVICE WILMINGTON NC
441 AM EST SAT FEB 25 2017


...................................

...THE NORTH MYRTLE BEACH SC CLIMATE SUMMARY FOR FEBRUARY 24 2017...

CLIMATE NORMAL PERIOD 1981 TO 2010
CLIMATE RECORD PERIOD 1949 TO 2017


WEATHER ITEM   OBSERVED TIME   RECORD YEAR NORMAL DEPARTURE LAST
                VALUE   (LST)  VALUE       VALUE  FROM      YEAR
                                                  NORMAL
..................................................................
TEMPERATURE (F)
 YESTERDAY
  MAXIMUM         75   1231 PM  78    1996  59     16       68
  MINIMUM         55   1156 PM  26    2009  40     15       58
  AVERAGE         65                        50     15       63

PRECIPITATION (IN)
  YESTERDAY        0.00                      0.12  -0.12     0.51
  MONTH TO DATE    1.31                      2.93  -1.62     6.17
  SINCE DEC 1      5.96                     10.08  -4.12    11.19
  SINCE JAN 1      3.34                      6.62  -3.28     8.07

SNOWFALL (IN)
  YESTERDAY       MM
  MONTH TO DATE   MM
  SINCE DEC 1     MM
  SINCE JUL 1     MM
  SNOW DEPTH      MM

DEGREE DAYS
 HEATING
  YESTERDAY        0                        15    -15        2
  MONTH TO DATE  242                       418   -176      394
  SINCE DEC 1   1068                      1525   -457     1199
  SINCE JUL 1   1371                      1886   -515     1396

 COOLING
  YESTERDAY        0                         0      0        0
  MONTH TO DATE    0                         0      0        0
  SINCE DEC 1      0                         3     -3       51
  SINCE JAN 1      0                         0      0        0
..................................................................


WIND (MPH)
  HIGHEST WIND SPEED    13   HIGHEST WIND DIRECTION     E (110)
  HIGHEST GUST SPEED    16   HIGHEST GUST DIRECTION     E (110)
  AVERAGE WIND SPEED     5.6


SKY COVER
  POSSIBLE SUNSHINE  MM
  AVERAGE SKY COVER 0.0


WEATHER CONDITIONS
 THE FOLLOWING WEATHER WAS RECORDED YESTERDAY.
  FOG


RELATIVE HUMIDITY (PERCENT)
 HIGHEST   100          1200 AM
 LOWEST     64          1100 AM
 AVERAGE    82

..........................................................


THE NORTH MYRTLE BEACH SC CLIMATE NORMALS FOR TODAY
                         NORMAL    RECORD    YEAR
 MAXIMUM TEMPERATURE (F)   60        77      1949
 MINIMUM TEMPERATURE (F)   40        22      1989


SUNRISE AND SUNSET
FEBRUARY 25 2017......SUNRISE   648 AM EST   SUNSET   608 PM EST
FEBRUARY 26 2017......SUNRISE   647 AM EST   SUNSET   609 PM EST


-  INDICATES NEGATIVE NUMBERS.
R  INDICATES RECORD WAS SET OR TIED.
MM INDICATES DATA IS MISSING.
T  INDICATES TRACE AMOUNT.




$$
