000
CDUS42 KILM 240846
CLICRE


CLIMATE REPORT
NATIONAL WEATHER SERVICE WILMINGTON NC
446 AM EDT SUN JUL 24 2016


...................................

...THE NORTH MYRTLE BEACH SC CLIMATE SUMMARY FOR JULY 23 2016...

CLIMATE NORMAL PERIOD 1981 TO 2010
CLIMATE RECORD PERIOD 1949 TO 2016


WEATHER ITEM   OBSERVED TIME   RECORD YEAR NORMAL DEPARTURE LAST
                VALUE   (LST)  VALUE       VALUE  FROM      YEAR
                                                  NORMAL
..................................................................
TEMPERATURE (F)
 YESTERDAY
  MAXIMUM         89    242 PM  96    1999  88      1       89
                                      1952
  MINIMUM         77    648 AM  62    2007  73      4       76
  AVERAGE         83                        80      3       83

PRECIPITATION (IN)
  YESTERDAY        T                         0.21  -0.21     1.03
  MONTH TO DATE    2.68                      4.41  -1.73     3.72
  SINCE JUN 1      5.92                      9.05  -3.13     6.88
  SINCE JAN 1     21.66                     26.45  -4.79    26.94

DEGREE DAYS
 HEATING
  YESTERDAY        0                         0      0        0
  MONTH TO DATE    0                         0      0        0
  SINCE JUN 1      0                         0      0        0
  SINCE JUL 1      0                         0      0        0

 COOLING
  YESTERDAY       18                        15      3       18
  MONTH TO DATE  405                       357     48      401
  SINCE JUN 1    847                       714    133      876
  SINCE JAN 1   1143                       926    217     1135
..................................................................


WIND (MPH)
  HIGHEST WIND SPEED    20   HIGHEST WIND DIRECTION     S (190)
  HIGHEST GUST SPEED    25   HIGHEST GUST DIRECTION     S (200)
  AVERAGE WIND SPEED     7.9


SKY COVER
  POSSIBLE SUNSHINE  MM
  AVERAGE SKY COVER 0.2


WEATHER CONDITIONS
 THE FOLLOWING WEATHER WAS RECORDED YESTERDAY.
  THUNDERSTORM
  LIGHT RAIN


RELATIVE HUMIDITY (PERCENT)
 HIGHEST    88           800 PM
 LOWEST     63           100 PM
 AVERAGE    76

..........................................................


THE NORTH MYRTLE BEACH SC CLIMATE NORMALS FOR TODAY
                         NORMAL    RECORD    YEAR
 MAXIMUM TEMPERATURE (F)   88        98      2012
 MINIMUM TEMPERATURE (F)   73        64      2007


SUNRISE AND SUNSET
JULY 24 2016..........SUNRISE   621 AM EDT   SUNSET   821 PM EDT
JULY 25 2016..........SUNRISE   622 AM EDT   SUNSET   820 PM EDT


-  INDICATES NEGATIVE NUMBERS.
R  INDICATES RECORD WAS SET OR TIED.
MM INDICATES DATA IS MISSING.
T  INDICATES TRACE AMOUNT.




$$
