000
CDUS44 KCRP 150652
CLICRP

CLIMATE REPORT
NATIONAL WEATHER SERVICE CORPUS CHRISTI TX
1250 AM CST FRI DEC 15 2017


...................................

...THE CORPUS CHRISTI CLIMATE SUMMARY FOR DECEMBER 14 2017...

CLIMATE NORMAL PERIOD 1981 TO 2010
CLIMATE RECORD PERIOD 1887 TO 2017


WEATHER ITEM   OBSERVED TIME   RECORD YEAR NORMAL DEPARTURE LAST
                VALUE   (LST)  VALUE       VALUE  FROM      YEAR
                                                  NORMAL
..................................................................
TEMPERATURE (F)
 YESTERDAY
  MAXIMUM         67    221 PM  85    1973  68     -1       68
  MINIMUM         51    527 AM  27    1919  49      2       59
  AVERAGE         59                        58      1       64

PRECIPITATION (IN)
  YESTERDAY        T             0.52 1937   0.06  -0.06     0.00
  MONTH TO DATE    3.82                      0.76   3.06     2.00
  SINCE DEC 1      3.82                      0.76   3.06     2.00
  SINCE JAN 1     30.34                     30.69  -0.35    32.53

SNOWFALL (IN)
  YESTERDAY        0.0
  MONTH TO DATE    1.0
  SINCE DEC 1      1.0
  SINCE JUL 1      1.0
  SNOW DEPTH       0

DEGREE DAYS
 HEATING
  YESTERDAY        6                         8     -2        1
  MONTH TO DATE  129                        98     31       74
  SINCE DEC 1    129                        98     31       74
  SINCE JUL 1    193                       199     -6       92

 COOLING
  YESTERDAY        0                         2     -2        0
  MONTH TO DATE   24                        28     -4       17
  SINCE DEC 1     24                        28     -4       17
  SINCE JAN 1   4011                      3503    508     4199
..................................................................


WIND (MPH)
  HIGHEST WIND SPEED    16   HIGHEST WIND DIRECTION     N (10)
  HIGHEST GUST SPEED    20   HIGHEST GUST DIRECTION     N (10)
  AVERAGE WIND SPEED     6.4


SKY COVER
  POSSIBLE SUNSHINE  MM
  AVERAGE SKY COVER 1.0


WEATHER CONDITIONS
 THE FOLLOWING WEATHER WAS RECORDED YESTERDAY.
  LIGHT RAIN


RELATIVE HUMIDITY (PERCENT)
 HIGHEST    96           100 AM
 LOWEST     72          1100 AM
 AVERAGE    84

..........................................................


THE CORPUS CHRISTI CLIMATE NORMALS FOR TODAY
                         NORMAL    RECORD    YEAR
 MAXIMUM TEMPERATURE (F)   68        85      1950
 MINIMUM TEMPERATURE (F)   48        20      1901


SUNRISE AND SUNSET
DECEMBER 15 2017......SUNRISE   713 AM CST   SUNSET   537 PM CST
DECEMBER 16 2017......SUNRISE   714 AM CST   SUNSET   538 PM CST


-  INDICATES NEGATIVE NUMBERS.
R  INDICATES RECORD WAS SET OR TIED.
MM INDICATES DATA IS MISSING.
T  INDICATES TRACE AMOUNT.

$$

GW
