492
CDUS44 KCRP 050939
CLICRP

CLIMATE REPORT
NATIONAL WEATHER SERVICE CORPUS CHRISTI TX
438 AM CDT THU MAY 5 2016


...................................

...THE CORPUS CHRISTI CLIMATE SUMMARY FOR MAY 4 2016...

CLIMATE NORMAL PERIOD 1981 TO 2010
CLIMATE RECORD PERIOD 1887 TO 2016


WEATHER ITEM   OBSERVED TIME   RECORD YEAR NORMAL DEPARTURE LAST
                VALUE   (LST)  VALUE       VALUE  FROM      YEAR
                                                  NORMAL
..................................................................
TEMPERATURE (F)
 YESTERDAY
  MAXIMUM         90    359 PM 100    1999  85      5       83
  MINIMUM         58    615 AM  47    1970  68    -10       72
  AVERAGE         74                        76     -2       78

PRECIPITATION (IN)
  YESTERDAY        0.00          2.16 1966   0.09  -0.09      T
  MONTH TO DATE    T                         0.33  -0.33     0.22
  SINCE MAR 1      9.94                      4.06   5.88    12.71
  SINCE JAN 1     12.23                      7.53   4.70    16.16

SNOWFALL (IN)
  YESTERDAY        0.0
  MONTH TO DATE    0.0
  SINCE MAR 1      0.0
  SINCE JUL 1      0.0
  SNOW DEPTH       0

DEGREE DAYS
 HEATING
  YESTERDAY        0                         0      0        0
  MONTH TO DATE    0                         0      0        0
  SINCE MAR 1     21                        98    -77      116
  SINCE JUL 1    640                       898   -258     1053

 COOLING
  YESTERDAY        9                        11     -2       13
  MONTH TO DATE   44                        44      0       32
  SINCE MAR 1    542                       396    146      388
  SINCE JAN 1    619                       472    147      416
..................................................................


WIND (MPH)
  HIGHEST WIND SPEED    18   HIGHEST WIND DIRECTION     N (350)
  HIGHEST GUST SPEED    24   HIGHEST GUST DIRECTION     N (360)
  AVERAGE WIND SPEED     7.5


SKY COVER
  POSSIBLE SUNSHINE  MM
  AVERAGE SKY COVER 0.2


WEATHER CONDITIONS
 THE FOLLOWING WEATHER WAS RECORDED YESTERDAY.
  NO SIGNIFICANT WEATHER WAS OBSERVED.


RELATIVE HUMIDITY (PERCENT)
 HIGHEST    84          1100 PM
 LOWEST     22           300 PM
 AVERAGE    53

..........................................................


THE CORPUS CHRISTI CLIMATE NORMALS FOR TODAY
                         NORMAL    RECORD    YEAR
 MAXIMUM TEMPERATURE (F)   85        96      2003
 MINIMUM TEMPERATURE (F)   68        50      1970


SUNRISE AND SUNSET
MAY  5 2016...........SUNRISE   647 AM CDT   SUNSET   807 PM CDT
MAY  6 2016...........SUNRISE   646 AM CDT   SUNSET   807 PM CDT


-  INDICATES NEGATIVE NUMBERS.
R  INDICATES RECORD WAS SET OR TIED.
MM INDICATES DATA IS MISSING.
T  INDICATES TRACE AMOUNT.




$$
