000
CDUS44 KCRP 250839
CLICRP

CLIMATE REPORT
NATIONAL WEATHER SERVICE CORPUS CHRISTI TX
327 AM CDT TUE APR 25 2017


...................................

...THE CORPUS CHRISTI CLIMATE SUMMARY FOR APRIL 24 2017...

CLIMATE NORMAL PERIOD 1981 TO 2010
CLIMATE RECORD PERIOD 1887 TO 2017


WEATHER ITEM   OBSERVED TIME   RECORD YEAR NORMAL DEPARTURE LAST
                VALUE   (LST)  VALUE       VALUE  FROM      YEAR
                                                  NORMAL
..................................................................
TEMPERATURE (F)
 YESTERDAY
  MAXIMUM         82    224 PM  94    1953  83     -1       81
  MINIMUM         53    612 AM  49    1983  65    -12       69
  AVERAGE         68                        74     -6       75

PRECIPITATION (IN)
  YESTERDAY        0.00          1.46 1926   0.06  -0.06     0.63
  MONTH TO DATE    2.19                      1.41   0.78     3.40
  SINCE MAR 1      7.18                      3.30   3.88     9.94
  SINCE JAN 1     10.02                      6.77   3.25    12.23

SNOWFALL (IN)
  YESTERDAY        0.0
  MONTH TO DATE    0.0
  SINCE MAR 1      0.0
  SINCE JUL 1      0.0
  SNOW DEPTH       0

DEGREE DAYS
 HEATING
  YESTERDAY        0                         0      0        0
  MONTH TO DATE    0                        15    -15        0
  SINCE MAR 1     16                        96    -80       21
  SINCE JUL 1    368                       896   -528      640

 COOLING
  YESTERDAY        3                         9     -6       10
  MONTH TO DATE  221                       178     43      198
  SINCE MAR 1    424                       293    131      398
  SINCE JAN 1    693                       369    324      475
..................................................................


WIND (MPH)
  HIGHEST WIND SPEED    21   HIGHEST WIND DIRECTION    SE (140)
  HIGHEST GUST SPEED    28   HIGHEST GUST DIRECTION    SE (130)
  AVERAGE WIND SPEED     9.4


SKY COVER
  POSSIBLE SUNSHINE  MM
  AVERAGE SKY COVER 0.3


WEATHER CONDITIONS
 THE FOLLOWING WEATHER WAS RECORDED YESTERDAY.
  NO SIGNIFICANT WEATHER WAS OBSERVED.


RELATIVE HUMIDITY (PERCENT)
 HIGHEST    93           600 AM
 LOWEST     42          1200 PM
 AVERAGE    68

..........................................................


THE CORPUS CHRISTI CLIMATE NORMALS FOR TODAY
                         NORMAL    RECORD    YEAR
 MAXIMUM TEMPERATURE (F)   83        99      2003
 MINIMUM TEMPERATURE (F)   65        49      1983


SUNRISE AND SUNSET
APRIL 25 2017.........SUNRISE   655 AM CDT   SUNSET   801 PM CDT
APRIL 26 2017.........SUNRISE   654 AM CDT   SUNSET   801 PM CDT


-  INDICATES NEGATIVE NUMBERS.
R  INDICATES RECORD WAS SET OR TIED.
MM INDICATES DATA IS MISSING.
T  INDICATES TRACE AMOUNT.




$$
