000
CDUS44 KCRP 290723
CLICRP

CLIMATE REPORT
NATIONAL WEATHER SERVICE CORPUS CHRISTI TX
222 AM CDT FRI AUG 29 2014


...................................

...THE CORPUS CHRISTI CLIMATE SUMMARY FOR AUGUST 28 2014...

CLIMATE NORMAL PERIOD 1981 TO 2010
CLIMATE RECORD PERIOD 1887 TO 2014


WEATHER ITEM   OBSERVED TIME   RECORD YEAR NORMAL DEPARTURE LAST
                VALUE   (LST)  VALUE       VALUE  FROM      YEAR
                                                  NORMAL
..................................................................
TEMPERATURE (F)
 YESTERDAY
  MAXIMUM         94    134 PM 107    2011  94      0       94
  MINIMUM         80    526 AM  70    2010  75      5       74
                                      1970
                                      1968
  AVERAGE         87                        84      3       84

PRECIPITATION (IN)
  YESTERDAY        0.04          5.05 1953   0.14  -0.10     0.00
  MONTH TO DATE    1.08                      2.46  -1.38     1.21
  SINCE JUN 1      3.23                      8.61  -5.38     6.28
  SINCE JAN 1     10.33                     18.88  -8.55    11.01

SNOWFALL (IN)
  YESTERDAY        0.0
  MONTH TO DATE    0.0
  SINCE JUN 1      0.0
  SINCE JUL 1      0.0
  SNOW DEPTH       0

DEGREE DAYS
 HEATING
  YESTERDAY        0                         0      0        0
  MONTH TO DATE    0                         0      0        0
  SINCE JUN 1      0                         0      0        0
  SINCE JUL 1      0                         0      0        0

 COOLING
  YESTERDAY       22                        19      3       19
  MONTH TO DATE  616                       556     60      614
  SINCE JUN 1   1843                      1665    178     1929
  SINCE JAN 1   2649                      2506    143     2947
..................................................................


WIND (MPH)
  HIGHEST WIND SPEED    22   HIGHEST WIND DIRECTION     E (80)
  HIGHEST GUST SPEED    27   HIGHEST GUST DIRECTION     E (100)
  AVERAGE WIND SPEED    12.9


SKY COVER
  POSSIBLE SUNSHINE  MM
  AVERAGE SKY COVER 0.6


WEATHER CONDITIONS
 THE FOLLOWING WEATHER WAS RECORDED YESTERDAY.
  THUNDERSTORM
  LIGHT RAIN


RELATIVE HUMIDITY (PERCENT)
 HIGHEST    91           500 AM
 LOWEST     52           100 PM
 AVERAGE    72

..........................................................


THE CORPUS CHRISTI CLIMATE NORMALS FOR TODAY
                         NORMAL    RECORD    YEAR
 MAXIMUM TEMPERATURE (F)   93       107      2012
 MINIMUM TEMPERATURE (F)   75        69      1992
                                             1958


SUNRISE AND SUNSET
AUGUST 29 2014........SUNRISE   707 AM CDT   SUNSET   754 PM CDT
AUGUST 30 2014........SUNRISE   708 AM CDT   SUNSET   753 PM CDT


-  INDICATES NEGATIVE NUMBERS.
R  INDICATES RECORD WAS SET OR TIED.
MM INDICATES DATA IS MISSING.
T  INDICATES TRACE AMOUNT.




$$
