000
CDUS44 KCRP 312140
CLICRP

CLIMATE REPORT
NATIONAL WEATHER SERVICE CORPUS CHRISTI TX
439 PM CDT TUE MAY 31 2016


...................................

...THE CORPUS CHRISTI CLIMATE SUMMARY FOR MAY 31 2016...
VALID AS OF 400 PM LOCAL TIME.

CLIMATE NORMAL PERIOD 1981 TO 2010
CLIMATE RECORD PERIOD 1887 TO 2016


WEATHER ITEM   OBSERVED TIME   RECORD YEAR NORMAL DEPARTURE LAST
                VALUE   (LST)  VALUE       VALUE  FROM      YEAR
                                                  NORMAL
..................................................................
TEMPERATURE (F)
 TODAY
  MAXIMUM         90    137 PM  97    2013  89      1       87
  MINIMUM         76    558 AM  56    1984  73      3       71
  AVERAGE         83                        81      2       79

PRECIPITATION (IN)
  TODAY            0.00          4.00 1992   0.11  -0.11     0.00
  MONTH TO DATE    5.83                      3.07   2.76    14.32
  SINCE MAR 1     15.77                      6.80   8.97    26.81
  SINCE JAN 1     18.06                     10.27   7.79    30.26

SNOWFALL (IN)
  TODAY            0.0
  MONTH TO DATE    0.0
  SINCE MAR 1      0.0
  SINCE JUL 1      0.0
  SNOW DEPTH       0

DEGREE DAYS
 HEATING
  TODAY            0                         0      0        0
  MONTH TO DATE    0                         0      0        0
  SINCE MAR 1     21                        98    -77      116
  SINCE JUL 1    640                       898   -258     1053

 COOLING
  TODAY           18                        16      2       14
  MONTH TO DATE  461                       413     48      446
  SINCE MAR 1    959                       765    194      802
  SINCE JAN 1   1036                       841    195      830
..................................................................


WIND (MPH)
  HIGHEST WIND SPEED    24   HIGHEST WIND DIRECTION    SE (140)
  HIGHEST GUST SPEED    30   HIGHEST GUST DIRECTION    SE (120)


SKY COVER
  POSSIBLE SUNSHINE  MM
  AVERAGE SKY COVER 0.8


WEATHER CONDITIONS
 THE FOLLOWING WEATHER WAS RECORDED TODAY.
  NO SIGNIFICANT WEATHER WAS OBSERVED.


RELATIVE HUMIDITY (PERCENT)
 HIGHEST    94           400 AM
 LOWEST     63           300 PM
 AVERAGE    79

..........................................................


THE CORPUS CHRISTI CLIMATE NORMALS FOR TOMORROW
                         NORMAL    RECORD    YEAR
 MAXIMUM TEMPERATURE (F)   89        97      2013
 MINIMUM TEMPERATURE (F)   73        58      1975


SUNRISE AND SUNSET
MAY 31 2016...........SUNRISE   634 AM CDT   SUNSET   821 PM CDT
JUNE  1 2016..........SUNRISE   634 AM CDT   SUNSET   822 PM CDT


-  INDICATES NEGATIVE NUMBERS.
R  INDICATES RECORD WAS SET OR TIED.
MM INDICATES DATA IS MISSING.
T  INDICATES TRACE AMOUNT.




$$
