000
CDUS41 KRLX 162121
CLICRW


CLIMATE REPORT
NATIONAL WEATHER SERVICE CHARLESTON WV
520 PM EDT WED AUG 16 2017


...................................

...THE CHARLESTON WV CLIMATE SUMMARY FOR AUGUST 16 2017...
VALID TODAY AS OF 0500 PM LOCAL TIME.

CLIMATE NORMAL PERIOD 1981 TO 2010
CLIMATE RECORD PERIOD 1901 TO 2017


WEATHER ITEM   OBSERVED TIME   RECORD YEAR NORMAL DEPARTURE LAST
                VALUE   (LST)  VALUE       VALUE  FROM      YEAR
                                                  NORMAL
..................................................................
TEMPERATURE (F)
 TODAY
  MAXIMUM         90    310 PM 104    2007  85      5       92
  MINIMUM         69    646 AM  47    1979  65      4       69
  AVERAGE         80                        75      5       81

PRECIPITATION (IN)
  TODAY            0.00          1.64 1922   0.12  -0.12     0.01
  MONTH TO DATE    3.15                      2.06   1.09     1.66
  SINCE JUN 1     15.43                     11.29   4.14    11.13
  SINCE JAN 1     35.16                     29.43   5.73    27.99

DEGREE DAYS
 HEATING
  TODAY            0                         0      0        0
  MONTH TO DATE    0                         0      0        0
  SINCE JUN 1      5                        13     -8        3
  SINCE JUL 1      0                         0      0        0

 COOLING
  TODAY           15                        10      5       16
  MONTH TO DATE  130                       160    -30      226
  SINCE JUN 1    672                       704    -32      857
  SINCE JAN 1    817                       814      3      987
..................................................................


WIND (MPH)
  HIGHEST WIND SPEED     7   HIGHEST WIND DIRECTION    SW (210)
  HIGHEST GUST SPEED     9   HIGHEST GUST DIRECTION    SW (220)
  AVERAGE WIND SPEED     0.5


SKY COVER
  POSSIBLE SUNSHINE  MM
  AVERAGE SKY COVER 0.7


WEATHER CONDITIONS
 THE FOLLOWING WEATHER WAS RECORDED TODAY.
  FOG
  FOG W/VISIBILITY <= 1/4 MILE


RELATIVE HUMIDITY (PERCENT)
 HIGHEST   100           700 AM
 LOWEST     50           300 PM
 AVERAGE    75

..........................................................


THE CHARLESTON WV CLIMATE NORMALS FOR TOMORROW
                         NORMAL    RECORD    YEAR
 MAXIMUM TEMPERATURE (F)   84       101      1988
 MINIMUM TEMPERATURE (F)   65        48      1979


SUNRISE AND SUNSET
AUGUST 16 2017........SUNRISE   642 AM EDT   SUNSET   819 PM EDT
AUGUST 17 2017........SUNRISE   643 AM EDT   SUNSET   817 PM EDT


-  INDICATES NEGATIVE NUMBERS.
R  INDICATES RECORD WAS SET OR TIED.
MM INDICATES DATA IS MISSING.
T  INDICATES TRACE AMOUNT.




$$
