000
CDUS41 KRLX 242122
CLICRW


CLIMATE REPORT
NATIONAL WEATHER SERVICE CHARLESTON WV
522 PM EDT TUE MAY 24 2016


...................................

...THE CHARLESTON WV CLIMATE SUMMARY FOR MAY 24 2016...
VALID TODAY AS OF 0500 PM LOCAL TIME.

CLIMATE NORMAL PERIOD 1981 TO 2010
CLIMATE RECORD PERIOD 1901 TO 2016


WEATHER ITEM   OBSERVED TIME   RECORD YEAR NORMAL DEPARTURE LAST
                VALUE   (LST)  VALUE       VALUE  FROM      YEAR
                                                  NORMAL
..................................................................
TEMPERATURE (F)
 TODAY
  MAXIMUM         81    359 PM  92    1939  76      5       85
                                      1922
  MINIMUM         50    547 AM  32    1963  55     -5       49
  AVERAGE         66                        66      0       67

PRECIPITATION (IN)
  TODAY            0.00          1.25 1955   0.16  -0.16     0.00
  MONTH TO DATE    5.09                      3.65   1.44     1.16
  SINCE MAR 1     10.69                     10.80  -0.11    13.22
  SINCE JAN 1     16.86                     16.99  -0.13    18.42

DEGREE DAYS
 HEATING
  TODAY            0                         3     -3        0
  MONTH TO DATE  138                       103     35       54
  SINCE MAR 1    781                       997   -216      930
  SINCE JUL 1   3716                      4451   -735     4835

 COOLING
  TODAY            1                         3     -2        2
  MONTH TO DATE   27                        49    -22      106
  SINCE MAR 1     73                        81     -8      121
  SINCE JAN 1     73                        81     -8      121
..................................................................


WIND (MPH)
  HIGHEST WIND SPEED    12   HIGHEST WIND DIRECTION     W (270)
  HIGHEST GUST SPEED    16   HIGHEST GUST DIRECTION    NW (320)
  AVERAGE WIND SPEED     1.7


SKY COVER
  POSSIBLE SUNSHINE  MM
  AVERAGE SKY COVER 0.3


WEATHER CONDITIONS
 THE FOLLOWING WEATHER WAS RECORDED TODAY.
  FOG


RELATIVE HUMIDITY (PERCENT)
 HIGHEST    96           400 AM
 LOWEST     33           400 PM
 AVERAGE    65

..........................................................


THE CHARLESTON WV CLIMATE NORMALS FOR TOMORROW
                         NORMAL    RECORD    YEAR
 MAXIMUM TEMPERATURE (F)   77        92      1991
                                             1970
                                             1939
 MINIMUM TEMPERATURE (F)   55        33      1956


SUNRISE AND SUNSET
MAY 24 2016...........SUNRISE   608 AM EDT   SUNSET   839 PM EDT
MAY 25 2016...........SUNRISE   608 AM EDT   SUNSET   840 PM EDT


-  INDICATES NEGATIVE NUMBERS.
R  INDICATES RECORD WAS SET OR TIED.
MM INDICATES DATA IS MISSING.
T  INDICATES TRACE AMOUNT.




$$
