000
CDUS41 KRLX 142235
CLICRW


CLIMATE REPORT
NATIONAL WEATHER SERVICE CHARLESTON WV
534 PM EST SUN FEB 14 2016


...................................

...THE CHARLESTON WV CLIMATE SUMMARY FOR FEBRUARY 14 2016...
VALID TODAY AS OF 0500 PM LOCAL TIME.

CLIMATE NORMAL PERIOD 1981 TO 2010
CLIMATE RECORD PERIOD 1901 TO 2016


WEATHER ITEM   OBSERVED TIME   RECORD YEAR NORMAL DEPARTURE LAST
                VALUE   (LST)  VALUE       VALUE  FROM      YEAR
                                                  NORMAL
..................................................................
TEMPERATURE (F)
 TODAY
  MAXIMUM         24    359 PM  77    1950  46    -22       39
  MINIMUM          4    722 AM  -2    1905  29    -25        9
  AVERAGE         14                        37    -23       24

PRECIPITATION (IN)
  TODAY            0.00          1.16 1940   0.11  -0.11     0.06
  MONTH TO DATE    0.97                      1.53  -0.56     0.77
  SINCE DEC 1      9.10                      7.80   1.30     5.85
  SINCE JAN 1      3.51                      4.53  -1.02     3.00

DEGREE DAYS
 HEATING
  TODAY           51                        28     23       41
  MONTH TO DATE  446                       403     43      458
  SINCE DEC 1   1967                      2207   -240     2225
  SINCE JUL 1   2619                      3091   -472     3268

 COOLING
  TODAY            0                         0      0        0
  MONTH TO DATE    0                         0      0        0
  SINCE DEC 1      0                         1     -1        0
  SINCE JAN 1      0                         0      0        0
..................................................................


WIND (MPH)
  HIGHEST WIND SPEED    12   HIGHEST WIND DIRECTION     E (100)
  HIGHEST GUST SPEED    15   HIGHEST GUST DIRECTION    SE (120)
  AVERAGE WIND SPEED     2.1


SKY COVER
  POSSIBLE SUNSHINE  MM
  AVERAGE SKY COVER 0.5


WEATHER CONDITIONS
 THE FOLLOWING WEATHER WAS RECORDED TODAY.
  NO SIGNIFICANT WEATHER WAS OBSERVED.


RELATIVE HUMIDITY (PERCENT)
 HIGHEST    87           800 AM
 LOWEST     36           400 PM
 AVERAGE    62

..........................................................


THE CHARLESTON WV CLIMATE NORMALS FOR TOMORROW
                         NORMAL    RECORD    YEAR
 MAXIMUM TEMPERATURE (F)   47        78      1921
 MINIMUM TEMPERATURE (F)   29         3      1943


SUNRISE AND SUNSET
FEBRUARY 14 2016......SUNRISE   719 AM EST   SUNSET   603 PM EST
FEBRUARY 15 2016......SUNRISE   717 AM EST   SUNSET   604 PM EST


-  INDICATES NEGATIVE NUMBERS.
R  INDICATES RECORD WAS SET OR TIED.
MM INDICATES DATA IS MISSING.
T  INDICATES TRACE AMOUNT.




$$
