000
CDUS41 KRLX 210721
CLICRW


CLIMATE REPORT
NATIONAL WEATHER SERVICE CHARLESTON WV
319 AM EDT SUN SEP 21 2014


...................................

...THE CHARLESTON WV CLIMATE SUMMARY FOR SEPTEMBER 20 2014...

CLIMATE NORMAL PERIOD 1981 TO 2010
CLIMATE RECORD PERIOD 1901 TO 2014


WEATHER ITEM   OBSERVED TIME   RECORD YEAR NORMAL DEPARTURE LAST
                VALUE   (LST)  VALUE       VALUE  FROM      YEAR
                                                  NORMAL
..................................................................
TEMPERATURE (F)
 YESTERDAY
  MAXIMUM         81    431 PM  97    1925  76      5       84
  MINIMUM         57    642 AM  36    1937  55      2       65
  AVERAGE         69                        66      3       75

PRECIPITATION (IN)
  YESTERDAY        0.00          1.25 1954   0.11  -0.11      T
  MONTH TO DATE    4.49                      2.21   2.28     1.56
  SINCE JAN 1     36.64                     33.32   3.32    35.60

SNOWFALL (IN)
  YESTERDAY        0.0
  MONTH TO DATE    0.0
  SINCE SEP 1      0.0
  SNOW DEPTH       0

DEGREE DAYS
 HEATING
  YESTERDAY        0                         2     -2        0
  MONTH TO DATE   23                        18      5       16
  SINCE SEP 1     23                        18      5       16
  SINCE JUL 1     23                        20      3       19

 COOLING
  YESTERDAY        4                         3      1       10
  MONTH TO DATE  108                       102      6      111
  SINCE SEP 1    108                       102      6      111
  SINCE JAN 1   1015                      1048    -33     1077
..................................................................


WIND (MPH)
  HIGHEST WIND SPEED    14   HIGHEST WIND DIRECTION    SW (240)
  HIGHEST GUST SPEED    18   HIGHEST GUST DIRECTION    SW (240)
  AVERAGE WIND SPEED     3.1


SKY COVER
  POSSIBLE SUNSHINE  MM
  AVERAGE SKY COVER 0.3


WEATHER CONDITIONS
 THE FOLLOWING WEATHER WAS RECORDED YESTERDAY.
  FOG


RELATIVE HUMIDITY (PERCENT)
 HIGHEST   100          1100 PM
 LOWEST     51           100 PM
 AVERAGE    76

..........................................................


THE CHARLESTON WV CLIMATE NORMALS FOR TODAY
                         NORMAL    RECORD    YEAR
 MAXIMUM TEMPERATURE (F)   76        96      1931
 MINIMUM TEMPERATURE (F)   55        34      1956


SUNRISE AND SUNSET
SEPTEMBER 21 2014.....SUNRISE   713 AM EDT   SUNSET   725 PM EDT
SEPTEMBER 22 2014.....SUNRISE   714 AM EDT   SUNSET   723 PM EDT


-  INDICATES NEGATIVE NUMBERS.
R  INDICATES RECORD WAS SET OR TIED.
MM INDICATES DATA IS MISSING.
T  INDICATES TRACE AMOUNT.




$$
