000
CDUS41 KRLX 272231
CLICRW


CLIMATE REPORT
NATIONAL WEATHER SERVICE CHARLESTON WV
528 PM EST TUE JAN 27 2015


...................................

...THE CHARLESTON WV CLIMATE SUMMARY FOR JANUARY 27 2015...
VALID TODAY AS OF 0500 PM LOCAL TIME.

CLIMATE NORMAL PERIOD 1981 TO 2010
CLIMATE RECORD PERIOD 1901 TO 2015


WEATHER ITEM   OBSERVED TIME   RECORD YEAR NORMAL DEPARTURE LAST
                VALUE   (LST)  VALUE       VALUE  FROM      YEAR
                                                  NORMAL
..................................................................
TEMPERATURE (F)
 TODAY
  MAXIMUM         25    208 PM  73    1916  43    -18       50
  MINIMUM         16    827 AM  -3    1982  27    -11        8
  AVERAGE         21                        35    -14       29

PRECIPITATION (IN)
  TODAY            T             1.65 1952   0.09  -0.09     0.08
  MONTH TO DATE    2.06                      2.59  -0.53     2.50
  SINCE DEC 1      4.91                      5.86  -0.95     8.74
  SINCE JAN 1      2.06                      2.59  -0.53     2.50

DEGREE DAYS
 HEATING
  TODAY           44                        30     14       36
  MONTH TO DATE  855                       832     23      964
  SINCE DEC 1   1621                      1688    -67     1757
  SINCE JUL 1   2664                      2572     92     2714

 COOLING
  TODAY            0                         0      0        0
  MONTH TO DATE    0                         0      0        0
  SINCE DEC 1      0                         1     -1        2
  SINCE JAN 1      0                         0      0        0
..................................................................


WIND (MPH)
  HIGHEST WIND SPEED    12   HIGHEST WIND DIRECTION    NW (310)
  HIGHEST GUST SPEED    15   HIGHEST GUST DIRECTION     W (290)
  AVERAGE WIND SPEED     3.3


SKY COVER
  POSSIBLE SUNSHINE  MM
  AVERAGE SKY COVER 0.6


WEATHER CONDITIONS
 THE FOLLOWING WEATHER WAS RECORDED TODAY.
  LIGHT SNOW


RELATIVE HUMIDITY (PERCENT)
 HIGHEST    88           700 AM
 LOWEST     68          1200 PM
 AVERAGE    78

..........................................................


THE CHARLESTON WV CLIMATE NORMALS FOR TOMORROW
                         NORMAL    RECORD    YEAR
 MAXIMUM TEMPERATURE (F)   43        73      1914
 MINIMUM TEMPERATURE (F)   27       -10      1963


SUNRISE AND SUNSET
JANUARY 27 2015.......SUNRISE   736 AM EST   SUNSET   543 PM EST
JANUARY 28 2015.......SUNRISE   735 AM EST   SUNSET   544 PM EST


-  INDICATES NEGATIVE NUMBERS.
R  INDICATES RECORD WAS SET OR TIED.
MM INDICATES DATA IS MISSING.
T  INDICATES TRACE AMOUNT.




$$
