000
CDUS41 KRLX 290716
CLICRW


CLIMATE REPORT
NATIONAL WEATHER SERVICE CHARLESTON WV
315 AM EDT THU JUN 29 2017


...................................

...THE CHARLESTON WV CLIMATE SUMMARY FOR JUNE 28 2017...

CLIMATE NORMAL PERIOD 1981 TO 2010
CLIMATE RECORD PERIOD 1901 TO 2017


WEATHER ITEM   OBSERVED TIME   RECORD YEAR NORMAL DEPARTURE LAST
                VALUE   (LST)  VALUE       VALUE  FROM      YEAR
                                                  NORMAL
..................................................................
TEMPERATURE (F)
 YESTERDAY
  MAXIMUM         80    420 PM 102    1934  85     -5       86
  MINIMUM         50R   550 AM  50    1988  65    -15       67
                                      1927
  AVERAGE         65                        75    -10       77

PRECIPITATION (IN)
  YESTERDAY        0.00          1.91 1903   0.13  -0.13     0.00
  MONTH TO DATE    8.33                      4.02   4.31     4.76
  SINCE JAN 1     28.06                     22.16   5.90    21.62

SNOWFALL (IN)
  YESTERDAY        0.0
  MONTH TO DATE    0.0
  SINCE SEP 1      7.5
  SNOW DEPTH       0

DEGREE DAYS
 HEATING
  YESTERDAY        0                         0      0        0
  MONTH TO DATE    5                        10     -5        3
  SINCE JUN 1      5                        10     -5        3
  SINCE JUL 1   3533                      4475   -942     3719

 COOLING
  YESTERDAY        0                        10    -10       12
  MONTH TO DATE  173                       201    -28      246
  SINCE JUN 1    173                       201    -28      246
  SINCE JAN 1    318                       311      7      376
..................................................................


WIND (MPH)
  HIGHEST WIND SPEED    12   HIGHEST WIND DIRECTION     S (170)
  HIGHEST GUST SPEED    13   HIGHEST GUST DIRECTION     S (160)
  AVERAGE WIND SPEED     2.3


SKY COVER
  POSSIBLE SUNSHINE  MM
  AVERAGE SKY COVER 0.2


WEATHER CONDITIONS
 THE FOLLOWING WEATHER WAS RECORDED YESTERDAY.
  NO SIGNIFICANT WEATHER WAS OBSERVED.


RELATIVE HUMIDITY (PERCENT)
 HIGHEST    96           300 AM
 LOWEST     32           300 PM
 AVERAGE    64

..........................................................


THE CHARLESTON WV CLIMATE NORMALS FOR TODAY
                         NORMAL    RECORD    YEAR
 MAXIMUM TEMPERATURE (F)   85       103      2012
 MINIMUM TEMPERATURE (F)   65        35      1924


SUNRISE AND SUNSET
JUNE 29 2017..........SUNRISE   606 AM EDT   SUNSET   854 PM EDT
JUNE 30 2017..........SUNRISE   606 AM EDT   SUNSET   854 PM EDT


-  INDICATES NEGATIVE NUMBERS.
R  INDICATES RECORD WAS SET OR TIED.
MM INDICATES DATA IS MISSING.
T  INDICATES TRACE AMOUNT.




$$
