000
CDUS41 KRLX 172227
CLICRW


CLIMATE REPORT
NATIONAL WEATHER SERVICE CHARLESTON WV
526 PM EST WED JAN 17 2018


...................................

...THE CHARLESTON WV CLIMATE SUMMARY FOR JANUARY 17 2018...
VALID TODAY AS OF 0500 PM LOCAL TIME.

CLIMATE NORMAL PERIOD 1981 TO 2010
CLIMATE RECORD PERIOD 1901 TO 2018


WEATHER ITEM   OBSERVED TIME   RECORD YEAR NORMAL DEPARTURE LAST
                VALUE   (LST)  VALUE       VALUE  FROM      YEAR
                                                  NORMAL
..................................................................
TEMPERATURE (F)
 TODAY
  MAXIMUM         13    359 PM  66    2017  42    -29       66
                                      1928
                                      1913
  MINIMUM          9    916 AM -13    1982  26    -17       49
  AVERAGE         11                        34    -23       58

PRECIPITATION (IN)
  TODAY            T             0.95 1994   0.09  -0.09     0.34
  MONTH TO DATE    2.35                      1.63   0.72     3.25
  SINCE DEC 1      4.64                      4.90  -0.26     7.08
  SINCE JAN 1      2.35                      1.63   0.72     3.25

DEGREE DAYS
 HEATING
  TODAY           54                        31     23        7
  MONTH TO DATE  677                       526    151      432
  SINCE DEC 1   1575                      1382    193     1224
  SINCE JUL 1   2361                      2266     95     1878

 COOLING
  TODAY            0                         0      0        0
  MONTH TO DATE    0                         0      0        0
  SINCE DEC 1      0                         1     -1        0
  SINCE JAN 1      0                         0      0        0
..................................................................


WIND (MPH)
  HIGHEST WIND SPEED    13   HIGHEST WIND DIRECTION    NW (330)
  HIGHEST GUST SPEED    18   HIGHEST GUST DIRECTION    NW (320)
  AVERAGE WIND SPEED     5.6


SKY COVER
  POSSIBLE SUNSHINE  MM
  AVERAGE SKY COVER 1.0


WEATHER CONDITIONS
 THE FOLLOWING WEATHER WAS RECORDED TODAY.
  LIGHT SNOW
  HAZE


RELATIVE HUMIDITY (PERCENT)
 HIGHEST    80           800 AM
 LOWEST     66          1000 AM
 AVERAGE    73

..........................................................


THE CHARLESTON WV CLIMATE NORMALS FOR TOMORROW
                         NORMAL    RECORD    YEAR
 MAXIMUM TEMPERATURE (F)   42        76      1932
 MINIMUM TEMPERATURE (F)   26       -10      1994


SUNRISE AND SUNSET
JANUARY 17 2018.......SUNRISE   741 AM EST   SUNSET   532 PM EST
JANUARY 18 2018.......SUNRISE   741 AM EST   SUNSET   533 PM EST


-  INDICATES NEGATIVE NUMBERS.
R  INDICATES RECORD WAS SET OR TIED.
MM INDICATES DATA IS MISSING.
T  INDICATES TRACE AMOUNT.




$$
