000
CDUS41 KRLX 202125
CLICRW


CLIMATE REPORT
NATIONAL WEATHER SERVICE CHARLESTON WV
525 PM EDT SUN APR 20 2014


...................................

...THE CHARLESTON WV CLIMATE SUMMARY FOR APRIL 20 2014...
VALID TODAY AS OF 0500 PM LOCAL TIME.

CLIMATE NORMAL PERIOD 1981 TO 2010
CLIMATE RECORD PERIOD 1901 TO 2014


WEATHER ITEM   OBSERVED TIME   RECORD YEAR NORMAL DEPARTURE LAST
                VALUE   (LST)  VALUE       VALUE  FROM      YEAR
                                                  NORMAL
..................................................................
TEMPERATURE (F)
 TODAY
  MAXIMUM         77    359 PM  91    1976  69      8       58
  MINIMUM         42    610 AM  24    1926  46     -4       39
  AVERAGE         60                        58      2       49

PRECIPITATION (IN)
  TODAY            0.00          1.22 1909   0.11  -0.11      T
  MONTH TO DATE    1.47                      2.08  -0.61     1.13
  SINCE MAR 1      5.17                      5.99  -0.82     4.30
  SINCE JAN 1     12.23                     12.18   0.05    10.33

DEGREE DAYS
 HEATING
  TODAY            5                         9     -4       16
  MONTH TO DATE  161                       222    -61      175
  SINCE MAR 1    879                       822     57      952
  SINCE JUL 1   4646                      4276    370     4335

 COOLING
  TODAY            0                         1     -1        0
  MONTH TO DATE   15                        19     -4       39
  SINCE MAR 1     15                        24     -9       39
  SINCE JAN 1     15                        24     -9       39
..................................................................


WIND (MPH)
  HIGHEST WIND SPEED    13   HIGHEST WIND DIRECTION     S (160)
  HIGHEST GUST SPEED    16   HIGHEST GUST DIRECTION     S (160)
  AVERAGE WIND SPEED     3.7


SKY COVER
  POSSIBLE SUNSHINE  MM
  AVERAGE SKY COVER 0.3


WEATHER CONDITIONS
 THE FOLLOWING WEATHER WAS RECORDED TODAY.
  FOG
  HAZE


RELATIVE HUMIDITY (PERCENT)
 HIGHEST    89           600 AM
 LOWEST     10           300 PM
 AVERAGE    50

..........................................................


THE CHARLESTON WV CLIMATE NORMALS FOR TOMORROW
                         NORMAL    RECORD    YEAR
 MAXIMUM TEMPERATURE (F)   70        92      1985
 MINIMUM TEMPERATURE (F)   46        24      1926


SUNRISE AND SUNSET
APRIL 20 2014.........SUNRISE   644 AM EDT   SUNSET   808 PM EDT
APRIL 21 2014.........SUNRISE   642 AM EDT   SUNSET   808 PM EDT


-  INDICATES NEGATIVE NUMBERS.
R  INDICATES RECORD WAS SET OR TIED.
MM INDICATES DATA IS MISSING.
T  INDICATES TRACE AMOUNT.




$$
