000
CDUS41 KRLX 260725
CLICRW


CLIMATE REPORT
NATIONAL WEATHER SERVICE CHARLESTON WV
325 AM EDT WED APR 26 2017


...................................

...THE CHARLESTON WV CLIMATE SUMMARY FOR APRIL 25 2017...

CLIMATE NORMAL PERIOD 1981 TO 2010
CLIMATE RECORD PERIOD 1901 TO 2017


WEATHER ITEM   OBSERVED TIME   RECORD YEAR NORMAL DEPARTURE LAST
                VALUE   (LST)  VALUE       VALUE  FROM      YEAR
                                                  NORMAL
..................................................................
TEMPERATURE (F)
 YESTERDAY
  MAXIMUM         70    612 PM  96    1925  71     -1       84
  MINIMUM         52    701 AM  28    1927  47      5       46
  AVERAGE         61                        59      2       65

PRECIPITATION (IN)
  YESTERDAY        0.26          1.00 1904   0.12   0.14     0.00
  MONTH TO DATE    2.53                      2.65  -0.12     1.02
  SINCE JAN 1     14.02                     12.75   1.27     9.84

SNOWFALL (IN)
  YESTERDAY        0.0
  MONTH TO DATE    T
  SINCE SEP 1      7.5
  SNOW DEPTH       0

DEGREE DAYS
 HEATING
  YESTERDAY        4                         7     -3        0
  MONTH TO DATE  148                       261   -113      253
  SINCE MAR 1    717                       861   -144      638
  SINCE JUL 1   3424                      4315   -891     3573

 COOLING
  YESTERDAY        0                         1     -1        0
  MONTH TO DATE   20                        24     -4       23
  SINCE MAR 1     23                        29     -6       27
  SINCE JAN 1     23                        29     -6       27
..................................................................


WIND (MPH)
  HIGHEST WIND SPEED    12   HIGHEST WIND DIRECTION     E (80)
  HIGHEST GUST SPEED    14   HIGHEST GUST DIRECTION    NE (50)
  AVERAGE WIND SPEED     2.5


SKY COVER
  POSSIBLE SUNSHINE  MM
  AVERAGE SKY COVER 0.9


WEATHER CONDITIONS
 THE FOLLOWING WEATHER WAS RECORDED YESTERDAY.
  LIGHT RAIN
  FOG
  HAZE


RELATIVE HUMIDITY (PERCENT)
 HIGHEST    96           700 AM
 LOWEST     66           600 PM
 AVERAGE    81

..........................................................


THE CHARLESTON WV CLIMATE NORMALS FOR TODAY
                         NORMAL    RECORD    YEAR
 MAXIMUM TEMPERATURE (F)   71        95      1915
 MINIMUM TEMPERATURE (F)   47        29      1927


SUNRISE AND SUNSET
APRIL 26 2017.........SUNRISE   635 AM EDT   SUNSET   813 PM EDT
APRIL 27 2017.........SUNRISE   634 AM EDT   SUNSET   814 PM EDT


-  INDICATES NEGATIVE NUMBERS.
R  INDICATES RECORD WAS SET OR TIED.
MM INDICATES DATA IS MISSING.
T  INDICATES TRACE AMOUNT.




$$
