000
CDUS42 KFFC 250818
CLICSG


CLIMATE REPORT
NATIONAL WEATHER SERVICE PEACHTREE CITY GA
418 AM EDT SUN JUN 25 2017


...................................

...THE COLUMBUS CLIMATE SUMMARY FOR JUNE 24 2017...

CLIMATE NORMAL PERIOD 1981 TO 2010
CLIMATE RECORD PERIOD 1948 TO 2017


WEATHER ITEM   OBSERVED TIME   RECORD YEAR NORMAL DEPARTURE LAST
                VALUE   (LST)  VALUE       VALUE  FROM      YEAR
                                                  NORMAL
..................................................................
TEMPERATURE (F)
 YESTERDAY
  MAXIMUM         84   1128 AM 104    1930  91     -7       96
  MINIMUM         74    354 AM  56    1947  71      3       73
  AVERAGE         79                        81     -2       85

PRECIPITATION (IN)
  YESTERDAY        0.69          1.80 1900   0.14   0.55     0.00
  MONTH TO DATE    2.66                      2.92  -0.26     2.01
  SINCE JUN 1      2.66                      2.92  -0.26     2.01
  SINCE JAN 1     28.23                     23.41   4.82    21.45

DEGREE DAYS
 HEATING
  YESTERDAY        0                         0      0        0
  MONTH TO DATE    0                         0      0        0
  SINCE JUN 1      0                         0      0        0
  SINCE JUL 1   1369                      2120   -751     1611

 COOLING
  YESTERDAY       14                        16     -2       20
  MONTH TO DATE  341                       345     -4      385
  SINCE JUN 1    341                       345     -4      385
  SINCE JAN 1    893                       703    190      771
..................................................................


WIND (MPH)
  HIGHEST WIND SPEED    21   HIGHEST WIND DIRECTION     W (290)
  HIGHEST GUST SPEED    28   HIGHEST GUST DIRECTION     W (290)
  AVERAGE WIND SPEED     4.9


SKY COVER
  AVERAGE SKY COVER 0.6


WEATHER CONDITIONS
 THE FOLLOWING WEATHER WAS RECORDED YESTERDAY.
  THUNDERSTORM
  RAIN
  LIGHT RAIN
  FOG
  HAZE


RELATIVE HUMIDITY (PERCENT)
 HIGHEST    94           600 AM
 LOWEST     79           900 AM
 AVERAGE    87

..........................................................


THE COLUMBUS CLIMATE NORMALS FOR TODAY
                         NORMAL    RECORD    YEAR
 MAXIMUM TEMPERATURE (F)   91       102      1914
 MINIMUM TEMPERATURE (F)   71        61      1974


SUNRISE AND SUNSET
JUNE 25 2017..........SUNRISE   634 AM EDT   SUNSET   851 PM EDT
JUNE 26 2017..........SUNRISE   634 AM EDT   SUNSET   851 PM EDT


-  INDICATES NEGATIVE NUMBERS.
R  INDICATES RECORD WAS SET OR TIED.
MM INDICATES DATA IS MISSING.
T  INDICATES TRACE AMOUNT.




$$
