000
CDUS42 KFFC 240817
CLICSG


CLIMATE REPORT
NATIONAL WEATHER SERVICE PEACHTREE CITY GA
416 AM EDT MON APR 24 2017


...................................

...THE COLUMBUS CLIMATE SUMMARY FOR APRIL 23 2017...

CLIMATE NORMAL PERIOD 1981 TO 2010
CLIMATE RECORD PERIOD 1948 TO 2017


WEATHER ITEM   OBSERVED TIME   RECORD YEAR NORMAL DEPARTURE LAST
                VALUE   (LST)  VALUE       VALUE  FROM      YEAR
                                                  NORMAL
..................................................................
TEMPERATURE (F)
 YESTERDAY
  MAXIMUM         75   1044 AM  91    1925  78     -3       80
  MINIMUM         58   1159 PM  35    1986  54      4       59
  AVERAGE         67                        66      1       70

PRECIPITATION (IN)
  YESTERDAY        0.70          3.02 1928   0.11   0.59     0.00
  MONTH TO DATE    2.37                      2.81  -0.44     6.38
  SINCE MAR 1      3.90                      8.27  -4.37     8.94
  SINCE JAN 1     18.16                     16.56   1.60    16.37

DEGREE DAYS
 HEATING
  YESTERDAY        0                         2     -2        0
  MONTH TO DATE   20                        81    -61       69
  SINCE MAR 1    223                       327   -104      214
  SINCE JUL 1   1353                      2104   -751     1604

 COOLING
  YESTERDAY        2                         3     -1        5
  MONTH TO DATE  124                        51     73       23
  SINCE MAR 1    194                        74    120       80
  SINCE JAN 1    211                        78    133       82
..................................................................


WIND (MPH)
  HIGHEST WIND SPEED    17   HIGHEST WIND DIRECTION     W (280)
  HIGHEST GUST SPEED    24   HIGHEST GUST DIRECTION    NW (300)
  AVERAGE WIND SPEED     6.5


SKY COVER
  AVERAGE SKY COVER 0.7


WEATHER CONDITIONS
 THE FOLLOWING WEATHER WAS RECORDED YESTERDAY.
  HEAVY RAIN
  RAIN
  LIGHT RAIN
  FOG


RELATIVE HUMIDITY (PERCENT)
 HIGHEST    84           800 PM
 LOWEST     57          1200 AM
 AVERAGE    71

..........................................................


THE COLUMBUS CLIMATE NORMALS FOR TODAY
                         NORMAL    RECORD    YEAR
 MAXIMUM TEMPERATURE (F)   79        94      1925
 MINIMUM TEMPERATURE (F)   55        38      1986


SUNRISE AND SUNSET
APRIL 24 2017.........SUNRISE   700 AM EDT   SUNSET   816 PM EDT
APRIL 25 2017.........SUNRISE   659 AM EDT   SUNSET   817 PM EDT


-  INDICATES NEGATIVE NUMBERS.
R  INDICATES RECORD WAS SET OR TIED.
MM INDICATES DATA IS MISSING.
T  INDICATES TRACE AMOUNT.




$$
