000
CDUS42 KFFC 270820
CLICSG


CLIMATE REPORT
NATIONAL WEATHER SERVICE PEACHTREE CITY GA
420 AM EDT MON MAR 27 2017


...................................

...THE COLUMBUS CLIMATE SUMMARY FOR MARCH 26 2017...

CLIMATE NORMAL PERIOD 1981 TO 2010
CLIMATE RECORD PERIOD 1948 TO 2017


WEATHER ITEM   OBSERVED TIME   RECORD YEAR NORMAL DEPARTURE LAST
                VALUE   (LST)  VALUE       VALUE  FROM      YEAR
                                                  NORMAL
..................................................................
TEMPERATURE (F)
 YESTERDAY
  MAXIMUM         83    414 PM  92    1907  72     11       72
  MINIMUM         60    713 AM  28    1955  48     12       59
  AVERAGE         72                        60     12       66

PRECIPITATION (IN)
  YESTERDAY        0.07          2.18 1993   0.18  -0.11     0.05
  MONTH TO DATE    1.22                      4.62  -3.40     2.13
  SINCE MAR 1      1.22                      4.62  -3.40     2.13
  SINCE JAN 1     15.48                     12.91   2.57     9.56

SNOWFALL (IN)
  YESTERDAY        0.0           0.0  2002   0.0    0.0      0.0
                                      2001
                                      2000
  MONTH TO DATE    0.0                       0.1   -0.1      0.0
  SINCE MAR 1      0.0                       0.1   -0.1      0.0
  SINCE JUL 1      0.0                       0.4   -0.4      0.0
  SNOW DEPTH       0

DEGREE DAYS
 HEATING
  YESTERDAY        0                         6     -6        0
  MONTH TO DATE  203                       218    -15      135
  SINCE MAR 1    203                       218    -15      135
  SINCE JUL 1   1333                      1995   -662     1525

 COOLING
  YESTERDAY        7                         1      6        1
  MONTH TO DATE   33                        19     14       51
  SINCE MAR 1     33                        19     14       51
  SINCE JAN 1     50                        23     27       53
..................................................................


WIND (MPH)
  HIGHEST WIND SPEED    16   HIGHEST WIND DIRECTION     W (280)
  HIGHEST GUST SPEED    21   HIGHEST GUST DIRECTION    SW (240)
  AVERAGE WIND SPEED     5.9


SKY COVER
  AVERAGE SKY COVER 0.4


WEATHER CONDITIONS
 THE FOLLOWING WEATHER WAS RECORDED YESTERDAY.
  LIGHT RAIN
  FOG


RELATIVE HUMIDITY (PERCENT)
 HIGHEST    90           100 AM
 LOWEST     39           600 PM
 AVERAGE    65

..........................................................


THE COLUMBUS CLIMATE NORMALS FOR TODAY
                         NORMAL    RECORD    YEAR
 MAXIMUM TEMPERATURE (F)   72        88      1994
                                             1921
                                             1910
 MINIMUM TEMPERATURE (F)   48        21      1955


SUNRISE AND SUNSET
MARCH 27 2017.........SUNRISE   734 AM EDT   SUNSET   756 PM EDT
MARCH 28 2017.........SUNRISE   733 AM EDT   SUNSET   757 PM EDT


-  INDICATES NEGATIVE NUMBERS.
R  INDICATES RECORD WAS SET OR TIED.
MM INDICATES DATA IS MISSING.
T  INDICATES TRACE AMOUNT.




$$
