000
CDUS42 KFFC 300823
CLICSG


CLIMATE REPORT
NATIONAL WEATHER SERVICE PEACHTREE CITY GA
422 AM EDT WED JUL 30 2014


...................................

...THE COLUMBUS CLIMATE SUMMARY FOR JULY 29 2014...

CLIMATE NORMAL PERIOD 1981 TO 2010
CLIMATE RECORD PERIOD 1948 TO 2014


WEATHER ITEM   OBSERVED TIME   RECORD YEAR NORMAL DEPARTURE LAST
                VALUE   (LST)  VALUE       VALUE  FROM      YEAR
                                                  NORMAL
..................................................................
TEMPERATURE (F)
 YESTERDAY
  MAXIMUM         87    406 PM 101    1952  92     -5       93
  MINIMUM         69    641 AM  65    1994  73     -4       73
  AVERAGE         78                        83     -5       83

PRECIPITATION (IN)
  YESTERDAY        0.00          2.59 1971   0.15  -0.15     0.00
  MONTH TO DATE    4.49                      4.47   0.02     8.41
  SINCE JUN 1      8.70                      8.19   0.51    15.73
  SINCE JAN 1     34.49                     28.68   5.81    41.34

DEGREE DAYS
 HEATING
  YESTERDAY        0                         0      0        0
  MONTH TO DATE    0                         0      0        0
  SINCE JUN 1      0                         0      0        0
  SINCE JUL 1      0                         0      0        0

 COOLING
  YESTERDAY       13                        18     -5       18
  MONTH TO DATE  459                       514    -55      444
  SINCE JUN 1    918                       960    -42      906
  SINCE JAN 1   1254                      1318    -64     1269
..................................................................


WIND (MPH)
  HIGHEST WIND SPEED    17   HIGHEST WIND DIRECTION     N (340)
  HIGHEST GUST SPEED    25   HIGHEST GUST DIRECTION     N (340)
  AVERAGE WIND SPEED     5.9


SKY COVER
  AVERAGE SKY COVER 0.1


WEATHER CONDITIONS
 THE FOLLOWING WEATHER WAS RECORDED YESTERDAY.
  NO SIGNIFICANT WEATHER WAS OBSERVED.


RELATIVE HUMIDITY (PERCENT)
 HIGHEST    78           500 AM
 LOWEST     34           300 PM
 AVERAGE    56

..........................................................


THE COLUMBUS CLIMATE NORMALS FOR TODAY
                         NORMAL    RECORD    YEAR
 MAXIMUM TEMPERATURE (F)   92       102      2010
                                             1986
 MINIMUM TEMPERATURE (F)   73        65      1957


SUNRISE AND SUNSET
JULY 30 2014..........SUNRISE   653 AM EDT   SUNSET   839 PM EDT
JULY 31 2014..........SUNRISE   653 AM EDT   SUNSET   838 PM EDT


-  INDICATES NEGATIVE NUMBERS.
R  INDICATES RECORD WAS SET OR TIED.
MM INDICATES DATA IS MISSING.
T  INDICATES TRACE AMOUNT.




$$
