000
CDUS45 KTFX 300838
CLICTB


CLIMATE REPORT
NATIONAL WEATHER SERVICE GREAT FALLS MT
237 AM MDT FRI SEP 30 2016


...................................

...THE CUT BANK MT CLIMATE SUMMARY FOR SEPTEMBER 29 2016...

CLIMATE NORMAL PERIOD 1981 TO 2010
CLIMATE RECORD PERIOD 1903 TO 2016


WEATHER ITEM   OBSERVED TIME   RECORD YEAR NORMAL DEPARTURE LAST
                VALUE   (LST)  VALUE       VALUE  FROM      YEAR
                                                  NORMAL
..................................................................
TEMPERATURE (F)
 YESTERDAY
  MAXIMUM         73    425 PM  91    1967  63     10       75
  MINIMUM         36    559 AM  18    1985  36      0       26
  AVERAGE         55                        49      6       51

PRECIPITATION (IN)
  YESTERDAY        0.00          0.53 1971   0.03  -0.03     0.00
  MONTH TO DATE    1.26                      1.19   0.07     2.55
  SINCE OCT 1     11.82                     10.87   0.95    10.83
  SINCE JAN 1      9.90                      9.85   0.05     8.30

SNOWFALL (IN)
  YESTERDAY       MM
  SNOW DEPTH       0

DEGREE DAYS
 HEATING
  YESTERDAY       10                        16     -6       14
  MONTH TO DATE  342                       329     13      300
  SINCE SEP 1    342                       329     13      300
  SINCE JUL 1    515                       523     -8      451

 COOLING
  YESTERDAY        0                         0      0        0
  MONTH TO DATE    5                         6     -1        3
  SINCE SEP 1      5                         6     -1        3
  SINCE JAN 1    108                       159    -51      231
..................................................................


WIND (MPH)
  HIGHEST WIND SPEED    14   HIGHEST WIND DIRECTION     N (20)
  HIGHEST GUST SPEED    17   HIGHEST GUST DIRECTION    SE (150)
  AVERAGE WIND SPEED     6.1


SKY COVER
  AVERAGE SKY COVER 0.0


WEATHER CONDITIONS
 THE FOLLOWING WEATHER WAS RECORDED YESTERDAY.
  NO SIGNIFICANT WEATHER WAS OBSERVED.


RELATIVE HUMIDITY (PERCENT)
 HIGHEST   100           200 AM
 LOWEST     41           300 PM
 AVERAGE    71

..........................................................


THE CUT BANK MT CLIMATE NORMALS FOR TODAY
                         NORMAL    RECORD    YEAR
 MAXIMUM TEMPERATURE (F)   62        89      1992
 MINIMUM TEMPERATURE (F)   35        19      1959


SUNRISE AND SUNSET
SEPTEMBER 30 2016.....SUNRISE   728 AM MDT   SUNSET   709 PM MDT
OCTOBER  1 2016.......SUNRISE   730 AM MDT   SUNSET   707 PM MDT


-  INDICATES NEGATIVE NUMBERS.
R  INDICATES RECORD WAS SET OR TIED.
MM INDICATES DATA IS MISSING.
T  INDICATES TRACE AMOUNT.




$$
