000
CDUS45 KTFX 171118
CLICTB


CLIMATE REPORT
NATIONAL WEATHER SERVICE GREAT FALLS MT
416 AM MST SUN DEC 17 2017


...................................

...THE CUT BANK MT CLIMATE SUMMARY FOR DECEMBER 16 2017...

CLIMATE NORMAL PERIOD 1981 TO 2010
CLIMATE RECORD PERIOD 1903 TO 2017


WEATHER ITEM   OBSERVED TIME   RECORD YEAR NORMAL DEPARTURE LAST
                VALUE   (LST)  VALUE       VALUE  FROM      YEAR
                                                  NORMAL
..................................................................
TEMPERATURE (F)
 YESTERDAY
  MAXIMUM         30    244 AM  62    1980  32     -2       -3
  MINIMUM         17    605 PM -38    1979  12      5      -22
  AVERAGE         24                        22      2      -12

PRECIPITATION (IN)
  YESTERDAY        0.04          0.35 1929   0.01   0.03     0.00
  MONTH TO DATE    0.04                      0.11  -0.07     0.07
  SINCE OCT 1      1.05                      0.91   0.14     1.40
  SINCE JAN 1      9.17                     10.79  -1.62    11.30

SNOWFALL (IN)
  YESTERDAY       MM
  SNOW DEPTH       3

DEGREE DAYS
 HEATING
  YESTERDAY       41                        43     -2       77
  MONTH TO DATE  498                       672   -174      971
  SINCE DEC 1    498                       672   -174      971
  SINCE JUL 1   2722                      2935   -213     2949

 COOLING
  YESTERDAY        0                         0      0        0
  MONTH TO DATE    0                         0      0        0
  SINCE DEC 1      0                         0      0        0
  SINCE JAN 1    250                       162     88      108
..................................................................


WIND (MPH)
  HIGHEST WIND SPEED    26   HIGHEST WIND DIRECTION     W (260)
  HIGHEST GUST SPEED    31   HIGHEST GUST DIRECTION     W (250)
  AVERAGE WIND SPEED     9.8


SKY COVER
  AVERAGE SKY COVER 0.7


WEATHER CONDITIONS
 THE FOLLOWING WEATHER WAS RECORDED YESTERDAY.
  SNOW
  LIGHT SNOW
  FOG


RELATIVE HUMIDITY (PERCENT)
 HIGHEST   100           100 AM
 LOWEST     65          1100 PM
 AVERAGE    83

..........................................................


THE CUT BANK MT CLIMATE NORMALS FOR TODAY
                         NORMAL    RECORD    YEAR
 MAXIMUM TEMPERATURE (F)   32        57      1988
 MINIMUM TEMPERATURE (F)   11       -32      1922


SUNRISE AND SUNSET
DECEMBER 17 2017......SUNRISE   817 AM MST   SUNSET   435 PM MST
DECEMBER 18 2017......SUNRISE   818 AM MST   SUNSET   435 PM MST


-  INDICATES NEGATIVE NUMBERS.
R  INDICATES RECORD WAS SET OR TIED.
MM INDICATES DATA IS MISSING.
T  INDICATES TRACE AMOUNT.




$$
