000
CDUS45 KTFX 250754
CLICTB


CLIMATE REPORT
NATIONAL WEATHER SERVICE GREAT FALLS MT
1251 AM MST THU DEC 25 2014


...................................

...THE CUT BANK MT CLIMATE SUMMARY FOR DECEMBER 24 2014...

CLIMATE NORMAL PERIOD 1981 TO 2010
CLIMATE RECORD PERIOD 1903 TO 2014


WEATHER ITEM   OBSERVED TIME   RECORD YEAR NORMAL DEPARTURE LAST
                VALUE   (LST)  VALUE       VALUE  FROM      YEAR
                                                  NORMAL
..................................................................
TEMPERATURE (F)
 YESTERDAY
  MAXIMUM         42    114 AM  56    1994  32     10       36
  MINIMUM         24   1159 PM -40    1983  11     13       27
  AVERAGE         33                        21     12       32

PRECIPITATION (IN)
  YESTERDAY        0.20R         0.14 1925   0.01   0.19     0.01
  MONTH TO DATE    0.25                      0.17   0.08     0.43
  SINCE OCT 1      2.05                      0.97   1.08     1.20
  SINCE JAN 1     16.96                     10.85   6.11    14.90

SNOWFALL (IN)
  YESTERDAY       MM
  SNOW DEPTH      MM

DEGREE DAYS
 HEATING
  YESTERDAY       32                        44    -12       33
  MONTH TO DATE  897                      1022   -125     1192
  SINCE DEC 1    897                      1022   -125     1192
  SINCE JUL 1   2995                      3285   -290     3281

 COOLING
  YESTERDAY        0                         0      0        0
  MONTH TO DATE    0                         0      0        0
  SINCE DEC 1      0                         0      0        0
  SINCE JAN 1    208                       162     46      226
..................................................................


WIND (MPH)
  HIGHEST WIND SPEED    38   HIGHEST WIND DIRECTION     W (260)
  HIGHEST GUST SPEED    48   HIGHEST GUST DIRECTION     W (250)
  AVERAGE WIND SPEED    11.7


SKY COVER
  AVERAGE SKY COVER 0.8


WEATHER CONDITIONS
 THE FOLLOWING WEATHER WAS RECORDED YESTERDAY.
  HEAVY SNOW
  SNOW
  LIGHT SNOW
  FOG
  FOG W/VISIBILITY <= 1/4 MILE
  HAZE


RELATIVE HUMIDITY (PERCENT)
 HIGHEST   100          1100 AM
 LOWEST     57          1200 AM
 AVERAGE    79

..........................................................


THE CUT BANK MT CLIMATE NORMALS FOR TODAY
                         NORMAL    RECORD    YEAR
 MAXIMUM TEMPERATURE (F)   32        56      2005
 MINIMUM TEMPERATURE (F)   11       -31      1983


SUNRISE AND SUNSET
DECEMBER 25 2014......SUNRISE   821 AM MST   SUNSET   439 PM MST
DECEMBER 26 2014......SUNRISE   821 AM MST   SUNSET   439 PM MST


-  INDICATES NEGATIVE NUMBERS.
R  INDICATES RECORD WAS SET OR TIED.
MM INDICATES DATA IS MISSING.
T  INDICATES TRACE AMOUNT.




$$
