000
CDUS45 KTFX 291013
CLICTB


CLIMATE REPORT
NATIONAL WEATHER SERVICE GREAT FALLS MT
412 AM MDT TUE JUL 29 2014


...................................

...THE CUT BANK MT CLIMATE SUMMARY FOR JULY 28 2014...

CLIMATE NORMAL PERIOD 1981 TO 2010
CLIMATE RECORD PERIOD 1903 TO 2014


WEATHER ITEM   OBSERVED TIME   RECORD YEAR NORMAL DEPARTURE LAST
                VALUE   (LST)  VALUE       VALUE  FROM      YEAR
                                                  NORMAL
..................................................................
TEMPERATURE (F)
 YESTERDAY
  MAXIMUM         91    333 PM 100    1939  82      9       77
  MINIMUM         49    512 AM  36    1930  51     -2       47
  AVERAGE         70                        66      4       62

PRECIPITATION (IN)
  YESTERDAY        0.00          0.65 1915   0.03  -0.03      T
  MONTH TO DATE    0.42                      1.17  -0.75     1.64
  SINCE OCT 1     12.35                      8.38   3.97    11.60
  SINCE JAN 1     11.15                      7.36   3.79     9.43

SNOWFALL (IN)
  YESTERDAY       MM
  SNOW DEPTH       0

DEGREE DAYS
 HEATING
  YESTERDAY        0                         2     -2        3
  MONTH TO DATE   17                        82    -65       29
  SINCE JUN 1    290                       315    -25      238
  SINCE JUL 1     17                        82    -65       29

 COOLING
  YESTERDAY        5                         3      2        0
  MONTH TO DATE   84                        63     21       85
  SINCE JUN 1     85                        78      7       97
  SINCE JAN 1     85                        80      5       99
..................................................................


WIND (MPH)
  HIGHEST WIND SPEED    16   HIGHEST WIND DIRECTION    SE (120)
  HIGHEST GUST SPEED    22   HIGHEST GUST DIRECTION    SE (120)
  AVERAGE WIND SPEED     6.3


SKY COVER
  AVERAGE SKY COVER 0.0


WEATHER CONDITIONS
 THE FOLLOWING WEATHER WAS RECORDED YESTERDAY.
  NO SIGNIFICANT WEATHER WAS OBSERVED.


RELATIVE HUMIDITY (PERCENT)
 HIGHEST    71           300 AM
 LOWEST     18           400 PM
 AVERAGE    45

..........................................................


THE CUT BANK MT CLIMATE NORMALS FOR TODAY
                         NORMAL    RECORD    YEAR
 MAXIMUM TEMPERATURE (F)   82        98      2007
                                             1934
 MINIMUM TEMPERATURE (F)   51        39      1963


SUNRISE AND SUNSET
JULY 29 2014..........SUNRISE   600 AM MDT   SUNSET   911 PM MDT
JULY 30 2014..........SUNRISE   601 AM MDT   SUNSET   910 PM MDT


-  INDICATES NEGATIVE NUMBERS.
R  INDICATES RECORD WAS SET OR TIED.
MM INDICATES DATA IS MISSING.
T  INDICATES TRACE AMOUNT.




$$
