000
CDUS45 KTFX 292232
CLICTB


CLIMATE REPORT
NATIONAL WEATHER SERVICE GREAT FALLS MT
430 PM MDT MON AUG 29 2016


...................................

...THE CUT BANK MT CLIMATE SUMMARY FOR AUGUST 29 2016...
VALID TODAY AS OF 0400 PM LOCAL TIME.

CLIMATE NORMAL PERIOD 1981 TO 2010
CLIMATE RECORD PERIOD 1903 TO 2016


WEATHER ITEM   OBSERVED TIME   RECORD YEAR NORMAL DEPARTURE LAST
                VALUE   (LST)  VALUE       VALUE  FROM      YEAR
                                                  NORMAL
..................................................................
TEMPERATURE (F)
 TODAY
  MAXIMUM         83    259 PM  93    2013  75      8       89
  MINIMUM         42    533 AM  31    1937  45     -3       52
  AVERAGE         63                        60      3       71

PRECIPITATION (IN)
  TODAY            0.00          0.48 1951   0.04  -0.04     0.00
  MONTH TO DATE    1.17                      1.11   0.06     0.60
  SINCE OCT 1     10.56                      9.60   0.96     8.28
  SINCE JAN 1      8.64                      8.58   0.06     5.75

DEGREE DAYS
 HEATING
  TODAY            2                         6     -4        0
  MONTH TO DATE  100                        96      4       74
  SINCE JUN 1    338                       415    -77      271
  SINCE JUL 1    174                       182     -8      141

 COOLING
  TODAY            0                         1     -1        6
  MONTH TO DATE   26                        63    -37       98
  SINCE JUN 1     99                       150    -51      228
  SINCE JAN 1     99                       152    -53      228
..................................................................


WIND (MPH)
  HIGHEST WIND SPEED    15   HIGHEST WIND DIRECTION    SE (120)
  HIGHEST GUST SPEED    21   HIGHEST GUST DIRECTION    SE (140)
  AVERAGE WIND SPEED     5.1


SKY COVER
  AVERAGE SKY COVER 0.0


WEATHER CONDITIONS
 THE FOLLOWING WEATHER WAS RECORDED TODAY.
  NO SIGNIFICANT WEATHER WAS OBSERVED.


RELATIVE HUMIDITY (PERCENT)
 HIGHEST    83           600 AM
 LOWEST     23           200 PM
 AVERAGE    53

..........................................................


THE CUT BANK MT CLIMATE NORMALS FOR TOMORROW
                         NORMAL    RECORD    YEAR
 MAXIMUM TEMPERATURE (F)   75        96      1921
 MINIMUM TEMPERATURE (F)   45        32      2003


SUNRISE AND SUNSET
AUGUST 29 2016........SUNRISE   643 AM MDT   SUNSET   816 PM MDT
AUGUST 30 2016........SUNRISE   645 AM MDT   SUNSET   814 PM MDT


-  INDICATES NEGATIVE NUMBERS.
R  INDICATES RECORD WAS SET OR TIED.
MM INDICATES DATA IS MISSING.
T  INDICATES TRACE AMOUNT.




$$
