000
CDUS45 KTFX 102330
CLICTB


CLIMATE REPORT
NATIONAL WEATHER SERVICE GREAT FALLS MT
430 PM MST SAT DEC 10 2016


...................................

...THE CUT BANK MT CLIMATE SUMMARY FOR DECEMBER 10 2016...
VALID TODAY AS OF 0400 PM LOCAL TIME.

CLIMATE NORMAL PERIOD 1981 TO 2010
CLIMATE RECORD PERIOD 1903 TO 2016


WEATHER ITEM   OBSERVED TIME   RECORD YEAR NORMAL DEPARTURE LAST
                VALUE   (LST)  VALUE       VALUE  FROM      YEAR
                                                  NORMAL
..................................................................
TEMPERATURE (F)
 TODAY
  MAXIMUM          6    240 PM  62    1939  33    -27       36
  MINIMUM         -2   1242 AM -23    2000  13    -15       26
  AVERAGE          2                        23    -21       31

PRECIPITATION (IN)
  TODAY            T             0.21 1909   0.00   0.00     0.06
  MONTH TO DATE    0.01                      0.07  -0.06     0.07
  SINCE OCT 1      1.34                      0.87   0.47     1.43
  SINCE JAN 1     11.24                     10.75   0.49     9.73

DEGREE DAYS
 HEATING
  TODAY           63                        42     21       34
  MONTH TO DATE  544                       414    130      273
  SINCE DEC 1    544                       414    130      273
  SINCE JUL 1   2522                      2677   -155     2311

 COOLING
  TODAY            0                         0      0        0
  MONTH TO DATE    0                         0      0        0
  SINCE DEC 1      0                         0      0        0
  SINCE JAN 1    108                       162    -54      234
..................................................................


WIND (MPH)
  HIGHEST WIND SPEED    12   HIGHEST WIND DIRECTION    SE (150)
  HIGHEST GUST SPEED    13   HIGHEST GUST DIRECTION    SE (140)
  AVERAGE WIND SPEED     6.2


SKY COVER
  AVERAGE SKY COVER 0.6


WEATHER CONDITIONS
 THE FOLLOWING WEATHER WAS RECORDED TODAY.
  HEAVY SNOW
  SNOW
  LIGHT SNOW
  FOG
  FOG W/VISIBILITY <= 1/4 MILE
  HAZE


RELATIVE HUMIDITY (PERCENT)
 HIGHEST    91           400 AM
 LOWEST     72           400 PM
 AVERAGE    82

..........................................................


THE CUT BANK MT CLIMATE NORMALS FOR TOMORROW
                         NORMAL    RECORD    YEAR
 MAXIMUM TEMPERATURE (F)   32        59      1939
 MINIMUM TEMPERATURE (F)   12       -34      1932


SUNRISE AND SUNSET
DECEMBER 10 2016......SUNRISE   811 AM MST   SUNSET   434 PM MST
DECEMBER 11 2016......SUNRISE   812 AM MST   SUNSET   434 PM MST


-  INDICATES NEGATIVE NUMBERS.
R  INDICATES RECORD WAS SET OR TIED.
MM INDICATES DATA IS MISSING.
T  INDICATES TRACE AMOUNT.




$$
