000
CDUS45 KTFX 212230
CLICTB


CLIMATE REPORT
NATIONAL WEATHER SERVICE GREAT FALLS MT
430 PM MDT SAT OCT 21 2017


...................................

...THE CUT BANK MT CLIMATE SUMMARY FOR OCTOBER 21 2017...
VALID TODAY AS OF 0400 PM LOCAL TIME.

CLIMATE NORMAL PERIOD 1981 TO 2010
CLIMATE RECORD PERIOD 1903 TO 2017


WEATHER ITEM   OBSERVED TIME   RECORD YEAR NORMAL DEPARTURE LAST
                VALUE   (LST)  VALUE       VALUE  FROM      YEAR
                                                  NORMAL
..................................................................
TEMPERATURE (F)
 TODAY
  MAXIMUM         47    233 PM  76    1927  53     -6       58
  MINIMUM         30    421 AM  10    1984  29      1       39
  AVERAGE         39                        41     -2       49

PRECIPITATION (IN)
  TODAY            0.00          0.34 2014   0.01  -0.01     0.00
  MONTH TO DATE    0.37                      0.34   0.03     0.44
  SINCE OCT 1      0.37                      0.34   0.03     0.44
  SINCE JAN 1      8.49                     10.22  -1.73    10.34

DEGREE DAYS
 HEATING
  TODAY           26                        24      2       16
  MONTH TO DATE  484                       425     59      503
  SINCE SEP 1    826                       768     58      852
  SINCE JUL 1    909                       962    -53     1025

 COOLING
  TODAY            0                         0      0        0
  MONTH TO DATE    0                         0      0        0
  SINCE SEP 1     24                         8     16        5
  SINCE JAN 1    250                       161     89      108
..................................................................


WIND (MPH)
  HIGHEST WIND SPEED    41   HIGHEST WIND DIRECTION     W (260)
  HIGHEST GUST SPEED    49   HIGHEST GUST DIRECTION     W (260)
  AVERAGE WIND SPEED    23.8


SKY COVER
  AVERAGE SKY COVER 0.0


WEATHER CONDITIONS
 THE FOLLOWING WEATHER WAS RECORDED TODAY.
  NO SIGNIFICANT WEATHER WAS OBSERVED.


RELATIVE HUMIDITY (PERCENT)
 HIGHEST    78           400 AM
 LOWEST     31           200 PM
 AVERAGE    55

..........................................................


THE CUT BANK MT CLIMATE NORMALS FOR TOMORROW
                         NORMAL    RECORD    YEAR
 MAXIMUM TEMPERATURE (F)   53        79      1965
 MINIMUM TEMPERATURE (F)   28         6      1908


SUNRISE AND SUNSET
OCTOBER 21 2017.......SUNRISE   759 AM MDT   SUNSET   628 PM MDT
OCTOBER 22 2017.......SUNRISE   801 AM MDT   SUNSET   626 PM MDT


-  INDICATES NEGATIVE NUMBERS.
R  INDICATES RECORD WAS SET OR TIED.
MM INDICATES DATA IS MISSING.
T  INDICATES TRACE AMOUNT.




$$
