000
CDUS45 KTFX 030747
CLICTB


CLIMATE REPORT
NATIONAL WEATHER SERVICE GREAT FALLS MT
146 AM MDT WED JUN 3 2015


...................................

...THE CUT BANK MT CLIMATE SUMMARY FOR JUNE 2 2015...

CLIMATE NORMAL PERIOD 1981 TO 2010
CLIMATE RECORD PERIOD 1903 TO 2015


WEATHER ITEM   OBSERVED TIME   RECORD YEAR NORMAL DEPARTURE LAST
                VALUE   (LST)  VALUE       VALUE  FROM      YEAR
                                                  NORMAL
..................................................................
TEMPERATURE (F)
 YESTERDAY
  MAXIMUM         55    141 AM  85    1970  67    -12       71
  MINIMUM         46   1159 PM  28    2009  42      4       40
                                      1951
  AVERAGE         51                        55     -4       56

PRECIPITATION (IN)
  YESTERDAY        1.03          1.98 1947   0.10   0.93     0.11
  MONTH TO DATE    1.10                      0.20   0.90     0.15
  SINCE OCT 1      6.59                      4.86   1.73     6.73
  SINCE JAN 1      4.06                      3.84   0.22     5.53

SNOWFALL (IN)
  YESTERDAY       MM
  SNOW DEPTH       0

DEGREE DAYS
 HEATING
  YESTERDAY       14                        11      3        9
  MONTH TO DATE   16                        22     -6       20
  SINCE JUN 1     16                        22     -6       20
  SINCE JUL 1   7667                      8310   -643     8610

 COOLING
  YESTERDAY        0                         0      0        0
  MONTH TO DATE    0                         0      0        0
  SINCE JUN 1      0                         0      0        0
  SINCE JAN 1      0                         2     -2        0
..................................................................


WIND (MPH)
  HIGHEST WIND SPEED    31   HIGHEST WIND DIRECTION     E (90)
  HIGHEST GUST SPEED    37   HIGHEST GUST DIRECTION     E (90)
  AVERAGE WIND SPEED    13.7


SKY COVER
  AVERAGE SKY COVER 0.8


WEATHER CONDITIONS
 THE FOLLOWING WEATHER WAS RECORDED YESTERDAY.
  HEAVY RAIN
  RAIN
  LIGHT RAIN
  FOG
  HAZE


RELATIVE HUMIDITY (PERCENT)
 HIGHEST   100           300 AM
 LOWEST     77           400 PM
 AVERAGE    89

..........................................................


THE CUT BANK MT CLIMATE NORMALS FOR TODAY
                         NORMAL    RECORD    YEAR
 MAXIMUM TEMPERATURE (F)   67        88      1970
 MINIMUM TEMPERATURE (F)   43        30      2009
                                             1920


SUNRISE AND SUNSET
JUNE  3 2015..........SUNRISE   530 AM MDT   SUNSET   925 PM MDT
JUNE  4 2015..........SUNRISE   530 AM MDT   SUNSET   926 PM MDT


-  INDICATES NEGATIVE NUMBERS.
R  INDICATES RECORD WAS SET OR TIED.
MM INDICATES DATA IS MISSING.
T  INDICATES TRACE AMOUNT.




$$
