000
CDUS45 KTFX 271001
CLICTB


CLIMATE REPORT
NATIONAL WEATHER SERVICE GREAT FALLS MT
400 AM MDT WED AUG 27 2014


...................................

...THE CUT BANK MT CLIMATE SUMMARY FOR AUGUST 26 2014...

CLIMATE NORMAL PERIOD 1981 TO 2010
CLIMATE RECORD PERIOD 1903 TO 2014


WEATHER ITEM   OBSERVED TIME   RECORD YEAR NORMAL DEPARTURE LAST
                VALUE   (LST)  VALUE       VALUE  FROM      YEAR
                                                  NORMAL
..................................................................
TEMPERATURE (F)
 YESTERDAY
  MAXIMUM         78    357 PM  95    2010  76      2       86
  MINIMUM         42    555 AM  31    1910  46     -4       55
  AVERAGE         60                        61     -1       71

PRECIPITATION (IN)
  YESTERDAY        0.00          0.68 1954   0.04  -0.04      T
  MONTH TO DATE    2.55                      0.99   1.56     1.41
  SINCE OCT 1     14.90                      9.48   5.42    13.08
  SINCE JAN 1     13.70                      8.46   5.24    10.91

SNOWFALL (IN)
  YESTERDAY       MM
  SNOW DEPTH       0

DEGREE DAYS
 HEATING
  YESTERDAY        5                         5      0        0
  MONTH TO DATE   70                        79     -9       27
  SINCE JUN 1    360                       398    -38      277
  SINCE JUL 1     87                       165    -78       68

 COOLING
  YESTERDAY        0                         1     -1        6
  MONTH TO DATE   89                        60     29       82
  SINCE JUN 1    194                       147     47      179
  SINCE JAN 1    194                       149     45      181
..................................................................


WIND (MPH)
  HIGHEST WIND SPEED    18   HIGHEST WIND DIRECTION    SW (230)
  HIGHEST GUST SPEED    22   HIGHEST GUST DIRECTION     W (250)
  AVERAGE WIND SPEED     5.9


SKY COVER
  AVERAGE SKY COVER 0.0


WEATHER CONDITIONS
 THE FOLLOWING WEATHER WAS RECORDED YESTERDAY.
  NO SIGNIFICANT WEATHER WAS OBSERVED.


RELATIVE HUMIDITY (PERCENT)
 HIGHEST    92           500 AM
 LOWEST     25           200 PM
 AVERAGE    59

..........................................................


THE CUT BANK MT CLIMATE NORMALS FOR TODAY
                         NORMAL    RECORD    YEAR
 MAXIMUM TEMPERATURE (F)   76        93      2001
                                             1971
 MINIMUM TEMPERATURE (F)   46        29      1911


SUNRISE AND SUNSET
AUGUST 27 2014........SUNRISE   640 AM MDT   SUNSET   821 PM MDT
AUGUST 28 2014........SUNRISE   641 AM MDT   SUNSET   819 PM MDT


-  INDICATES NEGATIVE NUMBERS.
R  INDICATES RECORD WAS SET OR TIED.
MM INDICATES DATA IS MISSING.
T  INDICATES TRACE AMOUNT.




$$
