000
CDUS42 KTAE 250636
CLICTY


CLIMATE REPORT
NATIONAL WEATHER SERVICE TALLAHASSEE FL
233 AM EDT THU MAY 25 2017


...................................

...THE CROSS CITY  CLIMATE SUMMARY FOR MAY 24 2017...

CLIMATE NORMAL PERIOD 1981 TO 2010
CLIMATE RECORD PERIOD 1948 TO 2017


WEATHER ITEM   OBSERVED TIME   NORMAL DEPARTURE LAST
                VALUE   (LST)  VALUE  FROM      YEAR
                                      NORMAL
......................................................
TEMPERATURE (F)
 YESTERDAY
  MAXIMUM         77    100 AM  89    -12       92
  MINIMUM         68    500 PM  64      4       59
  AVERAGE         73            77     -4

PRECIPITATION (IN)
  YESTERDAY        2.15          0.10   2.05     0.00
  MONTH TO DATE    4.64          1.75   2.89     1.70
  SINCE MAR 1      7.61          8.92  -1.31     9.67
  SINCE JAN 1     10.16         16.23  -6.07    16.43

DEGREE DAYS
 HEATING
  YESTERDAY        0             0      0
  MONTH TO DATE    0             0      0
  SINCE MAR 1    159           183    -24
  SINCE JUL 1    758          1303   -545

 COOLING
  YESTERDAY        8            12     -4
  MONTH TO DATE  228           210     18
  SINCE MAR 1    464           365     99
  SINCE JAN 1    526           392    134
......................................................


WIND (MPH)
  RESULTANT WIND SPEED   9   RESULTANT WIND DIRECTION  SW (220)
  HIGHEST WIND SPEED    MM   HIGHEST WIND DIRECTION    MM
  HIGHEST GUST SPEED    MM   HIGHEST GUST DIRECTION    MM
  AVERAGE WIND SPEED    MM



WEATHER CONDITIONS
 THE FOLLOWING WEATHER WAS RECORDED YESTERDAY.
  THUNDERSTORM
  RAIN
  LIGHT RAIN
  FOG


RELATIVE HUMIDITY (PERCENT)
 HIGHEST   100
 LOWEST     74

..........................................................




SUNRISE AND SUNSET
MAY 25 2017...........SUNRISE   635 AM EDT   SUNSET   824 PM EDT
MAY 26 2017...........SUNRISE   634 AM EDT   SUNSET   825 PM EDT


-  INDICATES NEGATIVE NUMBERS.
R  INDICATES RECORD WAS SET OR TIED.
MM INDICATES DATA IS MISSING.
T  INDICATES TRACE AMOUNT.




$$
