000
CDUS42 KTAE 260636
CLICTY


CLIMATE REPORT
NATIONAL WEATHER SERVICE TALLAHASSEE FL
236 AM EDT WED JUL 26 2017


...................................

...THE CROSS CITY  CLIMATE SUMMARY FOR JULY 25 2017...

CLIMATE NORMAL PERIOD 1981 TO 2010
CLIMATE RECORD PERIOD 1948 TO 2017


WEATHER ITEM   OBSERVED TIME   NORMAL DEPARTURE LAST
                VALUE   (LST)  VALUE  FROM      YEAR
                                      NORMAL
......................................................
TEMPERATURE (F)
 YESTERDAY
  MAXIMUM         91        MM  91      0       94
  MINIMUM         73        MM  72      1       72
  AVERAGE         82            82      0

PRECIPITATION (IN)
  YESTERDAY        0.24          0.21   0.03     0.13
  MONTH TO DATE    8.88          4.44   4.44     5.97
  SINCE JUN 1     23.11          9.53  13.58    11.05
  SINCE JAN 1     33.27         26.70   6.57    27.80

DEGREE DAYS
 HEATING
  YESTERDAY        0             0      0
  MONTH TO DATE    0             0      0
  SINCE JUN 1      0             0      0
  SINCE JUL 1      0             0      0

 COOLING
  YESTERDAY       17            17      0
  MONTH TO DATE  431           409     22
  SINCE JUN 1    873           856     17
  SINCE JAN 1   1474          1335    139
......................................................


WIND (MPH)
  RESULTANT WIND SPEED   4   RESULTANT WIND DIRECTION  SW (230)
  HIGHEST WIND SPEED    13   HIGHEST WIND DIRECTION    SW (210)
  HIGHEST GUST SPEED    18   HIGHEST GUST DIRECTION    SW (210)
  AVERAGE WIND SPEED     4.9



WEATHER CONDITIONS
 THE FOLLOWING WEATHER WAS RECORDED YESTERDAY.
  THUNDERSTORM
  LIGHT RAIN
  FOG


RELATIVE HUMIDITY (PERCENT)
 HIGHEST    97
 LOWEST     64

..........................................................




SUNRISE AND SUNSET
JULY 26 2017..........SUNRISE   649 AM EDT   SUNSET   829 PM EDT
JULY 27 2017..........SUNRISE   649 AM EDT   SUNSET   828 PM EDT


-  INDICATES NEGATIVE NUMBERS.
R  INDICATES RECORD WAS SET OR TIED.
MM INDICATES DATA IS MISSING.
T  INDICATES TRACE AMOUNT.




$$
