000
CDUS42 KTAE 110633
CLICTY


CLIMATE REPORT
NATIONAL WEATHER SERVICE TALLAHASSEE FL
131 AM EST SUN DEC 11 2016

...................................

...THE CROSS CITY  CLIMATE SUMMARY FOR DECEMBER 10 2016...

CLIMATE NORMAL PERIOD 1981 TO 2010
CLIMATE RECORD PERIOD 1948 TO 2016


WEATHER ITEM   OBSERVED TIME   NORMAL DEPARTURE LAST
                VALUE   (LST)  VALUE  FROM      YEAR
                                      NORMAL
......................................................
TEMPERATURE (F)
 YESTERDAY
  MAXIMUM         63    400 PM  68     -5       78
  MINIMUM         34    700 AM  44    -10       47
  AVERAGE         49            56     -7

PRECIPITATION (IN)
  YESTERDAY        0.00          0.08  -0.08     0.00
  MONTH TO DATE    3.09          0.92   2.17     0.26
  SINCE DEC 1      3.09          0.92   2.17     0.26
  SINCE JAN 1     62.69         46.76  15.93    65.88

DEGREE DAYS
 HEATING
  YESTERDAY       16            10      6
  MONTH TO DATE   69            88    -19
  SINCE DEC 1     69            88    -19
  SINCE JUL 1    194           256    -62

 COOLING
  YESTERDAY        0             1     -1
  MONTH TO DATE   12            10      2
  SINCE DEC 1     12            10      2
  SINCE JAN 1   3033          2612    421
......................................................


WIND (MPH)
  RESULTANT WIND SPEED   7   RESULTANT WIND DIRECTION  NE (40)
  HIGHEST WIND SPEED    14   HIGHEST WIND DIRECTION    NE (30)
  HIGHEST GUST SPEED    17   HIGHEST GUST DIRECTION    NE (40)
  AVERAGE WIND SPEED     7.0



WEATHER CONDITIONS
 THE FOLLOWING WEATHER WAS RECORDED YESTERDAY.
  NO SIGNIFICANT WEATHER WAS OBSERVED.


RELATIVE HUMIDITY (PERCENT)
 HIGHEST    82
 LOWEST     39

..........................................................



SUNRISE AND SUNSET
DECEMBER 11 2016......SUNRISE   718 AM EST   SUNSET   534 PM EST
DECEMBER 12 2016......SUNRISE   718 AM EST   SUNSET   535 PM EST


-  INDICATES NEGATIVE NUMBERS.
R  INDICATES RECORD WAS SET OR TIED.
MM INDICATES DATA IS MISSING.
T  INDICATES TRACE AMOUNT.


$$
