000
CDUS42 KTAE 210631
CLICTY


CLIMATE REPORT
NATIONAL WEATHER SERVICE TALLAHASSEE FL
130 AM EST SAT JAN 21 2017


...................................

...THE CROSS CITY  CLIMATE SUMMARY FOR JANUARY 20 2017...

CLIMATE NORMAL PERIOD 1981 TO 2010
CLIMATE RECORD PERIOD 1948 TO 2017


WEATHER ITEM   OBSERVED TIME   NORMAL DEPARTURE LAST
                VALUE   (LST)  VALUE  FROM      YEAR
                                      NORMAL
......................................................
TEMPERATURE (F)
 YESTERDAY
  MAXIMUM         79    300 PM  67     12       66
  MINIMUM         55    100 AM  41     14       24
  AVERAGE         67            54     13

PRECIPITATION (IN)
  YESTERDAY        0.00          0.14  -0.14     0.00
  MONTH TO DATE    1.29          2.62  -1.33     2.53
  SINCE DEC 1      5.16          5.14   0.02     4.79
  SINCE JAN 1      1.29          2.62  -1.33     2.53

DEGREE DAYS
 HEATING
  YESTERDAY        0            12    -12
  MONTH TO DATE  110           251   -141
  SINCE DEC 1    271           588   -317
  SINCE JUL 1    396           756   -360

 COOLING
  YESTERDAY        2             0      2
  MONTH TO DATE   19             0     19
  SINCE DEC 1     72            18     54
  SINCE JAN 1     19             0     19
......................................................


WIND (MPH)
  RESULTANT WIND SPEED   6   RESULTANT WIND DIRECTION  SW (210)
  HIGHEST WIND SPEED    17   HIGHEST WIND DIRECTION    SW (220)
  HIGHEST GUST SPEED    22   HIGHEST GUST DIRECTION    SW (220)
  AVERAGE WIND SPEED     6.4



WEATHER CONDITIONS
 THE FOLLOWING WEATHER WAS RECORDED YESTERDAY.
  FOG


RELATIVE HUMIDITY (PERCENT)
 HIGHEST   100
 LOWEST     60

..........................................................




SUNRISE AND SUNSET
JANUARY 21 2017.......SUNRISE   727 AM EST   SUNSET   601 PM EST
JANUARY 22 2017.......SUNRISE   726 AM EST   SUNSET   602 PM EST


-  INDICATES NEGATIVE NUMBERS.
R  INDICATES RECORD WAS SET OR TIED.
MM INDICATES DATA IS MISSING.
T  INDICATES TRACE AMOUNT.




$$
