000
CDUS42 KTAE 290634
CLICTY


CLIMATE REPORT
NATIONAL WEATHER SERVICE TALLAHASSEE FL
234 AM EDT WED MAR 29 2017


...................................

...THE CROSS CITY  CLIMATE SUMMARY FOR MARCH 28 2017...

CLIMATE NORMAL PERIOD 1981 TO 2010
CLIMATE RECORD PERIOD 1948 TO 2017


WEATHER ITEM   OBSERVED TIME   NORMAL DEPARTURE LAST
                VALUE   (LST)  VALUE  FROM      YEAR
                                      NORMAL
......................................................
TEMPERATURE (F)
 YESTERDAY
  MAXIMUM         84    200 PM  78      6       86
  MINIMUM         54    700 AM  51      3       62
  AVERAGE         69            64      5

PRECIPITATION (IN)
  YESTERDAY        0.00          0.15  -0.15     0.02
  MONTH TO DATE    0.86          3.83  -2.97     3.47
  SINCE MAR 1      0.86          3.83  -2.97     3.47
  SINCE JAN 1      3.41         11.14  -7.73    10.23

DEGREE DAYS
 HEATING
  YESTERDAY        0             3     -3
  MONTH TO DATE  135           127      8
  SINCE MAR 1    135           127      8
  SINCE JUL 1    734          1247   -513

 COOLING
  YESTERDAY        4             2      2
  MONTH TO DATE   49            38     11
  SINCE MAR 1     49            38     11
  SINCE JAN 1    111            65     46
......................................................


WIND (MPH)
  RESULTANT WIND SPEED   4   RESULTANT WIND DIRECTION   W (260)
  HIGHEST WIND SPEED    14   HIGHEST WIND DIRECTION     W (290)
  HIGHEST GUST SPEED    20   HIGHEST GUST DIRECTION    SW (230)
  AVERAGE WIND SPEED     4.3



WEATHER CONDITIONS
 THE FOLLOWING WEATHER WAS RECORDED YESTERDAY.
  FOG


RELATIVE HUMIDITY (PERCENT)
 HIGHEST   100
 LOWEST     42

..........................................................




SUNRISE AND SUNSET
MARCH 29 2017.........SUNRISE   725 AM EDT   SUNSET   749 PM EDT
MARCH 30 2017.........SUNRISE   724 AM EDT   SUNSET   750 PM EDT


-  INDICATES NEGATIVE NUMBERS.
R  INDICATES RECORD WAS SET OR TIED.
MM INDICATES DATA IS MISSING.
T  INDICATES TRACE AMOUNT.




$$
