000
CDUS42 KTAE 110623
CLICTY


CLIMATE REPORT
NATIONAL WEATHER SERVICE TALLAHASSEE FL
222 AM EDT FRI JUL 11 2014

...................................

...THE CROSS CITY (AWOS) CLIMATE SUMMARY FOR JULY 10 2014...

CLIMATE NORMAL PERIOD 1981 TO 2010
CLIMATE RECORD PERIOD 1948 TO 2014


WEATHER ITEM   OBSERVED TIME   NORMAL DEPARTURE LAST
                VALUE   (LST)  VALUE  FROM      YEAR
                                      NORMAL
......................................................
TEMPERATURE (F)
 YESTERDAY
  MAXIMUM         87    921 AM  91     -4
  MINIMUM         72   1055 AM  71      1
  AVERAGE         80            81     -1

PRECIPITATION (IN)
  YESTERDAY        0.72          0.19   0.53     0.08
  MONTH TO DATE    1.72          1.66   0.06     9.23
  SINCE JUN 1      5.49          6.75  -1.26    18.58
  SINCE JAN 1     30.99         23.92   7.07    31.12

DEGREE DAYS
 HEATING
  YESTERDAY        0             0      0
  MONTH TO DATE    0             0      0
  SINCE JUN 1      0             0      0
  SINCE JUL 1      0             0      0

 COOLING
  YESTERDAY       15            16     -1
  MONTH TO DATE  171           160     11
  SINCE JUN 1    650           607     43
  SINCE JAN 1   1142          1086     56
......................................................


WIND (MPH)
  RESULTANT WIND SPEED   1   RESULTANT WIND DIRECTION   W (250)
  HIGHEST WIND SPEED    23   HIGHEST WIND DIRECTION    NW (310)
  HIGHEST GUST SPEED    29   HIGHEST GUST DIRECTION    NW (310)
  AVERAGE WIND SPEED     2.2



WEATHER CONDITIONS
 THE FOLLOWING WEATHER WAS RECORDED YESTERDAY.
  NO SIGNIFICANT WEATHER WAS OBSERVED.


RELATIVE HUMIDITY (PERCENT)
 HIGHEST   100
 LOWEST     65

..........................................................



SUNRISE AND SUNSET
JULY 11 2014..........SUNRISE   640 AM EDT   SUNSET   835 PM EDT
JULY 12 2014..........SUNRISE   641 AM EDT   SUNSET   835 PM EDT


-  INDICATES NEGATIVE NUMBERS.
R  INDICATES RECORD WAS SET OR TIED.
MM INDICATES DATA IS MISSING.
T  INDICATES TRACE AMOUNT.

$$
