000
CDUS42 KTAE 220633
CLICTY


CLIMATE REPORT
NATIONAL WEATHER SERVICE TALLAHASSEE FL
132 AM EST THU FEB 22 2018


...................................

...THE CROSS CITY  CLIMATE SUMMARY FOR FEBRUARY 21 2018...

CLIMATE NORMAL PERIOD 1981 TO 2010
CLIMATE RECORD PERIOD 1948 TO 2018


WEATHER ITEM   OBSERVED TIME   NORMAL DEPARTURE LAST
                VALUE   (LST)  VALUE  FROM      YEAR
                                      NORMAL
......................................................
TEMPERATURE (F)
 YESTERDAY
  MAXIMUM         88    335 PM  72     16       79
  MINIMUM         63    555 AM  44     19       55
  AVERAGE         76            58     18

PRECIPITATION (IN)
  YESTERDAY        0.00          0.13  -0.13     0.00
  MONTH TO DATE    2.83          2.17   0.66     1.00
  SINCE DEC 1     10.86          8.73   2.13     6.30
  SINCE JAN 1      7.61          6.21   1.40     2.43

DEGREE DAYS
 HEATING
  YESTERDAY        0             8     -8
  MONTH TO DATE   48           191   -143
  SINCE DEC 1    796           901   -105
  SINCE JUL 1    949          1069   -120

 COOLING
  YESTERDAY       11             1     10
  MONTH TO DATE   69            15     54
  SINCE DEC 1    106            44     62
  SINCE JAN 1     79            26     53
......................................................


WIND (MPH)
  RESULTANT WIND SPEED   3   RESULTANT WIND DIRECTION   E (110)
  HIGHEST WIND SPEED     9   HIGHEST WIND DIRECTION     S (190)
  HIGHEST GUST SPEED    MM   HIGHEST GUST DIRECTION    MM
  AVERAGE WIND SPEED     4.4



WEATHER CONDITIONS
 THE FOLLOWING WEATHER WAS RECORDED YESTERDAY.
  FOG


RELATIVE HUMIDITY (PERCENT)
 HIGHEST   100
 LOWEST     45

..........................................................




SUNRISE AND SUNSET
FEBRUARY 22 2018......SUNRISE   705 AM EST   SUNSET   627 PM EST
FEBRUARY 23 2018......SUNRISE   704 AM EST   SUNSET   628 PM EST


-  INDICATES NEGATIVE NUMBERS.
R  INDICATES RECORD WAS SET OR TIED.
MM INDICATES DATA IS MISSING.
T  INDICATES TRACE AMOUNT.




$$
