000
CDUS42 KTAE 210633
CLICTY


CLIMATE REPORT
NATIONAL WEATHER SERVICE TALLAHASSEE FL
133 AM EST SUN DEC 21 2014


...................................

...THE CROSS CITY (AWOS) CLIMATE SUMMARY FOR DECEMBER 20 2014...

CLIMATE NORMAL PERIOD 1981 TO 2010
CLIMATE RECORD PERIOD 1948 TO 2014


WEATHER ITEM   OBSERVED TIME   NORMAL DEPARTURE LAST
                VALUE   (LST)  VALUE  FROM      YEAR
                                      NORMAL
......................................................
TEMPERATURE (F)
 YESTERDAY
  MAXIMUM         75    355 PM  66      9
  MINIMUM         44    313 AM  42      2
  AVERAGE         60            54      6

PRECIPITATION (IN)
  YESTERDAY        0.00          0.07  -0.07     0.00
  MONTH TO DATE    0.05          1.74  -1.69     1.63
  SINCE DEC 1      0.05          1.74  -1.69     1.63
  SINCE JAN 1     57.01         47.58   9.43    63.10

DEGREE DAYS
 HEATING
  YESTERDAY        5            12     -7
  MONTH TO DATE  168           199    -31
  SINCE DEC 1    168           199    -31
  SINCE JUL 1    453           367     86

 COOLING
  YESTERDAY        0             0      0
  MONTH TO DATE   19            14      5
  SINCE DEC 1     19            14      5
  SINCE JAN 1   2729          2616    113
......................................................


WIND (MPH)
  RESULTANT WIND SPEED   3   RESULTANT WIND DIRECTION  NE (60)
  HIGHEST WIND SPEED     8   HIGHEST WIND DIRECTION     E (100)
  HIGHEST GUST SPEED    10   HIGHEST GUST DIRECTION     E (70)
  AVERAGE WIND SPEED     3.0



WEATHER CONDITIONS
 THE FOLLOWING WEATHER WAS RECORDED YESTERDAY.
  NO SIGNIFICANT WEATHER WAS OBSERVED.


RELATIVE HUMIDITY (PERCENT)
 HIGHEST    87
 LOWEST     46

..........................................................




SUNRISE AND SUNSET
DECEMBER 21 2014......SUNRISE   723 AM EST   SUNSET   538 PM EST
DECEMBER 22 2014......SUNRISE   724 AM EST   SUNSET   538 PM EST


-  INDICATES NEGATIVE NUMBERS.
R  INDICATES RECORD WAS SET OR TIED.
MM INDICATES DATA IS MISSING.
T  INDICATES TRACE AMOUNT.




$$
